000
CXUS54 KLCH 010824
CLMBPT


CLIMATE REPORT
NATIONAL WEATHER SERVICE LAKE CHARLES, LA
323 AM CDT SAT NOV 1 2014

...................................

...THE BEAUMONT PORT ARTHUR CLIMATE SUMMARY FOR THE MONTH OF OCTOBER 2014...

CLIMATE NORMAL PERIOD 1981 TO 2010
CLIMATE RECORD PERIOD 1901 TO 2014

WEATHER         OBSERVED          NORMAL  DEPART  LAST YEAR`S
                 VALUE   DATE(S)  VALUE   FROM    VALUE  DATE(S)
                                          NORMAL
................................................................
TEMPERATURE (F)
RECORD
 HIGH              99   10/02/1905
 LOW               30   10/31/1993
HIGHEST            92   10/01        MM      MM       MM  MM
LOWEST             51   10/26        MM      MM       MM  MM
                        10/24
                        10/15
AVG. MAXIMUM     84.5              80.6     3.9       MM
AVG. MINIMUM     61.3              60.5     0.8       MM
MEAN             72.9              70.6     2.3       MM
DAYS MAX >= 90      3               0.8     2.2       MM
DAYS MAX <= 32      0               0.0     0.0       MM
DAYS MIN <= 32      0               0.0     0.0       MM
DAYS MIN <= 0       0               0.0     0.0       MM

PRECIPITATION (INCHES)
RECORD
 MAXIMUM        15.09   1970
 MINIMUM         0.00   1978
                        1963
                        1952
TOTALS           2.19              5.58   -3.39       MM
DAILY AVG.       0.07              0.18   -0.11       MM
DAYS >= .01         8               7.5     0.5       MM
DAYS >= .10         3               5.2    -2.2       MM
DAYS >= .50         2               2.9    -0.9       MM
DAYS >= 1.00        0               1.9    -1.9       MM
GREATEST
 24 HR. TOTAL    1.00   10/02 TO 10/03

SNOWFALL (INCHES)
RECORDS
 TOTAL            0.0   5
                        0
                        -26215
TOTALS            0.0               0.0     0.0       MM
SINCE 7/1         0.0               0.0     0.0       MM
SNOWDEPTH AVG.      0                MM      MM       MM
DAYS >= 1.0         0               0.0     0.0       MM
GREATEST
 SNOW DEPTH         0   MM                            MM  MM
 24 HR TOTAL      0.0   10/31 TO 10/31

DEGREE_DAYS
HEATING TOTAL       0                33     -33       MM
 SINCE 7/1          0                34     -34       MM
COOLING TOTAL     254               205      49       MM
 SINCE 1/1       2877              2791      86       MM
.................................................................

WIND (MPH)
AVERAGE WIND SPEED              6.8
HIGHEST WIND SPEED/DIRECTION    36/190    DATE  10/13
HIGHEST GUST SPEED/DIRECTION    50/260    DATE  10/13

SKY COVER
POSSIBLE SUNSHINE (PERCENT)   MM
AVERAGE SKY COVER           0.20
NUMBER OF DAYS FAIR           25
NUMBER OF DAYS PC              6
NUMBER OF DAYS CLOUDY          0

AVERAGE RH (PERCENT)     71

WEATHER CONDITIONS. NUMBER OF DAYS WITH
THUNDERSTORM              0     MIXED PRECIP               0
HEAVY RAIN                4     RAIN                       4
LIGHT RAIN                9     FREEZING RAIN              0
LT FREEZING RAIN          0     HAIL                       0
HEAVY SNOW                0     SNOW                       0
LIGHT SNOW                0     SLEET                      0
FOG                      19     FOG W/VIS <= 1/4 MILE      3
HAZE                      4

-  INDICATES NEGATIVE NUMBERS.
R  INDICATES RECORD WAS SET OR TIED.
MM INDICATES DATA IS MISSING.
T  INDICATES TRACE AMOUNT.

$$
