000
CXUS54 KLCH 011948
CLMBPT


CLIMATE REPORT
NATIONAL WEATHER SERVICE LAKE CHARLES, LA
148 PM CST WED FEB 1 2017

...................................

...THE BEAUMONT PORT ARTHUR CLIMATE SUMMARY FOR THE MONTH OF JANUARY 2017...

CLIMATE NORMAL PERIOD 1981 TO 2010
CLIMATE RECORD PERIOD 1901 TO 2017

WEATHER         OBSERVED          NORMAL  DEPART  LAST YEAR`S
                 VALUE   DATE(S)  VALUE   FROM    VALUE  DATE(S)
                                          NORMAL
................................................................
TEMPERATURE (F)
RECORD
 HIGH              86   01/02/1917
 LOW               11   01/18/1930
HIGHEST            82   01/20        MM      MM       78  01/31
                        01/16                             01/21
LOWEST             25   01/07        MM      MM       30  01/28
AVG. MAXIMUM     70.5              62.1     8.4     63.8
AVG. MINIMUM     51.1              43.2     7.9     42.1
MEAN             60.8              52.7     8.1     53.0
DAYS MAX >= 90      0               0.0     0.0        0
DAYS MAX <= 32      0               0.0     0.0        0
DAYS MIN <= 32      3               3.6    -0.6        2
DAYS MIN <= 0       0               0.0     0.0        0

PRECIPITATION (INCHES)
RECORD
 MAXIMUM        14.87   1991
 MINIMUM         0.60   1971
TOTALS           0.94              5.26   -4.32     3.99
DAILY AVG.       0.03              0.17   -0.14     0.13
DAYS >= .01         4               9.5    -5.5       11
DAYS >= .10         2               6.7    -4.7        8
DAYS >= .50         1               3.4    -2.4        3
DAYS >= 1.00        0               1.4    -1.4        1
GREATEST
 24 HR. TOTAL    3.50   12/31 TO 01/01

SNOWFALL (INCHES)
RECORDS
 TOTAL             MM   5
TOTALS            0.0                 T     0.0      0.0
SINCE 7/1         0.0                 T     0.0      0.0
SNOWDEPTH AVG.      0                MM      MM        0
DAYS >= 1.0         0               0.0     0.0        0
GREATEST
 SNOW DEPTH         0   MM                             0  MM
 24 HR TOTAL      0.0   01/31 TO 01/31

DEGREE_DAYS
HEATING TOTAL     199               393    -194      371
 SINCE 7/1        490               943    -453      620
.................................................................

WIND (MPH)
AVERAGE WIND SPEED              9.8
HIGHEST WIND SPEED/DIRECTION    33/310    DATE  01/22
HIGHEST GUST SPEED/DIRECTION    44/310    DATE  01/22

SKY COVER
POSSIBLE SUNSHINE (PERCENT)   MM
AVERAGE SKY COVER           0.50
NUMBER OF DAYS FAIR           12
NUMBER OF DAYS PC              7
NUMBER OF DAYS CLOUDY         12

AVERAGE RH (PERCENT)     71

WEATHER CONDITIONS. NUMBER OF DAYS WITH
THUNDERSTORM              0     MIXED PRECIP               0
HEAVY RAIN                2     RAIN                       0
LIGHT RAIN                6     FREEZING RAIN              0
LT FREEZING RAIN          0     HAIL                       0
HEAVY SNOW                0     SNOW                       0
LIGHT SNOW                0     SLEET                      0
FOG                      19     FOG W/VIS <= 1/4 MILE      8
HAZE                      6

-  INDICATES NEGATIVE NUMBERS.
R  INDICATES RECORD WAS SET OR TIED.
MM INDICATES DATA IS MISSING.
T  INDICATES TRACE AMOUNT.

$$
