904
CXUS53 KDVN 051622 CCA
CLMBRL

CLIMATE REPORT...CORRECTION
NATIONAL WEATHER SERVICE QUAD CITIES IA IL
1022 AM CST FRI JAN 5 2018

...CORRECTED PRECIPITAION SECTION...

...................................

...THE BURLINGTON IA CLIMATE SUMMARY FOR THE MONTH OF DECEMBER 2017...

CLIMATE NORMAL PERIOD 1981 TO 2010
CLIMATE RECORD PERIOD 1897 TO 2017

WEATHER         OBSERVED          NORMAL  DEPART
                 VALUE   DATE(S)  VALUE   FROM
                                          NORMAL
................................................
TEMPERATURE (F)
RECORD
 HIGH              73   12/04/1998
 LOW              -22   12/23/1989
HIGHEST            67   12/04        43      24
LOWEST            -12   12/31        18     -30
AVG. MAXIMUM     36.3              37.2    -0.9
AVG. MINIMUM     19.2              21.0    -1.8
MEAN             27.7              29.1    -1.4
DAYS MAX >= 90      0
DAYS MAX <= 32     12
DAYS MIN <= 32     26
DAYS MIN <= 0       4

PRECIPITATION (INCHES)
TOTALS           0.33              2.09   -1.76
DAILY AVG.       0.01              0.07   -0.06
DAYS >= .01         7
DAYS >= .10         1
DAYS >= .50         0
DAYS >= 1.00        0
GREATEST
 24 HR. TOTAL    0.21   12/24 TO 12/24

DEGREE_DAYS
HEATING TOTAL    1147              1113      34
 SINCE 7/1       2198              2186      12
COOLING TOTAL       0                 0       0
 SINCE 1/1       1068              1207    -139
.................................................

WIND (MPH)
AVERAGE WIND SPEED              9.3
HIGHEST WIND SPEED/DIRECTION    31/300    DATE  12/13
HIGHEST GUST SPEED/DIRECTION    51/290    DATE  12/13

SKY COVER
POSSIBLE SUNSHINE (PERCENT)   MM
AVERAGE SKY COVER           0.40
NUMBER OF DAYS FAIR           15
NUMBER OF DAYS PC              8
NUMBER OF DAYS CLOUDY          8

AVERAGE RH (PERCENT)     67

WEATHER CONDITIONS. NUMBER OF DAYS WITH
THUNDERSTORM              1     HAIL                       0
SLEET                     0     FOG                       12
FOG W/VIS <= 1/4 MILE     0     HAZE                      20

-  INDICATES NEGATIVE NUMBERS.
R  INDICATES RECORD WAS SET OR TIED.
MM INDICATES DATA IS MISSING.
T  INDICATES TRACE AMOUNT.

$$

NOTE: SUPPLEMENTAL CLIMATE DATA WAS USED FROM A NEARBY
CLIMATOLOGICALLY REPRESENTATIVE STATION.
