368
CXUS53 KDVN 011521
CLMBRL


CLIMATE REPORT
NATIONAL WEATHER SERVICE QUAD CITIES IA IL
1019 AM CDT SAT JUL 1 2017

...................................

...THE BURLINGTON IA CLIMATE SUMMARY FOR THE MONTH OF JUNE 2017...

CLIMATE NORMAL PERIOD 1981 TO 2010
CLIMATE RECORD PERIOD 1897 TO 2017

WEATHER         OBSERVED          NORMAL  DEPART
                 VALUE   DATE(S)  VALUE   FROM
                                          NORMAL
................................................
TEMPERATURE (F)
RECORD
 HIGH             105   06/29/1934
                        06/27/1934
 LOW               39   06/08/1913
HIGHEST            93   06/13        87       6
LOWEST             47   06/27        58     -11
AVG. MAXIMUM     84.7              83.6     1.1
AVG. MINIMUM     62.3              62.9    -0.6
MEAN             73.5              73.3     0.2
DAYS MAX >= 90      7
DAYS MAX <= 32      0
DAYS MIN <= 32      0
DAYS MIN <= 0       0

PRECIPITATION (INCHES)
TOTALS           1.11              4.47   -3.36
DAILY AVG.       0.04              0.15   -0.11
DAYS >= .01        10
DAYS >= .10         5
DAYS >= .50         0
DAYS >= 1.00        0
GREATEST
 24 HR. TOTAL    0.33   06/16 TO 06/17

DEGREE_DAYS
HEATING TOTAL       8                13      -5
 SINCE 7/1       4815              5600    -785
COOLING TOTAL     271               260      11
 SINCE 1/1        347               363     -16
.................................................

WIND (MPH)
AVERAGE WIND SPEED              8.6
HIGHEST WIND SPEED/DIRECTION    40/200    DATE  06/28
HIGHEST GUST SPEED/DIRECTION    51/190    DATE  06/28

SKY COVER
POSSIBLE SUNSHINE (PERCENT)   MM
AVERAGE SKY COVER           0.10
NUMBER OF DAYS FAIR           26
NUMBER OF DAYS PC              2
NUMBER OF DAYS CLOUDY          0

AVERAGE RH (PERCENT)     66

WEATHER CONDITIONS. NUMBER OF DAYS WITH
THUNDERSTORM              9     HAIL                       0
SLEET                     0     FOG                       11
FOG W/VIS <= 1/4 MILE     1     HAZE                      15

-  INDICATES NEGATIVE NUMBERS.
R  INDICATES RECORD WAS SET OR TIED.
MM INDICATES DATA IS MISSING.
T  INDICATES TRACE AMOUNT.

$$
