000
CXUS53 KDVN 010945
CLMBRL


CLIMATE REPORT
NATIONAL WEATHER SERVICE QUAD CITIES IA IL
440 AM CDT FRI SEP 1 2017

...................................

...THE BURLINGTON IA CLIMATE SUMMARY FOR THE MONTH OF AUGUST 2017...

CLIMATE NORMAL PERIOD 1981 TO 2010
CLIMATE RECORD PERIOD 1897 TO 2017

WEATHER         OBSERVED          NORMAL  DEPART
                 VALUE   DATE(S)  VALUE   FROM
                                          NORMAL
................................................
TEMPERATURE (F)
RECORD
 HIGH             110   08/08/1934
 LOW               41   08/20/1950
HIGHEST            88   08/10        86       2
                        08/02
LOWEST             52   08/04        63     -11
AVG. MAXIMUM     80.3              85.0    -4.7
AVG. MINIMUM     59.4              65.1    -5.7
MEAN             69.8              75.1    -5.3
DAYS MAX >= 90      0
DAYS MAX <= 32      0
DAYS MIN <= 32      0
DAYS MIN <= 0       0

PRECIPITATION (INCHES)
TOTALS           4.56              4.27    0.29
DAILY AVG.       0.15              0.14    0.01
DAYS >= .01         9
DAYS >= .10         7
DAYS >= .50         4
DAYS >= 1.00        1
GREATEST
 24 HR. TOTAL    2.20   08/27 TO 08/28

DEGREE_DAYS
HEATING TOTAL       0                 3      -3
 SINCE 7/1          0                 4      -4
COOLING TOTAL     157               314    -157
 SINCE 1/1        874              1043    -169
.................................................

WIND (MPH)
AVERAGE WIND SPEED              5.7
HIGHEST WIND SPEED/DIRECTION    30/340    DATE  08/10
HIGHEST GUST SPEED/DIRECTION    39/320    DATE  08/10

SKY COVER
POSSIBLE SUNSHINE (PERCENT)   MM
AVERAGE SKY COVER           0.20
NUMBER OF DAYS FAIR           24
NUMBER OF DAYS PC              5
NUMBER OF DAYS CLOUDY          2

AVERAGE RH (PERCENT)     77

WEATHER CONDITIONS. NUMBER OF DAYS WITH
THUNDERSTORM              7     HAIL                       0
SLEET                     0     FOG                       19
FOG W/VIS <= 1/4 MILE     5     HAZE                       3

-  INDICATES NEGATIVE NUMBERS.
R  INDICATES RECORD WAS SET OR TIED.
MM INDICATES DATA IS MISSING.
T  INDICATES TRACE AMOUNT.

$$
