000
CXUS53 KDVN 011228 CCA
CLMBRL

CLIMATE REPORT
NATIONAL WEATHER SERVICE QUAD CITIES IA IL
728 AM CDT TUE SEP 1 2015

...CORRECTED THUNDERSTORM DAYS...

...................................

...THE BURLINGTON IA CLIMATE SUMMARY FOR THE MONTH OF AUGUST 2015...

CLIMATE NORMAL PERIOD 1981 TO 2010
CLIMATE RECORD PERIOD 1897 TO 2015

WEATHER         OBSERVED          NORMAL  DEPART
                 VALUE   DATE(S)  VALUE   FROM
                                          NORMAL
................................................
TEMPERATURE (F)
RECORD
 HIGH             110   08/08/1934
 LOW               41   08/20/1950
HIGHEST            90   08/02        86       4
LOWEST             51   08/26        63     -12
AVG. MAXIMUM     81.5              85.0    -3.5
AVG. MINIMUM     62.2              65.1    -2.9
MEAN             71.9              75.1    -3.2
DAYS MAX >= 90      1
DAYS MAX <= 32      0
DAYS MIN <= 32      0
DAYS MIN <= 0       0

PRECIPITATION (INCHES)
TOTALS           3.47              4.27   -0.80
DAILY AVG.       0.11              0.14   -0.03
DAYS >= .01         4
DAYS >= .10         2
DAYS >= .50         1
DAYS >= 1.00        1
GREATEST
 24 HR. TOTAL    3.02   08/09 TO 08/09

DEGREE_DAYS
HEATING TOTAL       3                 3       0
 SINCE 7/1          7                 4       3
COOLING TOTAL     223               314     -91
 SINCE 1/1        852              1043    -191
.................................................

WIND (MPH)
AVERAGE WIND SPEED              6.0
HIGHEST WIND SPEED/DIRECTION    21/180    DATE  08/22
HIGHEST GUST SPEED/DIRECTION    28/280    DATE  08/24

SKY COVER
POSSIBLE SUNSHINE (PERCENT)   MM
AVERAGE SKY COVER           0.20
NUMBER OF DAYS FAIR           24
NUMBER OF DAYS PC              5
NUMBER OF DAYS CLOUDY          2

AVERAGE RH (PERCENT)     77

WEATHER CONDITIONS. NUMBER OF DAYS WITH
THUNDERSTORM              4     HAIL                       0
SLEET                     0     FOG                       17
FOG W/VIS <= 1/4 MILE     4     HAZE                      17

-  INDICATES NEGATIVE NUMBERS.
R  INDICATES RECORD WAS SET OR TIED.
MM INDICATES DATA IS MISSING.
T  INDICATES TRACE AMOUNT.

$$

===================================================================

NOTE: SUPPLEMENTAL CLIMATE DATA WAS USED FROM A NEARBY
CLIMATOLOGICALLY REPRESENTATIVE STATION.

===================================================================

PARAMETER    DATE
---------   -----
   WTR      08/09
   WTR      08/18

===================================================================
