925
CXUS53 KDVN 011640
CLMBRL


CLIMATE REPORT
NATIONAL WEATHER SERVICE QUAD CITIES IA IL
1040 AM CST THU DEC 1 2016

...................................

...THE BURLINGTON IA CLIMATE SUMMARY FOR THE MONTH OF NOVEMBER 2016...

CLIMATE NORMAL PERIOD 1981 TO 2010
CLIMATE RECORD PERIOD 1897 TO 2016

WEATHER         OBSERVED          NORMAL  DEPART
                 VALUE   DATE(S)  VALUE   FROM
                                          NORMAL
................................................
TEMPERATURE (F)
RECORD
 HIGH              86   11/17/1899
 LOW               -2   11/08/1991
                        11/26/1977
                        11/29/1976
HIGHEST            76   11/01        59      17
LOWEST             21   11/20        26      -5
AVG. MAXIMUM     56.8              51.5     5.3
AVG. MINIMUM     38.3              33.3     5.0
MEAN             47.5              42.4     5.1
DAYS MAX >= 90      0
DAYS MAX <= 32      0
DAYS MIN <= 32      8
DAYS MIN <= 0       0

PRECIPITATION (INCHES)
TOTALS           1.75              2.50   -0.75
DAILY AVG.       0.06              0.08   -0.02
DAYS >= .01         6
DAYS >= .10         2
DAYS >= .50         1
DAYS >= 1.00        1
GREATEST
 24 HR. TOTAL    1.33   11/02 TO 11/02

DEGREE_DAYS
HEATING TOTAL     519               679    -160
 SINCE 7/1        756              1073    -317
COOLING TOTAL       4                 1       3
 SINCE 1/1       1276              1207      69
.................................................

WIND (MPH)
AVERAGE WIND SPEED              8.7
HIGHEST WIND SPEED/DIRECTION    30/220    DATE  11/18
HIGHEST GUST SPEED/DIRECTION    43/250    DATE  11/18

SKY COVER
POSSIBLE SUNSHINE (PERCENT)   MM
AVERAGE SKY COVER           0.30
NUMBER OF DAYS FAIR           18
NUMBER OF DAYS PC              5
NUMBER OF DAYS CLOUDY          7

AVERAGE RH (PERCENT)     73

WEATHER CONDITIONS. NUMBER OF DAYS WITH
THUNDERSTORM              1     HAIL                       0
SLEET                     0     FOG                       14
FOG W/VIS <= 1/4 MILE     3     HAZE                       7

-  INDICATES NEGATIVE NUMBERS.
R  INDICATES RECORD WAS SET OR TIED.
MM INDICATES DATA IS MISSING.
T  INDICATES TRACE AMOUNT.

$$
