000
CXUS53 KDVN 011138
CLMBRL


CLIMATE REPORT
NATIONAL WEATHER SERVICE QUAD CITIES IA IL
529 AM CST THU JAN 1 2015

...................................

...THE BURLINGTON IA CLIMATE SUMMARY FOR THE MONTH OF DECEMBER 2014...

CLIMATE NORMAL PERIOD 1981 TO 2010
CLIMATE RECORD PERIOD 1897 TO 2014

WEATHER         OBSERVED          NORMAL  DEPART
                 VALUE   DATE(S)  VALUE   FROM
                                          NORMAL
................................................
TEMPERATURE (F)
RECORD
 HIGH              73   12/04/1998
 LOW              -22   12/23/1989
HIGHEST            54   12/26        43      11
                        12/14
LOWEST              3   12/31        18     -15
AVG. MAXIMUM     38.2              37.2     1.0
AVG. MINIMUM     27.0              21.0     6.0
MEAN             32.6              29.1     3.5
DAYS MAX >= 90      0
DAYS MAX <= 32      6
DAYS MIN <= 32     24
DAYS MIN <= 0       0

PRECIPITATION (INCHES)
TOTALS           0.66              2.09   -1.43
DAILY AVG.       0.02              0.07   -0.05
DAYS >= .01         5
DAYS >= .10         2
DAYS >= .50         0
DAYS >= 1.00        0
GREATEST
 24 HR. TOTAL    0.43   12/22 TO 12/22
                        12/22 TO 12/23

DEGREE_DAYS
HEATING TOTAL     994              1113    -119
 SINCE 7/1       2371              2186     185
COOLING TOTAL       0                 0       0
 SINCE 1/1        940              1207    -267
.................................................

WIND (MPH)
AVERAGE WIND SPEED              8.0
HIGHEST WIND SPEED/DIRECTION    25/270    DATE  12/27
HIGHEST GUST SPEED/DIRECTION    38/290    DATE  12/16

SKY COVER
POSSIBLE SUNSHINE (PERCENT)   MM
AVERAGE SKY COVER           0.70
NUMBER OF DAYS FAIR            8
NUMBER OF DAYS PC              7
NUMBER OF DAYS CLOUDY         16

AVERAGE RH (PERCENT)     80

WEATHER CONDITIONS. NUMBER OF DAYS WITH
THUNDERSTORM              0     HAIL                       0
SLEET                     0     FOG                       17
FOG W/VIS <= 1/4 MILE     4     HAZE                       6

-  INDICATES NEGATIVE NUMBERS.
R  INDICATES RECORD WAS SET OR TIED.
MM INDICATES DATA IS MISSING.
T  INDICATES TRACE AMOUNT.

$$
