000
CXUS53 KDVN 011523
CLMBRL


CLIMATE REPORT
NATIONAL WEATHER SERVICE QUAD CITIES IA IL
1010 AM CDT MON MAY 1 2017

...................................

...THE BURLINGTON IA CLIMATE SUMMARY FOR THE MONTH OF APRIL 2017...

CLIMATE NORMAL PERIOD 1981 TO 2010
CLIMATE RECORD PERIOD 1897 TO 2017

WEATHER         OBSERVED          NORMAL  DEPART
                 VALUE   DATE(S)  VALUE   FROM
                                          NORMAL
................................................
TEMPERATURE (F)
RECORD
 HIGH              93   04/10/1930
 LOW               11   04/06/1982
HIGHEST            81   04/19        70      11
                        04/15
LOWEST             31   04/01        38      -7
AVG. MAXIMUM     65.7              64.8     0.9
AVG. MINIMUM     46.0              42.7     3.3
MEAN             55.9              53.8     2.1
DAYS MAX >= 90      0
DAYS MAX <= 32      0
DAYS MIN <= 32      1
DAYS MIN <= 0       0

PRECIPITATION (INCHES)
TOTALS           5.99              3.76    2.23
DAILY AVG.       0.20              0.13    0.07
DAYS >= .01        15
DAYS >= .10        12
DAYS >= .50         4
DAYS >= 1.00        1
GREATEST
 24 HR. TOTAL    1.49   04/29 TO 04/30

DEGREE_DAYS
HEATING TOTAL     287               356     -69
 SINCE 7/1       4672              5462    -790
COOLING TOTAL      20                18       2
 SINCE 1/1         20                20       0
.................................................

WIND (MPH)
AVERAGE WIND SPEED              10.2
HIGHEST WIND SPEED/DIRECTION    32/040    DATE  04/29
HIGHEST GUST SPEED/DIRECTION    43/030    DATE  04/29

SKY COVER
POSSIBLE SUNSHINE (PERCENT)   MM
AVERAGE SKY COVER           0.40
NUMBER OF DAYS FAIR           17
NUMBER OF DAYS PC              4
NUMBER OF DAYS CLOUDY          9

AVERAGE RH (PERCENT)     69

WEATHER CONDITIONS. NUMBER OF DAYS WITH
THUNDERSTORM              7     HAIL                       0
SLEET                     0     FOG                       13
FOG W/VIS <= 1/4 MILE     0     HAZE                       5

-  INDICATES NEGATIVE NUMBERS.
R  INDICATES RECORD WAS SET OR TIED.
MM INDICATES DATA IS MISSING.
T  INDICATES TRACE AMOUNT.

$$
