000
CXUS44 KBRO 011717
CLMBRO


CLIMATE REPORT
NATIONAL WEATHER SERVICE BROWNSVILLE TX
1212 PM CDT FRI JUL 1 2016

...................................

...THE BROWNSVILLE CLIMATE SUMMARY FOR THE MONTH OF JUNE 2016...

CLIMATE NORMAL PERIOD 1981 TO 2010
CLIMATE RECORD PERIOD 1878 TO 2016

WEATHER         OBSERVED          NORMAL  DEPART  LAST YEAR`S
                 VALUE   DATE(S)  VALUE   FROM    VALUE  DATE(S)
                                          NORMAL
................................................................
TEMPERATURE (F)
HIGHEST            97   06/30        95       2       97  06/16
LOWEST             68   06/04        68       0       69  06/01
                        06/03
AVG. MAXIMUM     91.9              92.1    -0.2     91.5
AVG. MINIMUM     75.3              75.7    -0.4     76.4
MEAN             83.6              83.9    -0.3     84.0
DAYS MAX >= 90     22              24.4    -2.4       25
DAYS MAX <= 32      0               0.0     0.0        0
DAYS MIN <= 32      0               0.0     0.0        0
DAYS MIN <= 0       0               0.0     0.0        0

PRECIPITATION (INCHES)
TOTALS           2.98              2.57    0.41     0.76
DAILY AVG.       0.10              0.09    0.01     0.03
DAYS >= .01         9               5.9     3.1        6
DAYS >= .10         6               3.6     2.4        2
DAYS >= .50         3               1.4     1.6        0
DAYS >= 1.00        0               0.6    -0.6        0
GREATEST
 24 HR. TOTAL    0.84   06/01 TO 06/02
DEGREE_DAYS
HEATING TOTAL       0                 0       0        0
 SINCE 7/1        374               554    -180      690
COOLING TOTAL     565               567      -2      573
 SINCE 1/1       1725              1660      65     1635
.................................................................

WIND (MPH)
AVERAGE WIND SPEED              9.0
HIGHEST WIND SPEED/DIRECTION    35/280    DATE  06/01
HIGHEST GUST SPEED/DIRECTION    40/280    DATE  06/01

SKY COVER
POSSIBLE SUNSHINE (PERCENT)   MM
AVERAGE SKY COVER           0.20
NUMBER OF DAYS FAIR           27
NUMBER OF DAYS PC              3
NUMBER OF DAYS CLOUDY          0

AVERAGE RH (PERCENT)     77

WEATHER CONDITIONS. NUMBER OF DAYS WITH
THUNDERSTORM              0     MIXED PRECIP               0
HEAVY RAIN                5     RAIN                       2
LIGHT RAIN                9     FREEZING RAIN              0
LT FREEZING RAIN          0     HAIL                       0
HEAVY SNOW                0     SNOW                       0
LIGHT SNOW                0     SLEET                      0
FOG                       9     FOG W/VIS <= 1/4 MILE      0
HAZE                      0

-  INDICATES NEGATIVE NUMBERS.
R  INDICATES RECORD WAS SET OR TIED.
MM INDICATES DATA IS MISSING.
T  INDICATES TRACE AMOUNT.

$$
