831
CXUS53 KGRR 011218 RRA
CLMBTL

CLIMATE REPORT
NATIONAL WEATHER SERVICE GRAND RAPIDS, MI
818 AM EDT SUN MAY 1 2016

...................................

...THE BATTLE CREEK MI CLIMATE SUMMARY FOR THE MONTH OF APRIL 2016...

CLIMATE NORMAL PERIOD 1981 TO 2010
CLIMATE RECORD PERIOD 1998 TO 2016

WEATHER         OBSERVED          NORMAL  DEPART  LAST YEAR`S
                 VALUE   DATE(S)  VALUE   FROM    VALUE  DATE(S)
                                          NORMAL
................................................................
TEMPERATURE (F)
HIGHEST            82   04/18        MM      MM       77  04/17
LOWEST             19   04/05        MM      MM       22  04/04
AVG. MAXIMUM     57.3              60.1    -2.8     60.3
AVG. MINIMUM     36.7              36.1     0.6     37.2
MEAN             47.0              48.1    -1.1     48.7
DAYS MAX >= 90      0               0.0     0.0        0
DAYS MAX <= 32      0               0.3    -0.3        0
DAYS MIN <= 32     11              10.4     0.6        7
DAYS MIN <= 0       0               0.0     0.0        0

PRECIPITATION (INCHES)
TOTALS           2.50              2.80   -0.30     1.80
DAILY AVG.       0.08              0.09   -0.01     0.06
DAYS >= .01        12              11.3     0.7       10
DAYS >= .10         8               6.3     1.7        6
DAYS >= .50         1               1.7    -0.7        1
DAYS >= 1.00        0               0.5    -0.5        0
GREATEST
 24 HR. TOTAL    0.65   04/05 TO 04/06
                        04/06 TO 04/06
                        04/06 TO 04/07

DEGREE_DAYS
HEATING TOTAL     532               514      18      478
 SINCE 7/1       5174              6389   -1215     6641
COOLING TOTAL       2                 7      -5        0
 SINCE 1/1          2                 7      -5        0
.................................................................

WIND (MPH)
AVERAGE WIND SPEED              8.9
RESULTANT WIND SPEED/DIRECTION   1/105
HIGHEST WIND SPEED/DIRECTION    30/220    DATE  04/03
HIGHEST GUST SPEED/DIRECTION    40/360    DATE  04/02

SKY COVER
POSSIBLE SUNSHINE (PERCENT)   MM
AVERAGE SKY COVER           0.50
NUMBER OF DAYS FAIR           10
NUMBER OF DAYS PC             11
NUMBER OF DAYS CLOUDY          9

AVERAGE RH (PERCENT)     62

WEATHER CONDITIONS. NUMBER OF DAYS WITH
THUNDERSTORM              0     MIXED PRECIP               0
HEAVY RAIN                0     RAIN                       6
LIGHT RAIN               12     FREEZING RAIN              0
LT FREEZING RAIN          0     HAIL                       0
HEAVY SNOW                1     SNOW                       3
LIGHT SNOW                6     SLEET                      0
FOG                      15     FOG W/VIS <= 1/4 MILE      4
HAZE                      6

-  INDICATES NEGATIVE NUMBERS.
R  INDICATES RECORD WAS SET OR TIED.
MM INDICATES DATA IS MISSING.
T  INDICATES TRACE AMOUNT.

&&

APRIL 2016 FEATURED BELOW NORMAL TEMPERATURES ACROSS SOUTHWEST LOWER
MICHIGAN FOR THE FIRST TIME SINCE AUGUST 2015. PRECIPITATION WAS
VARIABLE... BUT AVERAGED NEAR NORMAL ACROSS THE AREA. SNOWFALL WAS
ABOVE NORMAL.

THE FIRST HALF OF APRIL WAS LARGELY COOLER THAN NORMAL ACROSS
SOUTHWEST LOWER MICHIGAN... WITH HIGHS JUST IN THE 30S AND 40S FOR
SEVERAL DAYS. THE WEATHER PATTERN THEN FLIPPED AND PRODUCED WELL
ABOVE NORMAL TEMPERATURES FOR A WEEK BETWEEN APRIL 15-21. AFTER A
FEW 70 DEGREE DAYS... MOST LOCATIONS HIT 80 DEGREES ON APRIL 18.
HOWEVER... APRIL 2016 ENDED RATHER GLOOMILY WITH COOL AND DAMP
CONDITIONS.

WITH MUCH COOLER THAN NORMAL TEMPERATURES IN PLACE DURING THE FIRST
HALF OF APRIL... SOUTHWEST LOWER MICHIGAN RECEIVED BOUTS OF SNOW
MIXED WITH RAIN...SLEET... AND FREEZING RAIN AT TIMES. CENTRAL AND
NORTHERN LOWER MICHIGAN SAW THE HEAVIEST SNOW... BUT MOST LOCATIONS
RECEIVED ACCUMULATING SNOW ON APRIL 2 AND AGAIN APRIL 8-10. GRAND
RAPIDS AND LANSING RECEIVED 4-6 INCHES OF SNOW ON APRIL 8.

THE LAST WEEK OF APRIL FEATURED 1 OR 2 SUNNY DAYS... BUT OTHERWISE A
FAIR AMOUNT OF CLOUD COVER. SEVERE WEATHER STRUCK SOUTHWEST LOWER
MICHIGAN ON APRIL 25. THE STORMS BROUGHT FREQUENT LIGHTNING... LARGE
HAIL... MODERATE TO HEAVY RAIN... AND GUSTY WINDS. THE MONTH ENDED
WITH COOLER TEMPERATURES AND SOME STEADY RAIN ON APRIL 28 AND APRIL
30.

$$

EBW
