000
CXUS53 KGRR 011718
CLMBTL

CLIMATE REPORT
NATIONAL WEATHER SERVICE GRAND RAPIDS, MI
1258 PM EDT WED OCT 1 2014

...................................

...THE BATTLE CREEK MI CLIMATE SUMMARY FOR THE MONTH OF SEPTEMBER 2014...

CLIMATE NORMAL PERIOD 1981 TO 2010
CLIMATE RECORD PERIOD 1998 TO 2014

WEATHER         OBSERVED          NORMAL  DEPART  LAST YEAR`S
                 VALUE   DATE(S)  VALUE   FROM    VALUE  DATE(S)
                                          NORMAL
................................................................
TEMPERATURE (F)
HIGHEST            90   09/05        MM      MM       91  09/10
LOWEST             40   09/17        MM      MM       38  09/23
AVG. MAXIMUM     72.6              73.4    -0.8     72.8
AVG. MINIMUM     51.2              49.9     1.3     52.4
MEAN             61.9              61.6     0.3     62.6
DAYS MAX >= 90      1               0.2     0.8        1
DAYS MAX <= 32      0               0.0     0.0        0
DAYS MIN <= 32      0               0.5    -0.5        0
DAYS MIN <= 0       0               0.0     0.0        0

PRECIPITATION (INCHES)
TOTALS           2.37              3.65   -1.28     1.68
DAILY AVG.       0.08              0.12   -0.04     0.06
DAYS >= .01         9              10.1    -1.1        6
DAYS >= .10         4               6.1    -2.1        6
DAYS >= .50         2               2.3    -0.3        1
DAYS >= 1.00        0               1.0    -1.0        0
GREATEST
 24 HR. TOTAL    1.04   08/31 TO 09/01           09/09 TO 09/09

DEGREE_DAYS
HEATING TOTAL     140               156     -16      136
 SINCE 7/1        169               197     -28      174
COOLING TOTAL      56                55       1       70
 SINCE 1/1        593               573      20      675
......................................................

WIND (MPH)
AVERAGE WIND SPEED              6.5
RESULTANT WIND SPEED/DIRECTION   2/239
HIGHEST WIND SPEED/DIRECTION    40/230    DATE  09/05
HIGHEST GUST SPEED/DIRECTION    59/230    DATE  09/05

SKY COVER
POSSIBLE SUNSHINE (PERCENT)   MM
AVERAGE SKY COVER           0.30
NUMBER OF DAYS FAIR           18
NUMBER OF DAYS PC              7
NUMBER OF DAYS CLOUDY          5

AVERAGE RH (PERCENT)     71

WEATHER CONDITIONS. NUMBER OF DAYS WITH
THUNDERSTORM              4     MIXED PRECIP               0
HEAVY RAIN                4     RAIN                       5
LIGHT RAIN               12     FREEZING RAIN              0
LT FREEZING RAIN          0     HAIL                       0
HEAVY SNOW                0     SNOW                       0
LIGHT SNOW                0     SLEET                      0
FOG                      16     FOG W/VIS <= 1/4 MILE      2
HAZE                      4

-  INDICATES NEGATIVE NUMBERS.
R  INDICATES RECORD WAS SET OR TIED.
MM INDICATES DATA IS MISSING.
T  INDICATES TRACE AMOUNT.

&&

SEPTEMBER 2014 WAS OVERALL COOLER AND DRIER THAN NORMAL IN SOUTHWEST
LOWER MICHIGAN. TEMPERATURES ENDED UP ABOUT A DEGREE BELOW NORMAL
AND PRECIPITATION ABOUT AN INCH BELOW NORMAL IN MANY LOCATIONS.

THE MONTH STARTED OUT ON THE WARM AND HUMID SIDE... WITH OCCASIONAL
ROUNDS OF THUNDERSTORMS DURING THE FIRST WEEK. SEPTEMBER 5TH WAS THE
HOTTEST DAY FOR MOST AREAS AS TEMPERATURES HIT OR EXCEEDED THE 90
DEGREE MARK IN KALAMAZOO... BATTLE CREEK AND JACKSON. LANSING TOPPED
OUT AT 89 AND GRAND RAPIDS STAYED AT 84... WHICH SECURED THE
REMARKABLE STATISTIC OF NO 90 DEGREE DAYS IN 2014 AT BOTH CITIES.

A SIGNIFICANT COOL DOWN OCCURRED IN THE MIDDLE OF THE MONTH. HIGHS
FAILED TO REACH 60 DEGREES THROUGHOUT THE AREA ON SEPTEMBER 12TH.
MUSKEGON ALSO SET A RECORD FOR COLDEST HIGH TEMPERATURE ON THE 12TH
WITH A HIGH OF 57. AS SKIES CLEARED TOWARD THE LATER PORTION OF THE
COLD STRETCH... A FEW NIGHTS OF PATCHY TO WIDESPREAD FROST OCCURRED
IN NORTHERN AND CENTRAL LOWER MICHIGAN.

A WEEKLONG STRETCH OF WARM AND SUNNY WEATHER ROUNDED OUT THE LATTER
PART OF THE MONTH... WITH HIGHS CONSISTENTLY IN THE 70S AND LOWS
AROUND 50. VERY LITTLE PRECIPITATION FELL DURING THIS PERIOD...
WHICH KEPT THE MONTHLY PRECIPITATION AT ABOUT 75 PERCENT OF NORMAL
FOR MOST LOCATIONS. A COLD FRONT ON THE 29TH BROUGHT LIGHT RAIN
FOLLOWED BY MUCH COOLER AIR FOR THE FINAL DAY OF SEPTEMBER.

THERE WAS ONE DAY OF WIDESPREAD SEVERE WEATHER IN SOUTHWEST LOWER
MICHIGAN. A LINE OF STORMS ON THE EVENING OF SEPTEMBER 5TH PRODUCED
WIND DAMAGE AND NUMEROUS POWER OUTAGES SPANNING FROM WEST OF
KALAMAZOO TO EAST OF JACKSON. MANY TREES FELL IN KALAMAZOO AND IN
THE BATTLE CREEK AREA... AND THE AIRPORTS IN KALAMAZOO AND BATTLE
CREEK MEASURED RESPECTIVE WIND GUSTS OF 56 AND 60 MPH.

$$

CAS 63
