912
CXUS53 KGRR 011704 CCA
CLMBTL

CLIMATE REPORT...CORRECTED
NATIONAL WEATHER SERVICE GRAND RAPIDS, MI
1229 PM EDT FRI SEP 1 2017

...................................

...THE BATTLE CREEK MI CLIMATE SUMMARY FOR THE MONTH OF AUGUST 2017...

CLIMATE NORMAL PERIOD 1981 TO 2010
CLIMATE RECORD PERIOD 1998 TO 2017

WEATHER         OBSERVED          NORMAL  DEPART  LAST YEAR`S
                 VALUE   DATE(S)  VALUE   FROM    VALUE  DATE(S)
                                          NORMAL
................................................................
TEMPERATURE (F)
HIGHEST            87   08/16        MM      MM       90  08/12
                                                          08/11
LOWEST             46   08/25        MM      MM       52  08/22
AVG. MAXIMUM     79.3              80.7    -1.4     81.0
AVG. MINIMUM     58.0              57.8     0.2     61.8
MEAN             68.7              69.2    -0.5     71.4
DAYS MAX >= 90      0               1.6    -1.6        2
DAYS MAX <= 32      0               0.0     0.0        0
DAYS MIN <= 32      0               0.0     0.0        0
DAYS MIN <= 0       0               0.0     0.0        0

PRECIPITATION (INCHES)
TOTALS           2.06              3.47   -1.41     8.08
DAILY AVG.       0.07              0.11   -0.04     0.26
DAYS >= .01         9               9.8    -0.8       11
DAYS >= .10         6               6.3    -0.3        7
DAYS >= .50         1               2.5    -1.5        6
DAYS >= 1.00        0               0.8    -0.8        3
GREATEST
 24 HR. TOTAL    0.51   08/15 TO 08/15

DEGREE_DAYS
HEATING TOTAL      20                26      -6        3
 SINCE 7/1         20                41     -21        8
COOLING TOTAL     141               157     -16      206
 SINCE 1/1        587               518      69      616
.................................................................

WIND (MPH)
AVERAGE WIND SPEED              6.6
RESULTANT WIND SPEED/DIRECTION   2/242
HIGHEST WIND SPEED/DIRECTION    28/210    DATE  08/22
HIGHEST GUST SPEED/DIRECTION    35/220    DATE  08/22

SKY COVER
POSSIBLE SUNSHINE (PERCENT)   MM
AVERAGE SKY COVER           0.30
NUMBER OF DAYS FAIR           17
NUMBER OF DAYS PC             13
NUMBER OF DAYS CLOUDY          1

AVERAGE RH (PERCENT)     72

WEATHER CONDITIONS. NUMBER OF DAYS WITH
THUNDERSTORM              6     MIXED PRECIP               0
HEAVY RAIN                5     RAIN                       6
LIGHT RAIN               13     FREEZING RAIN              0
LT FREEZING RAIN          0     HAIL                       0
HEAVY SNOW                0     SNOW                       0
LIGHT SNOW                0     SLEET                      0
FOG                       3     FOG W/VIS <= 1/4 MILE      1
HAZE                      1

-  INDICATES NEGATIVE NUMBERS.
R  INDICATES RECORD WAS SET OR TIED.
MM INDICATES DATA IS MISSING.
T  INDICATES TRACE AMOUNT.

&&

AUGUST 2017 TEMPERATURES WERE BELOW NORMAL FOR THE REGION AND
PRECIPITATION WAS MUCH BELOW NORMAL, IN SOME CASES LESS THAN HALF OF
THE NORMAL AMOUNT. NO MAJOR WEATHER EVENTS OCCURRED DURING THIS
MONTH AND THE ONLY LAND BASED SEVERE WEATHER WARNINGS WERE ISSUED ON
AUGUST 3. HIGH WAVE EVENTS WERE RECORDED ON THE 4TH, 18TH, AND 23RD.

THERE WERE NO MONTHLY PRECIPITATION OR TEMPERATURE RECORDS NOR ANY
DAILY RECORDS. WHILE THERE WERE SOME POCKETS OF HEAVY RAINFALL AT
TIMES, MOST OF THESE MISSED THE REPORTING STATIONS AT GRAND RAPIDS,
MUSKEGON, AND LANSING. THERE WERE SOME REPORTS OF LARGE HAIL ON
AUGUST 3 AS A LAKE BREEZE DEVELOPED OFF LAKE MICHIGAN AND
THUNDERSTORMS DEVELOPED. GOLF BALL SIZE HAIL WAS REPORTED IN ALLEGAN
COUNTY AND QUARTER SIZE HAILED WAS REPORTED IN OTTAWA COUNTY.

HIGH WAVE EVENTS CREATED HAZARDOUS BEACH CONDITIONS ON THE 4TH,
18TH, AND 23RD. THERE MAY HAVE EVEN BEEN SOME BEACH EROSION ALONG
THE COAST GIVEN HIGH LAKE LEVELS IN RECENT MONTHS.

WITH MUCH LESS THAN NORMAL RAINFALL FOR THE REGION, THE SOUTHERN
HALF OF THE LOWER PENINSULA WAS DESIGNATED AS "ABNORMALLY DRY" BY
THE UNITED STATES DROUGHT MONITOR BY THE END OF AUGUST. THIS IS
EQUIVALENT TO THE "D0" CATEGORY, ON A SCALE OF D0 TO D5. TYPICALLY
GREATER IMPACTS ARE EXPERIENCED BY THE D1 OR D2 CATEGORIES.

$$

63
