000
CXUS53 KGRR 011356
CLMBTL


CLIMATE REPORT
NATIONAL WEATHER SERVICE GRAND RAPIDS, MI
849 AM EST THU FEB 1 2018

...................................

...THE BATTLE CREEK MI CLIMATE SUMMARY FOR THE MONTH OF JANUARY 2018...

CLIMATE NORMAL PERIOD 1981 TO 2010
CLIMATE RECORD PERIOD 1998 TO 2018

WEATHER         OBSERVED          NORMAL  DEPART  LAST YEAR`S
                 VALUE   DATE(S)  VALUE   FROM    VALUE  DATE(S)
                                          NORMAL
................................................................
TEMPERATURE (F)
HIGHEST            57   01/11        MM      MM       60  01/21
LOWEST             -9   01/05        MM      MM       -2  01/06
AVG. MAXIMUM     31.8              31.6     0.2     35.3
AVG. MINIMUM     16.9              15.6     1.3     23.9
MEAN             24.4              23.6     0.8     29.6
DAYS MAX >= 90      0               0.0     0.0        0
DAYS MAX <= 32     16              16.4    -0.4       11
DAYS MIN <= 32     28              28.9    -0.9       21
DAYS MIN <= 0       6               3.4     2.6        2

PRECIPITATION (INCHES)
TOTALS           1.26              1.66   -0.40     3.22
DAILY AVG.       0.04              0.05   -0.01     0.10
DAYS >= .01         8              12.1    -4.1       14
DAYS >= .10         3               5.0    -2.0        9
DAYS >= .50         1               0.8     0.2        1
DAYS >= 1.00        0               0.1    -0.1        0
GREATEST
 24 HR. TOTAL    0.58   01/22 TO 01/22

DEGREE_DAYS
HEATING TOTAL    1249              1283     -34     1085
 SINCE 7/1       3667              3883    -216     3096
COOLING TOTAL       0                 0       0        0
 SINCE 1/1          0                 0       0        0
.................................................................

WIND (MPH)
AVERAGE WIND SPEED              10.8
RESULTANT WIND SPEED/DIRECTION   6/224
HIGHEST WIND SPEED/DIRECTION    29/210    DATE  01/27
HIGHEST GUST SPEED/DIRECTION    37/210    DATE  01/31

SKY COVER
POSSIBLE SUNSHINE (PERCENT)   MM
AVERAGE SKY COVER           0.60
NUMBER OF DAYS FAIR            7
NUMBER OF DAYS PC             10
NUMBER OF DAYS CLOUDY         14

AVERAGE RH (PERCENT)     76

WEATHER CONDITIONS. NUMBER OF DAYS WITH
THUNDERSTORM              1     MIXED PRECIP               0
HEAVY RAIN                1     RAIN                       2
LIGHT RAIN                6     FREEZING RAIN              0
LT FREEZING RAIN          2     HAIL                       0
HEAVY SNOW                0     SNOW                       2
LIGHT SNOW               16     SLEET                      0
FOG                      19     FOG W/VIS <= 1/4 MILE      3
HAZE                     11

-  INDICATES NEGATIVE NUMBERS.
R  INDICATES RECORD WAS SET OR TIED.
MM INDICATES DATA IS MISSING.
T  INDICATES TRACE AMOUNT.

$$
