000
CXUS54 KLIX 022219
CLMBTR


CLIMATE REPORT
NATIONAL WEATHER SERVICE NEW ORLEANS
510 PM CDT FRI JUN 2 2017

...................................

...THE BATON ROUGE  ASOS CLIMATE SUMMARY FOR THE MONTH OF MAY 2017...

CLIMATE NORMAL PERIOD 1981 TO 2010
CLIMATE RECORD PERIOD 1894 TO 2017

WEATHER         OBSERVED          NORMAL  DEPART  LAST YEAR`S
                 VALUE   DATE(S)  VALUE   FROM    VALUE  DATE(S)
                                          NORMAL
................................................................
TEMPERATURE (F)
RECORD
 HIGH              101  05/13/1922
 LOW               40   05/04/2013
                        05/17/1908
                        01/01/2000
HIGHEST            91   05/19                         91  05/31
                                                          05/30
                                                          05/29
LOWEST             49   05/06                         50  05/07
AVG. MAXIMUM     83.0              86.2    -3.2     84.8
AVG. MINIMUM     62.5              65.2    -2.7     64.3
MEAN             72.7              75.7    -3.0     74.5
DAYS MAX >= 90      4               7.2    -3.2        8
DAYS MAX <= 32      0               0.0     0.0        0
DAYS MIN <= 32      0               0.0     0.0        0
DAYS MIN <= 0       0               0.0     0.0        0

PRECIPITATION (INCHES)
RECORD
 MAXIMUM
 MINIMUM
TOTALS           9.08              4.89    4.19     6.16
DAILY AVG.       0.29              0.16    0.13     0.20
DAYS >= .01        11               7.9     3.1        7
DAYS >= .10         8               5.7     2.3        5
DAYS >= .50         6               3.0     3.0        3
DAYS >= 1.00        4               1.6     2.4        2
GREATEST
 24 HR. TOTAL    2.34   05/03 TO 05/03

SNOWFALL (INCHES)
RECORDS
 TOTAL
 24 HR TOTAL
 SNOW DEPTH
TOTALS            0.0               0.0     0.0      0.0
SINCE 7/1         0.0               0.1    -0.1      0.0
SNOWDEPTH AVG.      0                                  0
DAYS >= TRACE       0               0.0     0.0        0
DAYS >= 1.0         0               0.0     0.0        0
GREATEST
 SNOW DEPTH         0                                  0
 24 HR TOTAL

DEGREE_DAYS
HEATING TOTAL      10                 2       8        0
 SINCE 7/1        809              1555    -746     1079
COOLING TOTAL     256               334     -78      303
 SINCE 1/1        737               565     172      576
..................................................

WIND (MPH)
AVERAGE WIND SPEED              7.0
HIGHEST WIND SPEED/DIRECTION    30/100    DATE  05/03
HIGHEST GUST SPEED/DIRECTION    40/010    DATE  05/20

SKY COVER
POSSIBLE SUNSHINE (PERCENT)
AVERAGE SKY COVER           0.30
NUMBER OF DAYS FAIR           16
NUMBER OF DAYS PC             13
NUMBER OF DAYS CLOUDY          2

AVERAGE RH (PERCENT)     74

WEATHER CONDITIONS. NUMBER OF DAYS WITH
THUNDERSTORM              0     MIXED PRECIP               0
HEAVY RAIN                7     RAIN                       6
LIGHT RAIN               12     FREEZING RAIN              0
LT FREEZING RAIN          0     HAIL                       0
HEAVY SNOW                0     SNOW                       0
LIGHT SNOW                0     SLEET                      0
FOG                      17     FOG W/VIS <= 1/4 MILE      0
HAZE                      3

-  INDICATES NEGATIVE NUMBERS.
R  INDICATES RECORD WAS SET OR TIED.
MM INDICATES DATA IS MISSING.
T  INDICATES TRACE AMOUNT.

$$
