215
CXUS54 KLIX 020319
CLMBTR


CLIMATE REPORT
NATIONAL WEATHER SERVICE NEW ORLEANS
911 PM CST WED MAR 1 2017

...................................

...THE BATON ROUGE  ASOS CLIMATE SUMMARY FOR THE MONTH OF FEBRUARY 2017...

CLIMATE NORMAL PERIOD 1981 TO 2010
CLIMATE RECORD PERIOD 1894 TO 2017

WEATHER         OBSERVED          NORMAL  DEPART  LAST YEAR`S
                 VALUE   DATE(S)  VALUE   FROM    VALUE  DATE(S)
                                          NORMAL
................................................................
TEMPERATURE (F)
RECORD
 HIGH              88   02/19/1922
 LOW                2   02/13/1899
HIGHEST            84   02/28                         79  02/20
                        02/08                             02/01
LOWEST             37   02/16                         30  02/06
                                                          02/05
AVG. MAXIMUM     75.3              65.7     9.6     68.3
AVG. MINIMUM     53.7              44.5     9.2     43.7
MEAN             64.5              55.1     9.4     56.0
DAYS MAX >= 90      0               0.0     0.0        0
DAYS MAX <= 32      0               0.0     0.0        0
DAYS MIN <= 32      0               2.9    -2.9        3
DAYS MIN <= 0       0               0.0     0.0        0

PRECIPITATION (INCHES)
RECORD
 MAXIMUM
 MINIMUM
TOTALS           1.75              5.04   -3.29     3.58
DAILY AVG.       0.06              0.18   -0.12     0.12
DAYS >= .01         7               8.8    -1.8        5
DAYS >= .10         6               6.2    -0.2        4
DAYS >= .50         1               3.2    -2.2        3
DAYS >= 1.00        0               1.6    -1.6        1
GREATEST
 24 HR. TOTAL    0.83   02/20 TO 02/21

SNOWFALL (INCHES)
RECORDS
 TOTAL
 24 HR TOTAL
 SNOW DEPTH
TOTALS            0.0               0.1    -0.1      0.0
SINCE 7/1         0.0               0.1    -0.1      0.0
SNOWDEPTH AVG.      0                                  0
DAYS >= TRACE       0               0.0     0.0        0
DAYS >= 1.0         0               0.0     0.0        0
GREATEST
 SNOW DEPTH         0                                  0
 24 HR TOTAL      0.0

DEGREE_DAYS
HEATING TOTAL      98               295    -197      264
 SINCE 7/1        704              1335    -631      991
COOLING TOTAL      89                18      71       13
 SINCE 1/1        143                31     112       17
..........................................................

WIND (MPH)
AVERAGE WIND SPEED              8.3
HIGHEST WIND SPEED/DIRECTION    28/260    DATE  02/20
HIGHEST GUST SPEED/DIRECTION    38/220    DATE  02/07

SKY COVER
POSSIBLE SUNSHINE (PERCENT)
AVERAGE SKY COVER           0.50
NUMBER OF DAYS FAIR            7
NUMBER OF DAYS PC             17
NUMBER OF DAYS CLOUDY          4

AVERAGE RH (PERCENT)     70

WEATHER CONDITIONS. NUMBER OF DAYS WITH
THUNDERSTORM              0     MIXED PRECIP               0
HEAVY RAIN                3     RAIN                       4
LIGHT RAIN                8     FREEZING RAIN              0
LT FREEZING RAIN          0     HAIL                       0
HEAVY SNOW                0     SNOW                       0
LIGHT SNOW                0     SLEET                      0
FOG                      21     FOG W/VIS <= 1/4 MILE      3
HAZE                      8

-  INDICATES NEGATIVE NUMBERS.
R  INDICATES RECORD WAS SET OR TIED.
MM INDICATES DATA IS MISSING.
T  INDICATES TRACE AMOUNT.

$$
