000
CXUS54 KLIX 011428
CLMBTR


CLIMATE REPORT
NATIONAL WEATHER SERVICE NEW ORLEANS
926 AM CDT WED JUL 1 2015

...................................

...THE BATON ROUGE  ASOS CLIMATE SUMMARY FOR THE MONTH OF JUNE 2015...

CLIMATE NORMAL PERIOD 1981 TO 2010
CLIMATE RECORD PERIOD 1894 TO 2015

WEATHER         OBSERVED          NORMAL  DEPART  LAST YEAR`S
                 VALUE   DATE(S)  VALUE   FROM    VALUE  DATE(S)
                                          NORMAL
................................................................
TEMPERATURE (F)
RECORD
 HIGH             103   06/02/2011
                        06/30/1954
                        06/29/1914
 LOW               53   06/01/1984
HIGHEST            96   06/23        MM      MM       93  06/30
                                                          06/19
LOWEST             65   06/01        MM      MM       66  06/13
AVG. MAXIMUM     90.8              90.9    -0.1     89.4
AVG. MINIMUM     71.8              71.4     0.4     71.5
MEAN             81.3              81.1     0.2     80.4
DAYS MAX >= 90     20              19.6     0.4       18
DAYS MAX <= 32      0               0.0     0.0        0
DAYS MIN <= 32      0               0.0     0.0        0
DAYS MIN <= 0       0               0.0     0.0        0

PRECIPITATION (INCHES)
RECORD
 MAXIMUM           MM   MM
 MINIMUM           MM   MM
TOTALS           5.98              6.41   -0.43    11.36
DAILY AVG.       0.20              0.21   -0.01     0.38
DAYS >= .01        16              12.1     3.9       12
DAYS >= .10         9               8.6     0.4        8
DAYS >= .50         4               4.0     0.0        7
DAYS >= 1.00        2               1.8     0.2        4
GREATEST
 24 HR. TOTAL    1.87   06/25 TO 06/26           06/25 TO 06/26
                                                          06/30 TO 06/30
                                                          06/30 TO 06/30

SNOWFALL (INCHES)
RECORDS
 TOTAL             MM   MM
 24 HR TOTAL       MM
 SNOW DEPTH        MM   MM
TOTALS            0.0               0.0     0.0      0.0
SINCE 7/1           T               0.1    -0.1      0.4
SNOWDEPTH AVG.      0                MM      MM        0
DAYS >= TRACE       0               0.0     0.0        0
DAYS >= 1.0         0               0.0     0.0        0
GREATEST
 SNOW DEPTH         0   MM                             0  MM
 24 HR TOTAL      0.0   06/30 TO 06/30           06/30 TO 06/30
                                                          06/30 TO 06/30
                                                          06/30 TO 06/30

DEGREE_DAYS
HEATING TOTAL       0                 0       0        0
 SINCE 7/1       1641              1555      86     1984
COOLING TOTAL     496               484      12      469
 SINCE 1/1       1167              1049     118      975
.................................................

WIND (MPH)
AVERAGE WIND SPEED              5.4
HIGHEST WIND SPEED/DIRECTION    35/180    DATE  06/12
HIGHEST GUST SPEED/DIRECTION    45/190    DATE  06/13

SKY COVER
POSSIBLE SUNSHINE (PERCENT)   MM
AVERAGE SKY COVER           0.30
NUMBER OF DAYS FAIR           22
NUMBER OF DAYS PC              8
NUMBER OF DAYS CLOUDY          0

AVERAGE RH (PERCENT)     75

WEATHER CONDITIONS. NUMBER OF DAYS WITH
THUNDERSTORM              0     MIXED PRECIP               0
HEAVY RAIN                5     RAIN                       8
LIGHT RAIN               14     FREEZING RAIN              0
LT FREEZING RAIN          0     HAIL                       0
HEAVY SNOW                0     SNOW                       0
LIGHT SNOW                0     SLEET                      0
FOG                      16     FOG W/VIS <= 1/4 MILE      3
HAZE                      5

-  INDICATES NEGATIVE NUMBERS.
R  INDICATES RECORD WAS SET OR TIED.
MM INDICATES DATA IS MISSING.
T  INDICATES TRACE AMOUNT.

$$
