000
CXUS54 KLIX 070219
CLMBTR


CLIMATE REPORT
NATIONAL WEATHER SERVICE NEW ORLEANS
814 PM CST MON NOV 6 2017

...................................

...THE BATON ROUGE  ASOS CLIMATE SUMMARY FOR THE MONTH OF OCTOBER 2017...

CLIMATE NORMAL PERIOD 1981 TO 2010
CLIMATE RECORD PERIOD 1894 TO 2017

WEATHER         OBSERVED          NORMAL  DEPART  LAST YEAR`S
                 VALUE   DATE(S)  VALUE   FROM    VALUE  DATE(S)
                                          NORMAL
................................................................
TEMPERATURE (F)
RECORD
 HIGH              98   10/01/1904
 LOW               30   10/31/1993
HIGHEST            91   10/14                         91  10/18
                                                          10/07
                                                          10/05
LOWEST             36   10/29                         45  10/23
AVG. MAXIMUM     81.6              80.8     0.8     86.1
AVG. MINIMUM     59.5              57.9     1.6     60.1
MEAN             70.6              69.3     1.3     73.1
DAYS MAX >= 90      4               1.8     2.2        7
DAYS MAX <= 32      0               0.0     0.0        0
DAYS MIN <= 32      0               0.0     0.0        0
DAYS MIN <= 0       0               0.0     0.0        0

PRECIPITATION (INCHES)
RECORD
 MAXIMUM
 MINIMUM
TOTALS           3.62              4.70   -1.08     0.61
DAILY AVG.       0.12              0.15   -0.03     0.02
DAYS >= .01        11               7.5     3.5        2
DAYS >= .10         8               4.9     3.1        1
DAYS >= .50         1               2.6    -1.6        1
DAYS >= 1.00        1               1.7    -0.7        0
GREATEST
 24 HR. TOTAL    1.86   10/10 TO 10/10


SNOWFALL (INCHES)
RECORDS
 TOTAL
 24 HR TOTAL
 SNOW DEPTH
TOTALS            0.0               0.0     0.0      0.0
SINCE 7/1         0.0               0.0     0.0      0.0
SNOWDEPTH AVG.      0                                  0
DAYS >= TRACE       0               0.0     0.0        0
DAYS >= 1.0         0               0.0     0.0        0
GREATEST
 SNOW DEPTH         0                                  0
 24 HR TOTAL      0.0

DEGREE_DAYS
HEATING TOTAL      57                44      13        7
 SINCE 7/1         57                46      11        7
COOLING TOTAL     236               179      57      265
 SINCE 1/1       2897              2750     147     3036
..................................................

WIND (MPH)
AVERAGE WIND SPEED              6.3
HIGHEST WIND SPEED/DIRECTION    28/340    DATE  10/22
HIGHEST GUST SPEED/DIRECTION    37/340    DATE  10/22

SKY COVER
POSSIBLE SUNSHINE (PERCENT)
AVERAGE SKY COVER           0.20
NUMBER OF DAYS FAIR           20
NUMBER OF DAYS PC             10
NUMBER OF DAYS CLOUDY          1

AVERAGE RH (PERCENT)     71

WEATHER CONDITIONS. NUMBER OF DAYS WITH
THUNDERSTORM              0     MIXED PRECIP               0
HEAVY RAIN                6     RAIN                       7
LIGHT RAIN               13     FREEZING RAIN              0
LT FREEZING RAIN          0     HAIL                       0
HEAVY SNOW                0     SNOW                       0
LIGHT SNOW                0     SLEET                      0
FOG                      20     FOG W/VIS <= 1/4 MILE      0
HAZE                      6

-  INDICATES NEGATIVE NUMBERS.
R  INDICATES RECORD WAS SET OR TIED.
MM INDICATES DATA IS MISSING.
T  INDICATES TRACE AMOUNT.

$$
