000
CXUS51 KBTV 011338
CLMBTV


CLIMATE REPORT
NATIONAL WEATHER SERVICE BURLINGTON VT
837 AM EST SUN JAN 1 2017

...................................

...THE BURLINGTON VT CLIMATE SUMMARY FOR THE MONTH OF DECEMBER 2016...

CLIMATE NORMAL PERIOD 1981 TO 2010
CLIMATE RECORD PERIOD 1884 TO 2016

WEATHER         OBSERVED          NORMAL  DEPART  LAST YEAR`S
                 VALUE   DATE(S)  VALUE   FROM    VALUE  DATE(S)
                                          NORMAL
................................................................
TEMPERATURE (F)
RECORD
 HIGH              68   12/24/2015
 LOW              -29   12/30/1933
                        12/29/1933
HIGHEST            51   12/01        30      21       68  12/24
LOWEST             -3   12/16        16     -19       16  12/28
AVG. MAXIMUM     35.7              33.2     2.5     45.7
AVG. MINIMUM     22.2              18.5     3.7     32.6
MEAN             29.0              25.8     3.2     39.2
DAYS MAX >= 90      0               0.0     0.0        0
DAYS MAX <= 32      6              13.3    -7.3        2
DAYS MIN <= 32     25              27.1    -2.1       14
DAYS MIN <= 0       2               2.4    -0.4        0

PRECIPITATION (INCHES)
RECORD
 MAXIMUM         5.95   1973
 MINIMUM         0.31   1928
TOTALS           2.35              2.38   -0.03     4.44
DAILY AVG.       0.08              0.08    0.00     0.14
DAYS >= .01        17              14.4     2.6       16
DAYS >= .10         8               6.1     1.9        9
DAYS >= .50         1               1.2    -0.2        3
DAYS >= 1.00        0               0.2    -0.2        0
GREATEST
 24 HR. TOTAL    0.63   12/17 TO 12/18           12/29 TO 12/29
                                                          12/29 TO 12/29
                                                          12/29 TO 12/29
 STORM TOTAL       MM                                 MM
 (MM/DD(HH))            MM                    12/29(00) TO 12/29(00)
                                                 12/29(00) TO 12/29(00)9
                                                 12/29(00) TO 12/29(00)9

SNOWFALL (INCHES)
RECORDS
 TOTAL           56.7   5
                        0
                        -26215
TOTALS           16.7              17.9    -1.2      7.1
SINCE 7/1        21.0              23.3    -2.3      7.3
SNOWDEPTH AVG.      1                 4      -3        0
DAYS >= 1.0         5               5.7    -0.7        2
GREATEST
 SNOW DEPTH         3   12/31                          5  12/29
                        12/30
                        12/18
 24 HR TOTAL      3.2   MM                       12/29 TO 12/29
                                                          12/29 TO 12/29
                                                          12/29 TO 12/29

DEGREE_DAYS
HEATING TOTAL    1108              1214    -106      794
 SINCE 7/1       2313              2759    -446     2033
COOLING TOTAL       0                 0       0        0
 SINCE 1/1        855               491     364      768
..........................................................

WIND (MPH)
AVERAGE WIND SPEED              10.2
HIGHEST WIND SPEED/DIRECTION    35/180    DATE  12/26
HIGHEST GUST SPEED/DIRECTION    47/190    DATE  12/26

SKY COVER
POSSIBLE SUNSHINE (PERCENT)   MM
AVERAGE SKY COVER           0.80
NUMBER OF DAYS FAIR            1
NUMBER OF DAYS PC              7
NUMBER OF DAYS CLOUDY         23

AVERAGE RH (PERCENT)     68

WEATHER CONDITIONS. NUMBER OF DAYS WITH
THUNDERSTORM              0     MIXED PRECIP               0
HEAVY RAIN                2     RAIN                       3
LIGHT RAIN                7     FREEZING RAIN              0
LT FREEZING RAIN          0     HAIL                       0
HEAVY SNOW                1     SNOW                       7
LIGHT SNOW               24     SLEET                      0
FOG                      21     FOG W/VIS <= 1/4 MILE      2
HAZE                      9

-  INDICATES NEGATIVE NUMBERS.
R  INDICATES RECORD WAS SET OR TIED.
MM INDICATES DATA IS MISSING.
T  INDICATES TRACE AMOUNT.

$$
