000
CXUS51 KBTV 011342
CLMBTV

CLIMATE REPORT
NATIONAL WEATHER SERVICE BURLINGTON VT
823 AM EST THU JAN 1 2015

...................................

...THE BURLINGTON VT CLIMATE SUMMARY FOR THE MONTH OF DECEMBER 2014...

CLIMATE NORMAL PERIOD 1981 TO 2010
CLIMATE RECORD PERIOD 1884 TO 2014

WEATHER         OBSERVED          NORMAL  DEPART  LAST YEAR`S
                 VALUE   DATE(S)  VALUE   FROM    VALUE  DATE(S)
                                          NORMAL
................................................................
TEMPERATURE (F)
RECORD
 HIGH              67   12/07/1998
                        12/05/1941
 LOW              -29   12/30/1933
                        12/29/1933
HIGHEST            54   12/25        30      24       MM  MM
LOWEST              8   12/08        16      -8       MM  MM
                        12/07
AVG. MAXIMUM     35.7              33.2     2.5       MM
AVG. MINIMUM     24.3              18.5     5.8       MM
MEAN             30.0              25.8     4.2       MM
DAYS MAX >= 90      0               0.0     0.0       MM
DAYS MAX <= 32     11              13.3    -2.3       MM
DAYS MIN <= 32     25              27.1    -2.1       MM
DAYS MIN <= 0       0               2.4    -2.4       MM

PRECIPITATION (INCHES)
RECORD
 MAXIMUM         5.95   1973
 MINIMUM         0.31   1928
TOTALS           2.85              2.38    0.47       MM
DAILY AVG.       0.09              0.08    0.01       MM
DAYS >= .01        16              14.4     1.6       MM
DAYS >= .10         8               6.1     1.9       MM
DAYS >= .50         2               1.2     0.8       MM
DAYS >= 1.00        0               0.2    -0.2       MM
GREATEST
 24 HR. TOTAL    0.98   12/09 TO 12/10                MM
 STORM TOTAL       MM                                 MM
 (MM/DD(HH))            MM                                MM

SNOWFALL (INCHES)
RECORDS
 TOTAL           56.7   5
                        0
                        -26215
TOTALS           21.9              17.9     4.0       MM
SINCE 7/1        32.5              23.3     9.2       MM
SNOWDEPTH AVG.      4                 4       0       MM
DAYS >= 1.0         6               5.7     0.3       MM
GREATEST
 SNOW DEPTH        12   12/14                         MM  MM
                        12/13
                        12/11
 24 HR TOTAL      9.4   MM                            MM

DEGREE_DAYS
HEATING TOTAL    1078              1214    -136       MM
 SINCE 7/1       2403              2759    -356       MM
COOLING TOTAL       0                 0       0       MM
 SINCE 1/1        582               491      91       MM
.................................................................

WIND (MPH)
AVERAGE WIND SPEED              7.2
HIGHEST WIND SPEED/DIRECTION    28/280    DATE  12/25
HIGHEST GUST SPEED/DIRECTION    42/290    DATE  12/03

SKY COVER
POSSIBLE SUNSHINE (PERCENT)   MM
AVERAGE SKY COVER           0.80
NUMBER OF DAYS FAIR            2
NUMBER OF DAYS PC              7
NUMBER OF DAYS CLOUDY         22

AVERAGE RH (PERCENT)     73

WEATHER CONDITIONS. NUMBER OF DAYS WITH
THUNDERSTORM              0     MIXED PRECIP               0
HEAVY RAIN                0     RAIN                       2
LIGHT RAIN               11     FREEZING RAIN              0
LT FREEZING RAIN          3     HAIL                       0
HEAVY SNOW                0     SNOW                       3
LIGHT SNOW               19     SLEET                      4
FOG                      18     FOG W/VIS <= 1/4 MILE      3
HAZE                      8

-  INDICATES NEGATIVE NUMBERS.
R  INDICATES RECORD WAS SET OR TIED.
MM INDICATES DATA IS MISSING.
T  INDICATES TRACE AMOUNT.

$$
