000
CXUS51 KBTV 011853
CLMBTV

CLIMATE REPORT
NATIONAL WEATHER SERVICE BURLINGTON VT
931 AM EDT WED JUL 1 2015

...................................

...THE BURLINGTON VT CLIMATE SUMMARY FOR THE MONTH OF JUNE 2015...

CLIMATE NORMAL PERIOD 1981 TO 2010
CLIMATE RECORD PERIOD 1884 TO 2015

WEATHER         OBSERVED          NORMAL  DEPART  LAST YEAR`S
                 VALUE   DATE(S)  VALUE   FROM    VALUE  DATE(S)
                                          NORMAL
................................................................
TEMPERATURE (F)
RECORD
 HIGH             100   06/19/1995
 LOW               33   06/03/1986
                        06/01/1924
HIGHEST            85   06/23        76       9       89  06/03
LOWEST             41   06/03        55     -14       47  06/21
                                                          06/01
AVG. MAXIMUM     74.4              76.3    -1.9     78.3
AVG. MINIMUM     55.3              55.3     0.0     58.0
MEAN             64.8              65.8    -1.0     68.2
DAYS MAX >= 90      0               1.4    -1.4        0
DAYS MAX <= 32      0               0.0     0.0        0
DAYS MIN <= 32      0               0.0     0.0        0
DAYS MIN <= 0       0               0.0     0.0        0

PRECIPITATION (INCHES)
RECORD
 MAXIMUM         9.92   1922
 MINIMUM         0.82   1995
TOTALS           8.67              3.69    4.98     4.35
DAILY AVG.       0.29              0.12    0.17     0.14
DAYS >= .01        18              13.3     4.7       11
DAYS >= .10        11               7.7     3.3        8
DAYS >= .50         8               2.4     5.6        3
DAYS >= 1.00        3               0.6     2.4        1
GREATEST
 24 HR. TOTAL    1.52   06/09 TO 06/09           06/24 TO 06/25
                                                          06/30 TO 06/30
                                                          06/30 TO 06/30
 STORM TOTAL       MM                                 MM
 (MM/DD(HH))            MM                    06/25(00) TO 06/25(00)
                                                 06/30(00) TO 06/30(00)0
                                                 06/30(00) TO 06/30(00)0

DEGREE_DAYS
HEATING TOTAL      71                73      -2       20
 SINCE 7/1       7507              7434      73     7613
COOLING TOTAL      75                97     -22      120
 SINCE 1/1        168               116      52      142
.................................................

WIND (MPH)
AVERAGE WIND SPEED              7.1
HIGHEST WIND SPEED/DIRECTION    30/180    DATE  06/08
HIGHEST GUST SPEED/DIRECTION    41/180    DATE  06/08

SKY COVER
POSSIBLE SUNSHINE (PERCENT)   MM
AVERAGE SKY COVER           0.60
NUMBER OF DAYS FAIR            3
NUMBER OF DAYS PC             18
NUMBER OF DAYS CLOUDY          9

AVERAGE RH (PERCENT)     68

WEATHER CONDITIONS. NUMBER OF DAYS WITH
THUNDERSTORM              0     MIXED PRECIP               0
HEAVY RAIN                7     RAIN                      13
LIGHT RAIN               21     FREEZING RAIN              0
LT FREEZING RAIN          0     HAIL                       0
HEAVY SNOW                0     SNOW                       0
LIGHT SNOW                0     SLEET                      0
FOG                      18     FOG W/VIS <= 1/4 MILE      1
HAZE                      2

-  INDICATES NEGATIVE NUMBERS.
R  INDICATES RECORD WAS SET OR TIED.
MM INDICATES DATA IS MISSING.
T  INDICATES TRACE AMOUNT.

$$
