000
CXUS51 KBTV 011309
CLMBTV


CLIMATE REPORT
NATIONAL WEATHER SERVICE BURLINGTON VT
902 AM EDT TUE JUL 1 2014

...................................

...THE BURLINGTON VT CLIMATE SUMMARY FOR THE MONTH OF JUNE 2014...

CLIMATE NORMAL PERIOD 1981 TO 2010
CLIMATE RECORD PERIOD 1884 TO 2014

WEATHER         OBSERVED          NORMAL  DEPART  LAST YEAR`S
                 VALUE   DATE(S)  VALUE   FROM    VALUE  DATE(S)
                                          NORMAL
................................................................
TEMPERATURE (F)
RECORD
 HIGH             100   06/19/1995
 LOW               33   06/03/1986
                        06/01/1924
HIGHEST            89   06/03        76      13       90  06/01
LOWEST             47   06/21        55      -8       46  06/20
                        06/01                             06/05
AVG. MAXIMUM     78.3              76.3     2.0     76.0
AVG. MINIMUM     58.0              55.3     2.7     56.9
MEAN             68.2              65.8     2.4     66.4
DAYS MAX >= 90      0               1.4    -1.4        1
DAYS MAX <= 32      0               0.0     0.0        0
DAYS MIN <= 32      0               0.0     0.0        0
DAYS MIN <= 0       0               0.0     0.0        0

PRECIPITATION (INCHES)
RECORD
 MAXIMUM         9.92   1922
 MINIMUM         0.82   1995
TOTALS           4.35              3.69    0.66     9.86
DAILY AVG.       0.14              0.12    0.02     0.33
DAYS >= .01        11              13.3    -2.3       18
DAYS >= .10         8               7.7     0.3       16
DAYS >= .50         3               2.4     0.6        7
DAYS >= 1.00        1               0.6     0.4        3
GREATEST
 24 HR. TOTAL    1.49   06/24 TO 06/25           06/10 TO 06/11
                                                          06/30 TO 06/30
                                                          06/30 TO 06/30
 STORM TOTAL       MM                                 MM
 (MM/DD(HH))            MM                    06/11(00) TO 06/11(00)
                                                 06/30(00) TO 06/30(00)0
                                                 06/30(00) TO 06/30(00)0

DEGREE_DAYS
HEATING TOTAL      20                73     -53       65
 SINCE 7/1       7613              7434     179     6703
COOLING TOTAL     120                97      23      115
 SINCE 1/1        142               116      26      162
.................................................

WIND (MPH)
AVERAGE WIND SPEED              7.3
HIGHEST WIND SPEED/DIRECTION    25/190    DATE  06/24
HIGHEST GUST SPEED/DIRECTION    34/200    DATE  06/24

SKY COVER
POSSIBLE SUNSHINE (PERCENT)   MM
AVERAGE SKY COVER           0.50
NUMBER OF DAYS FAIR            7
NUMBER OF DAYS PC             18
NUMBER OF DAYS CLOUDY          5

AVERAGE RH (PERCENT)     65

WEATHER CONDITIONS. NUMBER OF DAYS WITH
THUNDERSTORM              0     MIXED PRECIP               0
HEAVY RAIN                4     RAIN                       6
LIGHT RAIN               14     FREEZING RAIN              0
LT FREEZING RAIN          0     HAIL                       0
HEAVY SNOW                0     SNOW                       0
LIGHT SNOW                0     SLEET                      0
FOG                       9     FOG W/VIS <= 1/4 MILE      0
HAZE                      1

-  INDICATES NEGATIVE NUMBERS.
R  INDICATES RECORD WAS SET OR TIED.
MM INDICATES DATA IS MISSING.
T  INDICATES TRACE AMOUNT.

$$
