921
CXUS51 KBTV 011457
CLMBTV


CLIMATE REPORT
NATIONAL WEATHER SERVICE BURLINGTON VT
957 AM EST MON FEB 1 2016

...................................

...THE BURLINGTON VT CLIMATE SUMMARY FOR THE MONTH OF JANUARY 2016...

CLIMATE NORMAL PERIOD 1981 TO 2010
CLIMATE RECORD PERIOD 1884 TO 2016

WEATHER         OBSERVED          NORMAL  DEPART  LAST YEAR`S
                 VALUE   DATE(S)  VALUE   FROM    VALUE  DATE(S)
                                          NORMAL
................................................................
TEMPERATURE (F)
RECORD
 HIGH              66   01/15/1995
 LOW              -30   01/15/1957
HIGHEST            53   01/10        25      28       46  01/04
LOWEST              1   01/24         8      -7      -11  01/08
AVG. MAXIMUM     32.4              27.2     5.2     25.6
AVG. MINIMUM     17.4              10.2     7.2      6.1
MEAN             24.9              18.7     6.2     15.9
DAYS MAX >= 90      0               0.0     0.0        0
DAYS MAX <= 32     15              19.5    -4.5       25
DAYS MIN <= 32     27              29.0    -2.0       31
DAYS MIN <= 0       0               8.0    -8.0       10

PRECIPITATION (INCHES)
RECORD
 MAXIMUM         5.15   1998
 MINIMUM         0.42   1989
TOTALS           1.19              2.06   -0.87     1.29
DAILY AVG.       0.04              0.07   -0.03     0.04
DAYS >= .01        10              14.5    -4.5       12
DAYS >= .10         5               5.1    -0.1        4
DAYS >= .50         1               1.1    -0.1        1
DAYS >= 1.00        0               0.3    -0.3        0
GREATEST
 24 HR. TOTAL    0.50   01/10 TO 01/10           01/18 TO 01/19
                                                          01/30 TO 01/30
                                                          01/30 TO 01/30
 STORM TOTAL       MM                                 MM
 (MM/DD(HH))            MM                    01/19(00) TO 01/19(00)
                                                 01/30(00) TO 01/30(00)0
                                                 01/30(00) TO 01/30(00)0

SNOWFALL (INCHES)
RECORDS
 TOTAL           48.4   2010
TOTALS           13.1              21.1    -8.0     20.7
SINCE 7/1        20.4              44.4   -24.0     53.2
SNOWDEPTH AVG.      2                 5      -3        1
DAYS >= 1.0         6               6.0     0.0        6
GREATEST
 SNOW DEPTH         5   01/05                          7  01/31
                        01/04
 24 HR TOTAL      2.4   MM                       01/30 TO 01/30
                                                          01/30 TO 01/30
                                                          01/30 TO 01/30

DEGREE_DAYS
HEATING TOTAL    1235              1435    -200     1515
 SINCE 7/1       3268              4194    -926     3918
COOLING TOTAL       0                 0       0        0
 SINCE 1/1          0                 0       0        0
.................................................

WIND (MPH)
AVERAGE WIND SPEED              8.8
HIGHEST WIND SPEED/DIRECTION    29/180    DATE  01/26
HIGHEST GUST SPEED/DIRECTION    39/180    DATE  01/26

SKY COVER
POSSIBLE SUNSHINE (PERCENT)   MM
AVERAGE SKY COVER           0.70
NUMBER OF DAYS FAIR            2
NUMBER OF DAYS PC             16
NUMBER OF DAYS CLOUDY         13

AVERAGE RH (PERCENT)     62

WEATHER CONDITIONS. NUMBER OF DAYS WITH
THUNDERSTORM              0     MIXED PRECIP               0
HEAVY RAIN                1     RAIN                       2
LIGHT RAIN                3     FREEZING RAIN              0
LT FREEZING RAIN          0     HAIL                       0
HEAVY SNOW                3     SNOW                       3
LIGHT SNOW               20     SLEET                      2
FOG                      11     FOG W/VIS <= 1/4 MILE      2
HAZE                      9

-  INDICATES NEGATIVE NUMBERS.
R  INDICATES RECORD WAS SET OR TIED.
MM INDICATES DATA IS MISSING.
T  INDICATES TRACE AMOUNT.

$$
