000
CXUS51 KBTV 011226
CLMBTV

CLIMATE REPORT
NATIONAL WEATHER SERVICE BURLINGTON VT
824 AM EDT SAT AUG 1 2015

...................................

...THE BURLINGTON VT CLIMATE SUMMARY FOR THE MONTH OF JULY 2015...

CLIMATE NORMAL PERIOD 1981 TO 2010
CLIMATE RECORD PERIOD 1884 TO 2015

WEATHER         OBSERVED          NORMAL  DEPART  LAST YEAR`S
                 VALUE   DATE(S)  VALUE   FROM    VALUE  DATE(S)
                                          NORMAL
................................................................
TEMPERATURE (F)
RECORD
 HIGH             100   07/14/1995
                        07/03/1911
 LOW               39   07/06/1962
HIGHEST            93   07/29        81      12       92  07/01
LOWEST             49   07/03        60     -11       52  07/30
AVG. MAXIMUM     81.9              80.9     1.0     81.3
AVG. MINIMUM     61.4              60.3     1.1     61.6
MEAN             71.7              70.6     1.1     71.5
DAYS MAX >= 90      2               2.2    -0.2        3
DAYS MAX <= 32      0               0.0     0.0        0
DAYS MIN <= 32      0               0.0     0.0        0
DAYS MIN <= 0       0               0.0     0.0        0

PRECIPITATION (INCHES)
RECORD
 MAXIMUM         9.31   1998
 MINIMUM         0.58   1933
TOTALS           4.67              4.16    0.51     5.54
DAILY AVG.       0.15              0.13    0.02     0.18
DAYS >= .01        15              12.0     3.0       11
DAYS >= .10        11               8.0     3.0        9
DAYS >= .50         2               2.8    -0.8        4
DAYS >= 1.00        1               1.0     0.0        3
GREATEST
 24 HR. TOTAL    2.04   07/01 TO 07/01           07/28 TO 07/28
                                                          07/31 TO 07/31
                                                          07/31 TO 07/31
 STORM TOTAL       MM                                 MM
 (MM/DD(HH))            MM                    07/28(00) TO 07/28(00)
                                                 07/31(00) TO 07/31(00)1
                                                 07/31(00) TO 07/31(00)1

DEGREE_DAYS
HEATING TOTAL       5                13      -8        1
 SINCE 7/1          5                13      -8        1
COOLING TOTAL     219               187      32      208
 SINCE 1/1        387               303      84      350
..................................................

WIND (MPH)
AVERAGE WIND SPEED              6.3
HIGHEST WIND SPEED/DIRECTION    26/280    DATE  07/21
HIGHEST GUST SPEED/DIRECTION    37/270    DATE  07/21

SKY COVER
POSSIBLE SUNSHINE (PERCENT)   MM
AVERAGE SKY COVER           0.50
NUMBER OF DAYS FAIR            8
NUMBER OF DAYS PC             22
NUMBER OF DAYS CLOUDY          1

AVERAGE RH (PERCENT)     66

WEATHER CONDITIONS. NUMBER OF DAYS WITH
THUNDERSTORM              0     MIXED PRECIP               0
HEAVY RAIN                3     RAIN                      11
LIGHT RAIN               18     FREEZING RAIN              0
LT FREEZING RAIN          0     HAIL                       0
HEAVY SNOW                0     SNOW                       0
LIGHT SNOW                0     SLEET                      0
FOG                      13     FOG W/VIS <= 1/4 MILE      0
HAZE                      3

-  INDICATES NEGATIVE NUMBERS.
R  INDICATES RECORD WAS SET OR TIED.
MM INDICATES DATA IS MISSING.
T  INDICATES TRACE AMOUNT.

$$
