000
CXUS51 KLWX 080056
CLMBWI

CLIMATE REPORT
NATIONAL WEATHER SERVICE BALTIMORE MD/WASHINGTON DC
856 PM EDT TUE JUL 7 2015

...................................

...THE BALTIMORE MD CLIMATE SUMMARY FOR THE MONTH OF JUNE 2015...

CLIMATE NORMAL PERIOD 1981 TO 2010
CLIMATE RECORD PERIOD 1870 TO 2015

WEATHER         OBSERVED          NORMAL  DEPART  LAST YEAR`S
                 VALUE   DATE(S)  VALUE   FROM    VALUE
                                          NORMAL
.............................................................
TEMPERATURE (F)
RECORD
 HIGH             105   06/29/1934
 LOW               40   06/11/1972
HIGHEST            94   06/23        95      -1
                        06/12
LOWEST             55   06/05        49       6
                        06/03
AVG. MAXIMUM     82.9              83.0    -0.1     83.0
AVG. MINIMUM     65.4              61.9     3.5     63.3
MEAN             74.1              72.4     1.7
DAYS MAX >= 90      6               5.2     0.8
DAYS MAX <= 32      0               0.0     0.0
DAYS MIN <= 32      0               0.0     0.0
DAYS MIN <= 0       0               0.0     0.0

PRECIPITATION (INCHES)
RECORD
 MAXIMUM         9.95   1972
 MINIMUM         0.15   1954
TOTALS          13.09R             3.46    9.63     3.95
DAILY AVG.       0.44              0.12    0.32
DAYS >= .01        16              10.6     5.4
DAYS >= .10        12               6.4     5.6
DAYS >= .50         7               2.3     4.7
DAYS >= 1.00        5               1.0     4.0
GREATEST
 24 HR. TOTAL    3.11   06/27 TO 06/27
                        06/26 TO 06/27
                        06/27 TO 06/27

DEGREE_DAYS
HEATING TOTAL      14                15      -1        2
 SINCE 7/1       4964              4764     200     5006
COOLING TOTAL     296               238      58      256
 SINCE 1/1        485               322     163      341
..............................................................

WIND (MPH)
AVERAGE WIND SPEED              6.1
HIGHEST WIND SPEED/DIRECTION    31/240    DATE  06/20
HIGHEST GUST SPEED/DIRECTION    40/240    DATE  06/20

SKY COVER
POSSIBLE SUNSHINE (PERCENT)   MM
AVERAGE SKY COVER           0.70
NUMBER OF DAYS FAIR            2
NUMBER OF DAYS PC             15
NUMBER OF DAYS CLOUDY         12

AVERAGE RH (PERCENT)     73

WEATHER CONDITIONS. NUMBER OF DAYS WITH
THUNDERSTORM             1O     MIXED PRECIP               0
HEAVY RAIN               10     RAIN                       9
LIGHT RAIN               19     FREEZING RAIN              0
LT FREEZING RAIN          0     HAIL                       0
HEAVY SNOW                0     SNOW                       0
LIGHT SNOW                0     SLEET                      0
FOG                      21     FOG W/VIS <= 1/4 MILE      0
HAZE                      8

-  INDICATES NEGATIVE NUMBERS.
R  INDICATES RECORD WAS SET OR TIED.
MM INDICATES DATA IS MISSING.
T  INDICATES TRACE AMOUNT.

&&

BALTIMORE MD...BALTIMORE-WASHINGTON INTERNATIONAL AIRPORT...

THE MONTHLY AVERAGE TEMPERATURE WAS ABOVE NORMAL. MONTHLY
PRECIPITATION WAS THE WETTEST ON RECORD FOR THE MONTH OF JUNE. THE
PREVIOUS WETTEST JUNE ON RECORD WAS 9.95 INCHES IN 1972...IN LARGE
PART DUE TO RAINFALL ASSOCIATED WITH HURRICANE AGNES.

TWO MAXIMUM DAILY RAINFALL RECORDS WERE BROKEN LAST MONTH.

A DAILY RAINFALL OF 2.50 INCHES ON THE 1ST BROKE THE OLD RECORD OF
2.14 INCHES SET IN 1979.

A DAILY RAINFALL OF 3.11 INCHES ON THE 27TH BROKE THE OLD RECORD OF
2.04 INCHES SET IN 1883.

$$

DFH/HTS
