691
CXUS51 KLWX 012116
CLMBWI

CLIMATE REPORT
NATIONAL WEATHER SERVICE BALTIMORE MD/WASHINGTON DC
516 PM EDT SAT APR 1 2017

...................................

...THE BALTIMORE MD CLIMATE SUMMARY FOR THE MONTH OF MARCH 2017...

CLIMATE NORMAL PERIOD 1981 TO 2010
CLIMATE RECORD PERIOD 1870 TO 2017

WEATHER         OBSERVED          NORMAL  DEPART  LAST YEAR`S
                 VALUE   DATE(S)  VALUE   FROM    VALUE
                                          NORMAL
.............................................................
TEMPERATURE (F)
RECORD
 HIGH              90   03/29/1945
 LOW                4   03/04/2014
HIGHEST            80   03/25        76       4
LOWEST             18   03/05        19      -1
AVG. MAXIMUM     53.8              53.6     0.2     61.2
AVG. MINIMUM     34.1              33.5     0.6     38.8
MEAN             43.9              43.6     0.3
DAYS MAX >= 90      0               0.0     0.0
DAYS MAX <= 32      1               0.6     0.4
DAYS MIN <= 32     15              14.2     0.8
DAYS MIN <= 0       0               0.0     0.0

PRECIPITATION (INCHES)
RECORD
 MAXIMUM         8.64   1994
 MINIMUM         0.18   2006
TOTALS           3.82              3.90   -0.08     2.10
DAILY AVG.       0.12              0.13   -0.01
DAYS >= .01        12              10.4     1.6
DAYS >= .10         7               7.0     0.0
DAYS >= .50         2               2.5    -0.5
DAYS >= 1.00        2               1.0     1.0
GREATEST
 24 HR. TOTAL    1.40   03/31 TO 03/31

SNOWFALL (INCHES)
RECORDS
 TOTAL           25.6   1892
TOTALS            2.3               1.9     0.4
SINCE 7/1         3.0              20.1   -17.1
SNOWDEPTH AVG.      0
DAYS >= TRACE       6               1.1     4.9
DAYS >= 1.0         1               0.5     0.5
GREATEST
 SNOW DEPTH         2   03/16
                        03/15
                        03/14
 24 HR TOTAL      1.6

DEGREE_DAYS
HEATING TOTAL     647               666     -19      460
 SINCE 7/1       3538              4261    -723     3481
COOLING TOTAL       0                 1      -1        4
 SINCE 1/1          0                 1      -1        4
..............................................................

WIND (MPH)
AVERAGE WIND SPEED              10.0
HIGHEST WIND SPEED/DIRECTION    39/270    DATE  03/15
HIGHEST GUST SPEED/DIRECTION    53/270    DATE  03/15

SKY COVER
POSSIBLE SUNSHINE (PERCENT)   MM
AVERAGE SKY COVER           0.60
NUMBER OF DAYS FAIR            7
NUMBER OF DAYS PC             12
NUMBER OF DAYS CLOUDY         12

AVERAGE RH (PERCENT)     59

WEATHER CONDITIONS. NUMBER OF DAYS WITH
THUNDERSTORM              1     MIXED PRECIP               0
HEAVY RAIN                2     RAIN                       3
LIGHT RAIN               14     FREEZING RAIN              1
LT FREEZING RAIN          2     HAIL                       0
HEAVY SNOW                1     SNOW                       4
LIGHT SNOW                6     SLEET                      2
FOG                      12     FOG W/VIS <= 1/4 MILE      2
HAZE                      1

-  INDICATES NEGATIVE NUMBERS.
R  INDICATES RECORD WAS SET OR TIED.
MM INDICATES DATA IS MISSING.
T  INDICATES TRACE AMOUNT.

&&

BALTIMORE MD...BALTIMORE-WASHINGTON INTERNATIONAL THURGOOD
MARSHALL AIRPORT...

THE MONTHLY AVERAGE TEMPERATURE...PRECIPITATION AND SNOWFALL WERE
ALL NEAR NORMAL.

THE AVERAGE MONTHLY TEMPERATURE FOR MARCH 2017 WAS LOWER THAN THE
MONTHLY AVERAGE TEMPERATURE FOR FEBRUARY 2017. THIS IS THE EIGHTH
TIME ON RECORD FEBRUARY AVERAGED AS WARM OR WARMER THAN MARCH...AND
THE FIRST TIME SINCE 1984.

A RECORD DAILY WARM LOW TEMPERATURE OF 55 DEGREES WAS SET ON THE
1ST...BREAKING THE OLD RECORD OF 53 SET IN 1910.

A RECORD DAILY COOL HIGH TEMPERATURE OF 31 DEGREES WAS SET ON THE
15TH...TYING THE RECORD PREVIOUSLY SET IN 1993.

CLIMATE RECORDS HAVE BEEN KEPT AT BALTIMORE-WASHINGTON INTERNATIONAL
THURGOOD MARSHALL AIRPORT SINCE 1950. ADDITIONAL TEMPERATURE
RECORDS FOR THE BALTIMORE MD AREA EXTEND BACK TO JULY OF 1872.
PRECIPITATION RECORDS EXTEND BACK TO JANUARY OF 1871. SNOWFALL
RECORDS BEGAN IN MARCH OF 1892.

ALL CLIMATE DATA ARE CONSIDERED PRELIMINARY UNTIL REVIEWED BY THE
NATIONAL CENTERS FOR ENVIRONMENTAL INFORMATION (NCEI).

$$

DH/LFR/BAJ
