565
CXUS51 KLWX 022341
CLMBWI

CLIMATE REPORT
NATIONAL WEATHER SERVICE BALTIMORE MD/WASHINGTON DC
741 PM EDT TUE MAY 02 2017

...................................

...THE BALTIMORE MD CLIMATE SUMMARY FOR THE MONTH OF APRIL 2017...

CLIMATE NORMAL PERIOD 1981 TO 2010
CLIMATE RECORD PERIOD 1870 TO 2017

WEATHER         OBSERVED          NORMAL  DEPART  LAST YEAR`S
                 VALUE   DATE(S)  VALUE   FROM    VALUE
                                          NORMAL
.............................................................
TEMPERATURE (F)
RECORD
 HIGH              94   04/25/1960
                        04/23/1960
                        04/20/1941
 LOW               15   04/01/1923
HIGHEST            89   04/29        85       4
LOWEST             34   04/09        29       5
AVG. MAXIMUM     70.5              64.6     5.9     65.8
AVG. MINIMUM     50.1              42.7     7.4     42.1
MEAN             60.3              53.7     6.6
DAYS MAX >= 90      0               0.2    -0.2
DAYS MAX <= 32      0               0.0     0.0
DAYS MIN <= 32      0               2.8    -2.8
DAYS MIN <= 0       0               0.0     0.0

PRECIPITATION (INCHES)
RECORD
 MAXIMUM         8.70   1889
 MINIMUM         0.39   1985
TOTALS           3.52              3.19    0.33     1.31
DAILY AVG.       0.12              0.11    0.01
DAYS >= .01         9              10.8    -1.8
DAYS >= .10         8               6.3     1.7
DAYS >= .50         2               2.4    -0.4
DAYS >= 1.00        1               0.6     0.4
GREATEST
 24 HR. TOTAL    1.45   04/06 TO 04/06

SNOWFALL (INCHES)
RECORDS
 TOTAL            9.4   1924
TOTALS            0.0                 T     0.0
SINCE 7/1         3.0              20.1   -17.1
SNOWDEPTH AVG.      0
DAYS >= TRACE       0               0.1    -0.1
DAYS >= 1.0         0               0.0     0.0
GREATEST
 SNOW DEPTH         0   MM
 24 HR TOTAL      0.0

DEGREE_DAYS
HEATING TOTAL     182               354    -172      344
 SINCE 7/1       3720              4615    -895     3825
COOLING TOTAL      49                13      36       23
 SINCE 1/1         49                14      35       27
..............................................................

WIND (MPH)
AVERAGE WIND SPEED              7.8
HIGHEST WIND SPEED/DIRECTION    41/280    DATE  04/06
HIGHEST GUST SPEED/DIRECTION    58/280    DATE  04/06

SKY COVER
POSSIBLE SUNSHINE (PERCENT)   MM
AVERAGE SKY COVER           0.70
NUMBER OF DAYS FAIR            1
NUMBER OF DAYS PC             15
NUMBER OF DAYS CLOUDY         14

AVERAGE RH (PERCENT)     67

WEATHER CONDITIONS. NUMBER OF DAYS WITH
THUNDERSTORM              3     MIXED PRECIP               0
HEAVY RAIN                3     RAIN                       7
LIGHT RAIN               13     FREEZING RAIN              0
LT FREEZING RAIN          0     HAIL                       0
HEAVY SNOW                0     SNOW                       0
LIGHT SNOW                0     SLEET                      0
FOG                      14     FOG W/VIS <= 1/4 MILE      2
HAZE                      3

-  INDICATES NEGATIVE NUMBERS.
R  INDICATES RECORD WAS SET OR TIED.
MM INDICATES DATA IS MISSING.
T  INDICATES TRACE AMOUNT.

&&

BALTIMORE MD...BALTIMORE-WASHINGTON INTERNATIONAL THURGOOD
MARSHALL AIRPORT...

THE MONTHLY AVERAGE TEMPERATURE WAS WELL ABOVE NORMAL...AND RANKED
AS THE SECOND WARMEST ON RECORD FOR APRIL. THE WARMEST APRIL ON
RECORD WAS 60.5 DEGREES IN 1941. MONTHLY PRECIPITATION WAS SLIGHTLY
ABOVE NORMAL.

A RECORD DAILY HIGH TEMPERATURE OF 87 DEGREES WAS SET ON THE 11TH.
THIS BROKE THE RECORD OF 85 SET IN 2011.

A RECORD DAILY WARM LOW TEMPERATURE OF 67 DEGREES WAS SET ON THE
29TH. THIS TIED THE RECORD PREVIOUSLY SET IN 1956.

CLIMATE RECORDS HAVE BEEN KEPT AT BALTIMORE-WASHINGTON INTERNATIONAL
THURGOOD MARSHALL AIRPORT SINCE 1950. ADDITIONAL TEMPERATURE RECORDS
FOR THE BALTIMORE MD AREA OBSERVED DOWNTOWN EXTEND BACK TO JULY OF
1872. PRECIPITATION RECORDS EXTEND BACK TO JANUARY OF 1871. SNOWFALL
RECORDS BEGAN IN MARCH OF 1892.

ALL CLIMATE DATA ARE CONSIDERED PRELIMINARY UNTIL REVIEWED BY THE
NATIONAL CENTERS FOR ENVIRONMENTAL INFORMATION (NCEI).

$$

DH/RCM
