000
CXUS55 KRIW 011929
CLMBYG

CLIMATE REPORT
NATIONAL WEATHER SERVICE RIVERTON WY
120 PM MDT TUE JUL 1 2014

...PRELIMINARY MONTHLY CLIMATE SUMMARY FOR THE JOHNSON COUNTY
AIRPORT NEAR BUFFALO FOR THE MONTH OF JUNE 2014...

...OFFICIAL CLIMATE DATA FOR THE MONTH OF JUNE 2014 WILL BE
AVAILABLE APPROXIMATELY IN AUGUST 2014 FROM THE NATIONAL CLIMATIC
DATA CENTER HTTP://WWW.NCDC.NOAA.GOV/OL/CLIMATEDATA.HTML).
UNOFFICIAL ASOS DAILY SUMMARIES ARE AVAILABLE ON THE INTERNET AT
HTTP://WWW.CRH.NOAA.GOV/RIW/CLIMATE/...

...BUFFALO WAS COOLER AND WETTER THAN NORMAL IN JUNE...

THE AVERAGE TEMPERATURE FOR BUFFALO IN JUNE WAS 58.1 DEGREES...WHICH
WAS 3.2 DEGREES BELOW NORMAL. THIS MAKES IT THE 3RD COLDEST JUNE ON
RECOED SINCE 1998. THE WARMEST DAILY HIGH WAS 84 DEGREES ON THE
13TH...AND THE COOLEST READING WAS 39 DEGREES ON THE 15TH.  A RECORD
LOW WAS SET ON THE 15TH WITH A READING OF 39 DEGREES...WHICH BROKE
THE OLD RECORD OF 41 DEGREES THAT WAS SET BACK IN 2010.

TOTAL PRECIPITATION FOR THE MONTH WAS 2.91 INCHES...WHICH WAS 128
PERCENT OF NORMAL. THIS MAKES IT THE 3RD WETTEST JUNE ON RECORD
SINCE 1998. THE WETTEST 24 HOUR PERIOD OF THE MONTH WAS ON THE
7TH...WHEN 0.88 OF AN INCH OF PRECIPITATION FELL. FIVE DAYS HAD
RECORD BREAKING RAINFALL...INCLUDING THE 17TH WITH 0.23 OF AN
INCH...THE 21ST WITH 0.10 OF AN INCH...THE 26TH WITH 0.28...THE 27
WITH 0.24 OF AN INCH...AND THE 28TH WITH 0.20 OF AN INCH. THE
HIGHEST WIND GUST WAS 56 MPH...WHICH OCCURRED ON THE 10TH.


...THE BUFFALO WY CLIMATE SUMMARY FOR THE MONTH OF JUNE 2014...

CLIMATE NORMAL PERIOD 1981 TO 2010
CLIMATE RECORD PERIOD 1998 TO 2014

WEATHER         OBSERVED          NORMAL  DEPART
                 VALUE   DATE(S)  VALUE   FROM
                                          NORMAL
................................................
TEMPERATURE (F)
RECORD
 HIGH             102   06/29/2002
 LOW               31   06/08/2009
HIGHEST            84   06/13
LOWEST             39   06/15
AVG. MAXIMUM     69.7              74.1    -4.4
AVG. MINIMUM     46.4              48.4    -2.0
MEAN             58.1              61.3    -3.2
DAYS MAX >= 90      0
DAYS MAX <= 32      0
DAYS MIN <= 32      0
DAYS MIN <= 0       0

PRECIPITATION (INCHES)
RECORD
 MAXIMUM         3.53   2005
 MINIMUM         0.73   2012
TOTALS           2.91              2.28    0.63
DAILY AVG.       0.10
DAYS >= .01        14
DAYS >= .10         9
DAYS >= .50         1
DAYS >= 1.00        0
GREATEST
 24 HR. TOTAL    0.88   06/07 TO 06/07

DEGREE_DAYS
HEATING TOTAL     206               163      43
 SINCE 7/1       7493              7417      76
COOLING TOTAL       5                51     -46
 SINCE 1/1         16                58     -42
.................................................

WIND (MPH)
AVERAGE WIND SPEED              9.4
HIGHEST WIND SPEED/DIRECTION    41/330    DATE  06/11
HIGHEST GUST SPEED/DIRECTION    56/340    DATE  06/10

SKY COVER
POSSIBLE SUNSHINE (PERCENT)   MM
AVERAGE SKY COVER           0.30
NUMBER OF DAYS FAIR           19
NUMBER OF DAYS PC              8
NUMBER OF DAYS CLOUDY          3

AVERAGE RH (PERCENT)     62

WEATHER CONDITIONS. NUMBER OF DAYS WITH
THUNDERSTORM             11     MIXED PRECIP               0
HEAVY RAIN                4     RAIN                       8
LIGHT RAIN               21     FREEZING RAIN              0
LT FREEZING RAIN          0     HAIL                       0
HEAVY SNOW                0     SNOW                       0
LIGHT SNOW                0     SLEET                      0
FOG                       7     FOG W/VIS <= 1/4 MILE      2
HAZE                      7

-  INDICATES NEGATIVE NUMBERS.
R  INDICATES RECORD WAS SET OR TIED.
MM INDICATES DATA IS MISSING.
T  INDICATES TRACE AMOUNT.

LOOKING AHEAD TO JULY 2014...THE AVERAGE HIGH TEMPERATURE ON THE
FIRST OF THE MONTH IS 81 DEGREES...AND THE AVERAGE LOW TEMPERATURE
IS 54 DEGREES. THE AVERAGE HIGH BY THE END OF THE MONTH IS 86
DEGREES...AND THE AVERAGE LOW TEMPERATURE IS 58. THE AVERAGE MONTHLY
PRECIPITATION IS 1.66 INCHES.

$$
