000
CXUS52 KCAE 011416
CLMCAE


CLIMATE REPORT
NATIONAL WEATHER SERVICE COLUMBIA SC
1012 AM EDT TUE AUG 1 2017

...................................

...THE COLUMBIA METRO AIRPORT SC CLIMATE SUMMARY FOR THE MONTH OF JULY 2017...

CLIMATE NORMAL PERIOD 1981 TO 2010
CLIMATE RECORD PERIOD 1887 TO 2017

WEATHER         OBSERVED          NORMAL  DEPART
                 VALUE   DATE(S)  VALUE   FROM
                                          NORMAL
................................................
TEMPERATURE (F)
RECORD
 HIGH             107   07/29/1952
                        07/24/1952
                        07/23/1952
 LOW               54   07/07/1951
                        07/08/1892
HIGHEST            98   07/15        MM      MM
LOWEST             62   07/31        MM      MM
AVG. MAXIMUM     93.7              92.7     1.0
AVG. MINIMUM     73.5              71.6     1.9
MEAN             83.6              82.2     1.4
DAYS MAX >= 90     26              23.0     3.0
DAYS MAX <= 32      0               0.0     0.0
DAYS MIN <= 32      0               0.0     0.0
DAYS MIN <= 0       0               0.0     0.0

PRECIPITATION (INCHES)
RECORD
 MAXIMUM        17.46   1991
 MINIMUM         0.57   1977
TOTALS           5.42              5.46   -0.04
DAILY AVG.       0.17              0.18   -0.01
DAYS >= .01        12              11.8     0.2
DAYS >= .10         9               7.7     1.3
DAYS >= .50         4               3.6     0.4
DAYS >= 1.00        1               1.7    -0.7
GREATEST
 24 HR. TOTAL    1.46   07/16 TO 07/16
 STORM TOTAL       MM
 (MM/DD(HH))            MM

SNOWFALL (INCHES)
RECORDS
 TOTAL             MM   MM
TOTALS            0.0               0.0     0.0
SINCE 7/1         0.0               0.0     0.0
DAYS >= TRACE       0               0.0     0.0
DAYS >= 1.0         0               0.0     0.0
GREATEST
 SNOW DEPTH         0   MM

DEGREE_DAYS
HEATING TOTAL       0                 0       0
 SINCE 7/1          0                 0       0
COOLING TOTAL     584               532      52
 SINCE 1/1       1563              1277     286

FREEZE DATES
RECORD
 EARLIEST     10/15/1991
 LATEST       04/03/1964
EARLIEST                        11/05
LATEST                          03/22
.................................................

WIND (MPH)
AVERAGE WIND SPEED              5.5
RESULTANT WIND SPEED/DIRECTION   2/217
HIGHEST WIND SPEED/DIRECTION    36/280    DATE  07/07
HIGHEST GUST SPEED/DIRECTION    44/280    DATE  07/07

SKY COVER
POSSIBLE SUNSHINE (PERCENT)   MM
AVERAGE SKY COVER           0.50
NUMBER OF DAYS FAIR           11
NUMBER OF DAYS PC             18
NUMBER OF DAYS CLOUDY          2

AVERAGE RH (PERCENT)     69

WEATHER CONDITIONS. NUMBER OF DAYS WITH
THUNDERSTORM             15     MIXED PRECIP               0
HEAVY RAIN                5     RAIN                       7
LIGHT RAIN               14     FREEZING RAIN              0
LT FREEZING RAIN          0     HAIL                       0
HEAVY SNOW                0     SNOW                       0
LIGHT SNOW                0     SLEET                      0
FOG                      10     FOG W/VIS <= 1/4 MILE      0
HAZE                      5

-  INDICATES NEGATIVE NUMBERS.
R  INDICATES RECORD WAS SET OR TIED.
MM INDICATES DATA IS MISSING.
T  INDICATES TRACE AMOUNT.

$$
