241
CXUS55 KGJT 011304
CLMCAG


CLIMATE REPORT
NATIONAL WEATHER SERVICE GRAND JUNCTION CO
558 AM MST SUN JAN 1 2017

...................................

...THE CRAIG CO CLIMATE SUMMARY FOR THE MONTH OF DECEMBER 2016...

CLIMATE NORMAL PERIOD 1981 TO 2010
CLIMATE RECORD PERIOD 9999 TO 9999

WEATHER         OBSERVED          NORMAL  DEPART  LAST YEAR`S
                 VALUE   DATE(S)  VALUE   FROM    VALUE  DATE(S)
                                          NORMAL
................................................................
TEMPERATURE (F)
HIGHEST            48   12/16        MM      MM       46  12/08
LOWEST            -17   12/18        MM      MM      -27  12/28
                                                          12/27
AVG. MAXIMUM     32.2              30.7     1.5     25.9
AVG. MINIMUM      5.8               4.4     1.4      0.5
MEAN             19.0              17.6     1.4     13.2
DAYS MAX >= 90      0               0.0     0.0        0
DAYS MAX <= 32     17              16.4     0.6       19
DAYS MIN <= 32     31              30.9     0.1       31
DAYS MIN <= 0      11              11.9    -0.9       14

PRECIPITATION (INCHES)
TOTALS           1.20              1.00    0.20     1.37
DAILY AVG.       0.04              0.03    0.01     0.04
DAYS >= .01         9                MM      MM       12
DAYS >= .10         4                MM      MM        3
DAYS >= .50         0                MM      MM        0
DAYS >= 1.00        0                MM      MM        0
GREATEST
 24 HR. TOTAL    0.53   12/10 TO 12/11              0.48

SNOWFALL (INCHES)
TOTALS             MM                MM      MM       MM
SINCE 7/1          MM                MM      MM       MM
SNOWDEPTH AVG.     MM                MM      MM       MM
DAYS >= 1.0        MM                MM      MM       MM
GREATEST
 SNOW DEPTH        MM                                 MM  MM
 24 HR TOTAL       MM                                 MM

DEGREE_DAYS
HEATING TOTAL    1418              1471     -53     1597
 SINCE 7/1       3056              3556    -500     3274
COOLING TOTAL       0                 0       0        0
 SINCE 1/1        201               142      59      187
.................................................................

WIND (MPH)
AVERAGE WIND SPEED              4.8
HIGHEST WIND SPEED/DIRECTION    39/210    DATE  12/15
HIGHEST GUST SPEED/DIRECTION    51/200    DATE  12/15

SKY COVER
POSSIBLE SUNSHINE (PERCENT)   MM
AVERAGE SKY COVER           0.60
NUMBER OF DAYS FAIR            7
NUMBER OF DAYS PC             14
NUMBER OF DAYS CLOUDY         10

AVERAGE RH (PERCENT)     69

WEATHER CONDITIONS. NUMBER OF DAYS WITH
THUNDERSTORM              0     MIXED PRECIP               0
HEAVY RAIN                0     RAIN                       0
LIGHT RAIN                3     FREEZING RAIN              0
LT FREEZING RAIN          0     HAIL                       0
HEAVY SNOW                1     SNOW                       3
LIGHT SNOW               16     SLEET                      0
FOG                      13     FOG W/VIS <= 1/4 MILE      2
HAZE                      5

-  INDICATES NEGATIVE NUMBERS.
R  INDICATES RECORD WAS SET OR TIED.
MM INDICATES DATA IS MISSING.
T  INDICATES TRACE AMOUNT.

$$
