000
CXUS55 KGJT 011226
CLMCAG


CLIMATE REPORT
NATIONAL WEATHER SERVICE GRAND JUNCTION CO
522 AM MST WED FEB 1 2017

...................................

...THE CRAIG CO CLIMATE SUMMARY FOR THE MONTH OF JANUARY 2017...

CLIMATE NORMAL PERIOD 1981 TO 2010
CLIMATE RECORD PERIOD 9999 TO 9999

WEATHER         OBSERVED          NORMAL  DEPART  LAST YEAR`S
                 VALUE   DATE(S)  VALUE   FROM    VALUE  DATE(S)
                                          NORMAL
................................................................
TEMPERATURE (F)
HIGHEST            45   01/09        MM      MM       43  01/30
LOWEST            -37   01/06        MM      MM      -29  01/01
AVG. MAXIMUM     28.0              29.4    -1.4     23.4
AVG. MINIMUM      4.4               2.0     2.4     -1.7
MEAN             16.2              15.7     0.5     10.8
DAYS MAX >= 90      0               0.0     0.0        0
DAYS MAX <= 32     19              17.6     1.4       25
DAYS MIN <= 32     31              30.8     0.2       31
DAYS MIN <= 0      12              14.3    -2.3       18

PRECIPITATION (INCHES)
TOTALS           1.82              0.88    0.94     1.40
DAILY AVG.       0.06              0.03    0.03     0.05
DAYS >= .01        16                MM      MM       17
DAYS >= .10         6                MM      MM        6
DAYS >= .50         1                MM      MM        0
DAYS >= 1.00        0                MM      MM        0
GREATEST
 24 HR. TOTAL    0.83   01/02 TO 01/03              0.30

SNOWFALL (INCHES)
TOTALS             MM                MM      MM       MM
SINCE 7/1          MM                MM      MM       MM
SNOWDEPTH AVG.     MM                MM      MM       MM
DAYS >= 1.0        MM                MM      MM       MM
GREATEST
 SNOW DEPTH        MM                                 MM  MM
 24 HR TOTAL       MM                                 MM

DEGREE_DAYS
HEATING TOTAL    1507              1528     -21     1673
 SINCE 7/1       4563              5084    -521     4947
COOLING TOTAL       0                 0       0        0
 SINCE 1/1          0                 0       0        0
.................................................................

WIND (MPH)
AVERAGE WIND SPEED              4.6
HIGHEST WIND SPEED/DIRECTION    39/220    DATE  01/09
HIGHEST GUST SPEED/DIRECTION    49/280    DATE  01/09

SKY COVER
POSSIBLE SUNSHINE (PERCENT)   MM
AVERAGE SKY COVER           0.70
NUMBER OF DAYS FAIR            6
NUMBER OF DAYS PC              7
NUMBER OF DAYS CLOUDY         18

AVERAGE RH (PERCENT)     76

WEATHER CONDITIONS. NUMBER OF DAYS WITH
THUNDERSTORM              0     MIXED PRECIP               0
HEAVY RAIN                0     RAIN                       0
LIGHT RAIN                2     FREEZING RAIN              0
LT FREEZING RAIN          0     HAIL                       0
HEAVY SNOW                4     SNOW                       9
LIGHT SNOW               20     SLEET                      0
FOG                      24     FOG W/VIS <= 1/4 MILE      7
HAZE                     14

-  INDICATES NEGATIVE NUMBERS.
R  INDICATES RECORD WAS SET OR TIED.
MM INDICATES DATA IS MISSING.
T  INDICATES TRACE AMOUNT.

$$
