000
CXUS51 KCLE 070259
CLMCAK


CLIMATE REPORT...CORRECTED
NATIONAL WEATHER SERVICE CLEVELAND OH
956 PM EST WED DEC 6 2017

...................................

...THE AKRON CANTON OH CLIMATE SUMMARY FOR THE SEASON, FROM
9/1/2017 TO 11/30/2017...

CLIMATE NORMAL PERIOD 1981 TO 2010
CLIMATE RECORD PERIOD 1887 TO 2017

WEATHER         OBSERVED          NORMAL  DEPART
                 VALUE   DATE(S)  VALUE   FROM
                                          NORMAL
................................................
TEMPERATURE (F)
RECORD
 HIGH              99   09/03/1953
                        09/02/1953
 LOW                    11/30/1958
HIGHEST            93   09/27
LOWEST             19   11/11
AVG. MAXIMUM     65.6              61.0     4.6
AVG. MINIMUM     46.1              43.2     2.9
MEAN             55.9              52.1     3.8
DAYS MAX >= 90      6               0.3
DAYS MAX <= 32      0               1.7
DAYS MIN <= 32     16              15.9
DAYS MIN <= 0       0               0.0

PRECIPITATION (INCHES)
RECORD
 MAXIMUM        19.79   1926
 MINIMUM         2.52   1953
TOTALS          11.91              9.58    2.33
DAYS >= .01        33              34.9
DAYS >= .10        17              19.9
DAYS >= .50         6               5.9
DAYS >= 1.00        4               1.8

SNOWFALL (INCHES)
RECORDS
 TOTAL           22.3   1950
TOTALS            0.1               3.4
DAYS >= TRACE       3
DAYS >= 1.0         0               1.2

DEGREE_DAYS
HEATING TOTAL     984              1239    -255
COOLING TOTAL     184                69     115
.................................................

WIND (MPH)
HIGHEST GUST SPEED/DIRECTION    53/290    DATE  09/04

SKY COVER
POSSIBLE SUNSHINE (PERCENT)   MM
NUMBER OF DAYS FAIR           25
NUMBER OF DAYS PC             34
NUMBER OF DAYS CLOUDY         32


WEATHER CONDITIONS. NUMBER OF DAYS WITH
THUNDERSTORM              0     MIXED PRECIP               0
HEAVY RAIN               11     RAIN                      15
LIGHT RAIN               34     FREEZING RAIN              0
LT FREEZING RAIN          0     HAIL                       0
HEAVY SNOW                0     SNOW                       2
LIGHT SNOW                3     SLEET                      0
FOG                      42     FOG W/VIS <= 1/4 MILE      6
HAZE                     16

-  INDICATES NEGATIVE NUMBERS.
R  INDICATES RECORD WAS SET OR TIED.
MM INDICATES DATA IS MISSING.
T  INDICATES TRACE AMOUNT.

$$
...CORRECTED AVG MAXIMUM AND MEAN TEMPERATURES...
