000
CXUS55 KABQ 011315
CLMCAO

ABQCLMCAO 000
TTAA00 KABQ 011313


CLIMATE REPORT
NATIONAL WEATHER SERVICE ALBUQUERQUE NM
715 AM MDT TUE NOV 1 2016

...................................

...THE CLAYTON  NM CLIMATE SUMMARY FOR THE MONTH OF OCTOBER 2016...

CLIMATE NORMAL PERIOD 1981 TO 2010
CLIMATE RECORD PERIOD 1896 TO 2016

WEATHER         OBSERVED          NORMAL  DEPART  LAST YEAR`S
                 VALUE   DATE(S)  VALUE   FROM    VALUE  DATE(S)
                                          NORMAL
................................................................
TEMPERATURE (F)
RECORD
 HIGH              93   10/03/2000
                        10/17/1926
 LOW                7   10/29/1917
HIGHEST            91   10/17        MM      MM       88  10/11
                        10/16
LOWEST             30   10/07        MM      MM       31  10/31
AVG. MAXIMUM     78.3              68.5     9.8     69.5
AVG. MINIMUM     45.7              41.1     4.6     46.7
MEAN             62.0              54.8     7.2     58.1
DAYS MAX >= 90      3               0.1     2.9        0
DAYS MAX <= 32      0               0.1    -0.1        0
DAYS MIN <= 32      1               3.6    -2.6        1
DAYS MIN <= 0       0               0.0     0.0        0

PRECIPITATION (INCHES)
RECORD
 MAXIMUM           MM   MM
 MINIMUM           MM   MM
TOTALS           0.03              1.11   -1.08     3.84
DAILY AVG.       0.00              0.04   -0.04     0.12
DAYS >= .01         1               4.7    -3.7       10
DAYS >= .10         0               2.5    -2.5        6
DAYS >= .50         0               0.5    -0.5        3
DAYS >= 1.00        0               0.3    -0.3        1
GREATEST
 24 HR. TOTAL    0.03   10/09 TO 10/09              1.48

SNOWFALL (INCHES)
RECORDS
 TOTAL             MM   MM
TOTALS              T               0.8    -0.8      0.0
SINCE 7/1           T               1.1    -1.1      0.0
SNOWDEPTH AVG.      0                MM      MM        0
DAYS >= 1.0         0               0.2    -0.2        0
GREATEST
 SNOW DEPTH         0   MM                             0  MM
 24 HR TOTAL        T   10/07 TO 10/07               0.0

DEGREE_DAYS
HEATING TOTAL     132               326    -194      226
 SINCE 7/1        171               410    -239      239
COOLING TOTAL      46                10      36       21
 SINCE 1/1       1115               909     206     1114
.................................................................

WIND (MPH)
AVERAGE WIND SPEED              11.9
HIGHEST WIND SPEED/DIRECTION    41/200    DATE  10/03
HIGHEST GUST SPEED/DIRECTION    53/200    DATE  10/03

SKY COVER
AVERAGE SKY COVER           0.00

AVERAGE RH (PERCENT)     47

WEATHER CONDITIONS. NUMBER OF DAYS WITH
THUNDERSTORM              0     MIXED PRECIP               0
HEAVY RAIN                0     RAIN                       0
LIGHT RAIN                6     FREEZING RAIN              0
LT FREEZING RAIN          0     HAIL                       0
HEAVY SNOW                0     SNOW                       0
LIGHT SNOW                1     SLEET                      0
FOG                       3     FOG W/VIS <= 1/4 MILE      0
HAZE                      4

-  INDICATES NEGATIVE NUMBERS.
R  INDICATES RECORD WAS SET OR TIED.
MM INDICATES DATA IS MISSING.
T  INDICATES TRACE AMOUNT.

$$
