380
CXUS55 KABQ 031328
CLMCAO

ABQCLMCAO 000
TTAA00 KABQ 011213


CLIMATE REPORT
NATIONAL WEATHER SERVICE ALBUQUERQUE NM
628 AM MST FRI MAR 3 2017

...................................

...THE CLAYTON  NM CLIMATE SUMMARY FOR THE MONTH OF FEBRUARY 2017...

CLIMATE NORMAL PERIOD 1981 TO 2010
CLIMATE RECORD PERIOD 1896 TO 2017

WEATHER         OBSERVED          NORMAL  DEPART  LAST YEAR`S
                 VALUE   DATE(S)  VALUE   FROM    VALUE  DATE(S)
                                          NORMAL
................................................................
TEMPERATURE (F)
RECORD
 HIGH              83   02/11/2017
                        02/07/2015
                        90/04/2353
 LOW              -18   02/11/1899
HIGHEST            83R  02/11        MM      MM       82  02/18
LOWEST             13   02/25        24     -11        8  02/03
                        02/03
AVG. MAXIMUM     61.5              51.3    10.2     58.7
AVG. MINIMUM     29.6              23.6     6.0     26.9
MEAN             45.6              37.5     8.1     42.8
DAYS MAX >= 90      0               0.0     0.0        0
DAYS MAX <= 32      0               2.1    -2.1        0
DAYS MIN <= 32     14              23.6    -9.6       21
DAYS MIN <= 0       0               0.6    -0.6        0

PRECIPITATION (INCHES)
RECORD
 MAXIMUM           MM   MM
 MINIMUM           MM   MM
TOTALS           0.25              0.34   -0.09     0.16
DAILY AVG.       0.01              0.01    0.00     0.01
DAYS >= .01         2               3.3    -1.3        4
DAYS >= .10         2               1.0     1.0        0
DAYS >= .50         0               0.2    -0.2        0
DAYS >= 1.00        0               0.0     0.0        0
GREATEST
 24 HR. TOTAL    0.19   02/12 TO 02/13              0.07

SNOWFALL (INCHES)
RECORDS
 TOTAL             MM   MM
TOTALS            1.0               3.9    -2.9      2.1
SINCE 7/1        11.4              19.5    -8.1     23.4
SNOWDEPTH AVG.      0                MM      MM        0
DAYS >= 1.0         0               1.3    -1.3        1
GREATEST
 SNOW DEPTH         0   MM                             1  02/23
 24 HR TOTAL      0.7   MM                           1.0

DEGREE_DAYS
HEATING TOTAL     538               771    -233      637
 SINCE 7/1       3020              3677    -657     3250
COOLING TOTAL       2                 0       2        0
 SINCE 1/1          2                 0       2        0
.................................................................

WIND (MPH)
AVERAGE WIND SPEED              13.3
HIGHEST WIND SPEED/DIRECTION    45/250    DATE  02/28
HIGHEST GUST SPEED/DIRECTION    58/250    DATE  02/28

SKY COVER
AVERAGE SKY COVER           0.10

AVERAGE RH (PERCENT)     50

WEATHER CONDITIONS. NUMBER OF DAYS WITH
THUNDERSTORM              0     MIXED PRECIP               0
HEAVY RAIN                0     RAIN                       0
LIGHT RAIN                2     FREEZING RAIN              1
LT FREEZING RAIN          0     HAIL                       0
HEAVY SNOW                0     SNOW                       0
LIGHT SNOW                3     SLEET                      0
FOG                       3     FOG W/VIS <= 1/4 MILE      0
HAZE                      1

-  INDICATES NEGATIVE NUMBERS.
R  INDICATES RECORD WAS SET OR TIED.
MM INDICATES DATA IS MISSING.
T  INDICATES TRACE AMOUNT.

$$
