237
CXUS55 KABQ 012014
CLMCAO

ABQCLMCAO 000
TTAA00 KABQ 012012


CLIMATE REPORT
NATIONAL WEATHER SERVICE ALBUQUERQUE NM
214 PM MDT THU SEP 1 2016

...................................

...THE CLAYTON  NM CLIMATE SUMMARY FOR THE MONTH OF AUGUST 2016...

CLIMATE NORMAL PERIOD 1981 TO 2010
CLIMATE RECORD PERIOD 1896 TO 2016

WEATHER         OBSERVED          NORMAL  DEPART  LAST YEAR`S
                 VALUE   DATE(S)  VALUE   FROM    VALUE  DATE(S)
                                          NORMAL
................................................................
TEMPERATURE (F)
RECORD
 HIGH             102   08/11/2012
                        08/20/2007
                        08/03/1944
 LOW               42   08/24/1928
                        08/23/1910
HIGHEST            94   08/01        MM      MM       97  08/06
LOWEST             54   08/20        MM      MM       53  08/23
AVG. MAXIMUM     84.3              86.2    -1.9     87.1
AVG. MINIMUM     59.2              60.3    -1.1     61.0
MEAN             71.7              73.3    -1.6     74.0
DAYS MAX >= 90      7               9.5    -2.5       12
DAYS MAX <= 32      0               0.0     0.0        0
DAYS MIN <= 32      0               0.0     0.0        0
DAYS MIN <= 0       0               0.0     0.0        0

PRECIPITATION (INCHES)
RECORD
 MAXIMUM           MM   MM
 MINIMUM           MM   MM
TOTALS           6.50              2.94    3.56     3.95
DAILY AVG.       0.21              0.09    0.12     0.13
DAYS >= .01        13               9.5     3.5       14
DAYS >= .10        11               5.8     5.2        5
DAYS >= .50         5               1.9     3.1        2
DAYS >= 1.00        1               0.7     0.3        2
GREATEST
 24 HR. TOTAL    2.90   08/05 TO 08/06              1.60

SNOWFALL (INCHES)
RECORDS
 TOTAL             MM   MM
TOTALS            0.0               0.0     0.0      0.0
SINCE 7/1         0.0               0.0     0.0      0.0
SNOWDEPTH AVG.      0                MM      MM        0
DAYS >= 1.0         0               0.0     0.0        0
GREATEST
 SNOW DEPTH         0   MM                             0  MM
 24 HR TOTAL      0.0   08/31 TO 08/31               0.0

DEGREE_DAYS
HEATING TOTAL       2                 4      -2        5
 SINCE 7/1          2                 6      -4        5
COOLING TOTAL     215               260     -45      292
 SINCE 1/1        939               797     142      882
.................................................................

WIND (MPH)
AVERAGE WIND SPEED              10.3
HIGHEST WIND SPEED/DIRECTION    46/300    DATE  08/19
HIGHEST GUST SPEED/DIRECTION    59/300    DATE  08/19

SKY COVER
AVERAGE SKY COVER           0.20

AVERAGE RH (PERCENT)     65

WEATHER CONDITIONS. NUMBER OF DAYS WITH
THUNDERSTORM              0     MIXED PRECIP               0
HEAVY RAIN                9     RAIN                       6
LIGHT RAIN               19     FREEZING RAIN              0
LT FREEZING RAIN          0     HAIL                       0
HEAVY SNOW                0     SNOW                       0
LIGHT SNOW                0     SLEET                      0
FOG                      14     FOG W/VIS <= 1/4 MILE      0
HAZE                      2

-  INDICATES NEGATIVE NUMBERS.
R  INDICATES RECORD WAS SET OR TIED.
MM INDICATES DATA IS MISSING.
T  INDICATES TRACE AMOUNT.

$$
