000
CXUS55 KABQ 011754
CLMCAO

ABQCLMCAO 000
TTAA00 KABQ 011638


CLIMATE REPORT
NATIONAL WEATHER SERVICE ALBUQUERQUE NM
1153 AM MDT WED JUL 1 2015

...................................

...THE CLAYTON  NM CLIMATE SUMMARY FOR THE MONTH OF JUNE 2015...

CLIMATE NORMAL PERIOD 1981 TO 2010
CLIMATE RECORD PERIOD 1896 TO 2015

WEATHER         OBSERVED          NORMAL  DEPART  LAST YEAR`S
                 VALUE   DATE(S)  VALUE   FROM    VALUE  DATE(S)
                                          NORMAL
................................................................
TEMPERATURE (F)
RECORD
 HIGH             105   06/27/1924
 LOW               31   06/02/1919
HIGHEST            97   06/22        MM      MM      100  06/30
LOWEST             55   06/15        MM      MM       46  06/10
AVG. MAXIMUM     86.2              84.6     1.6     86.5
AVG. MINIMUM     59.4              56.1     3.3     58.5
MEAN             72.8              70.4     2.4     72.5
DAYS MAX >= 90      7               8.4    -1.4       13
DAYS MAX <= 32      0               0.0     0.0        0
DAYS MIN <= 32      0               0.0     0.0        0
DAYS MIN <= 0       0               0.0     0.0        0

PRECIPITATION (INCHES)
RECORD
 MAXIMUM           MM   MM
 MINIMUM           MM   MM
TOTALS           1.56              2.13   -0.57     1.89
DAILY AVG.       0.05              0.07   -0.02     0.06
DAYS >= .01         8               7.7     0.3        6
DAYS >= .10         3               4.7    -1.7        3
DAYS >= .50         1               1.3    -0.3        1
DAYS >= 1.00        0               0.4    -0.4        1
GREATEST
 24 HR. TOTAL    0.80   06/12 TO 06/12              1.03

SNOWFALL (INCHES)
RECORDS
 TOTAL             MM   MM
TOTALS            0.0               0.0     0.0      0.0
SINCE 7/1        26.1              28.0    -1.9      9.8
SNOWDEPTH AVG.      0                MM      MM        0
DAYS >= 1.0         0               0.0     0.0        0
GREATEST
 SNOW DEPTH         0   MM                             0  MM
 24 HR TOTAL      0.0   06/30 TO 06/30               0.0

DEGREE_DAYS
HEATING TOTAL       2                23     -21       14
 SINCE 7/1       4470              4884    -414     4813
COOLING TOTAL     245               183      62      245
 SINCE 1/1        250               234      16      340
.................................................................

WIND (MPH)
AVERAGE WIND SPEED              11.2
HIGHEST WIND SPEED/DIRECTION    36/260    DATE  06/07
HIGHEST GUST SPEED/DIRECTION    57/120    DATE  06/18

SKY COVER
AVERAGE SKY COVER           0.10

AVERAGE RH (PERCENT)     59

WEATHER CONDITIONS. NUMBER OF DAYS WITH
THUNDERSTORM              0     MIXED PRECIP               0
HEAVY RAIN                2     RAIN                       2
LIGHT RAIN               11     FREEZING RAIN              0
LT FREEZING RAIN          0     HAIL                       0
HEAVY SNOW                0     SNOW                       0
LIGHT SNOW                0     SLEET                      0
FOG                       4     FOG W/VIS <= 1/4 MILE      2
HAZE                      2

-  INDICATES NEGATIVE NUMBERS.
R  INDICATES RECORD WAS SET OR TIED.
MM INDICATES DATA IS MISSING.
T  INDICATES TRACE AMOUNT.

$$
