000
CXUS51 KCAR 011233
CLMCAR


CLIMATE REPORT
NATIONAL WEATHER SERVICE CARIBOU, ME
833 AM EDT WED JUL 1 2015

...................................

...THE CARIBOU ME CLIMATE SUMMARY FOR THE MONTH OF JUNE 2015...

CLIMATE NORMAL PERIOD 1981 TO 2010
CLIMATE RECORD PERIOD 1939 TO 2015

WEATHER         OBSERVED          NORMAL  DEPART  LAST YEAR`S
                 VALUE   DATE(S)  VALUE   FROM    VALUE  DATE(S)
                                          NORMAL
................................................................
TEMPERATURE (F)
RECORD
 HIGH              96   06/29/1944
 LOW               30   06/07/1958
HIGHEST            77   06/18        MM      MM       89  06/30
LOWEST             38   06/07        MM      MM       44  06/11
AVG. MAXIMUM     67.1              71.5    -4.4     74.1
AVG. MINIMUM     48.7              49.8    -1.1     51.8
MEAN             57.9              60.7    -2.8     63.0
DAYS MAX >= 90      0               0.2    -0.2        0
DAYS MAX <= 32      0               0.0     0.0        0
DAYS MIN <= 32      0               0.0     0.0        0
DAYS MIN <= 0       0               0.0     0.0        0

PRECIPITATION (INCHES)
RECORD
 MAXIMUM         9.03   2011
 MINIMUM         0.88   1983
TOTALS           4.25                      0.77
DAILY AVG.       0.14              0.12    0.02     0.09
DAYS >= .01        16              13.5     2.5       11
DAYS >= .10        11               7.9     3.1        7
DAYS >= .50         2               2.2    -0.2        3
DAYS >= 1.00        1               0.5     0.5        0
GREATEST
 24 HR. TOTAL    1.35   06/08 TO 06/09           06/13 TO 06/14
                                                          06/30 TO 06/30
                                                          06/30 TO 06/30

SNOWFALL (INCHES)
RECORDS
 TOTAL              T   2011
TOTALS            0.0               0.0     0.0      0.0
SINCE 7/1       142.1             108.7    33.4    150.7
SNOWDEPTH AVG.      0                MM      MM        0
DAYS >= 1.0         0               0.0     0.0        0
GREATEST
 SNOW DEPTH         0   MM                             0  MM
 24 HR TOTAL      0.0   06/30 TO 06/30           06/30 TO 06/30
                                                          06/30 TO 06/30
                                                          06/30 TO 06/30

DEGREE_DAYS
HEATING TOTAL     212               165      47       89
 SINCE 7/1       9502              9354     148     9501
COOLING TOTAL       6                34     -28       36
 SINCE 1/1         27                39     -12       39
.................................................

WIND (MPH)
AVERAGE WIND SPEED              6.8
HIGHEST WIND SPEED/DIRECTION    24/260    DATE  06/11
HIGHEST GUST SPEED/DIRECTION    34/260    DATE  06/11

SKY COVER
POSSIBLE SUNSHINE (PERCENT)   MM
AVERAGE SKY COVER           0.50
NUMBER OF DAYS FAIR           11
NUMBER OF DAYS PC             11
NUMBER OF DAYS CLOUDY          8

AVERAGE RH (PERCENT)     69

WEATHER CONDITIONS. NUMBER OF DAYS WITH
THUNDERSTORM              0     MIXED PRECIP               0
HEAVY RAIN                6     RAIN                      10
LIGHT RAIN               19     FREEZING RAIN              0
LT FREEZING RAIN          0     HAIL                       0
HEAVY SNOW                0     SNOW                       0
LIGHT SNOW                0     SLEET                      0
FOG                      18     FOG W/VIS <= 1/4 MILE      5
HAZE                      2

-  INDICATES NEGATIVE NUMBERS.
R  INDICATES RECORD WAS SET OR TIED.
MM INDICATES DATA IS MISSING.
T  INDICATES TRACE AMOUNT.
--------------------------------------------------------------------------------------

...NORTHERN AND EASTERN MAINE MONTHLY AREA CLIMATE NARRATIVE...

JUNE 2015 FEATURED WELL BELOW NORMAL TEMPERATURES AND ABOVE NORMAL
PRECIPITATION. TEMPERATURES AVERAGED FROM 2.5 TO 4 DEGREES BELOW
NORMAL. PRECIPITATION WAS MORE VARIABLE ACROSS THE REGION...BUT IN
MOST AREAS RANGED FROM 120 TO 170 PERCENT OF NORMAL.

AT CARIBOU...THE AVERAGE TEMPERATURE OF 57.9 DEGREES WAS 2.7 DEGREES
BELOW NORMAL.  IT WAS THE COOLEST JUNE SINCE 2002 AND RANKED AS THE
12TH COOLEST JUNE ON RECORD.  THERE WERE ONLY 7 DAYS DURING THE
ENTIRE MONTH WHEN THE AVERAGE TEMPERATURE WAS ABOVE NORMAL.  THE 2ND
WAS AN UNUSUALLY COOL DAY WITH A HIGH OF ONLY 48 DEGREES. THE HIGH
TEMPERATURE FOR THE ENTIRE MONTH WAS 77 DEGREES ON THE 18TH. THIS
WAS ONLY THE 2ND TIME THAT THE HIGH TEMPERATURE DID NOT REACH 80
DEGREES DURING THE MONTH OF JUNE.  THE LAST TIME WAS IN 1985.

AT BANGOR...THE AVERAGE TEMPERATURE OF 59.5 DEGREES WAS 3.7 DEGREES
BELOW NORMAL.  IT WAS THE COOLEST JUNE SINCE 1977...AND RANKED AS
THE 5TH COOLEST JUNE ON RECORD.  THERE WERE ONLY 6 DAYS ALL MONTH
WHEN THE AVERAGE TEMPERATURE WAS ABOVE NORMAL.  THE 2ND WAS
UNUSUALLY COOL WITH A RECORD LOW HIGH TEMPERATURE OF ONLY 47
DEGREES. THIS WAS ONLY THE 2ND TIME ON RECORD WHEN THE HIGH
TEMPERATURE FAILED TO GET OUT OF THE 40S DURING THE MONTH OF
JUNE...AND WAS ONLY 1 DEGREE SHY OF THE ALL-TIME RECORD LOW HIGH
TEMPERATURE FOR THE MONTH OF 46 DEGREES...WHICH WAS SET ON JUNE 9,
1956.  ON THE MORNING OF THE 7TH THE LOW OF 36 DEGREES WAS A DAILY
RECORD...AND BROKE THE RECORD OF 37 DEGREES SET IN 1958.

THE FIRST HALF OF THE YEAR FROM JANUARY 1 THROUGH JUNE 30TH WAS THE
COLDEST EVER ON RECORD AT BANGOR WITH AN AVERAGE TEMPERATURE OF 34
DEGREES. AT CARIBOU IT TIED WITH 1994 AS THE 7TH COLDEST FIRST HALF
OF THE YEAR ON RECORD WITH AN AVERAGE TEMPERATURE OF 30.4 DEGREES.

A TOTAL OF 4.25 INCHES OF RAIN WAS OBSERVED AT CARIBOU...WHICH WAS
77 HUNDREDTHS OF AN INCH (0.77") ABOVE NORMAL.  AT BANGOR...A TOTAL
OF 4.90 INCHES OF RAIN WAS OBSERVED...WHICH WAS 1.14 INCHES ABOVE
NORMAL.

THE OUTLOOK FROM THE CLIMATE PREDICATION CENTER
HTTP://WWW.CPC.NCEP.NOAA.GOV/ FOR JULY INDICATES NO STRONG CLIMATE
SIGNALS THAT WOULD POINT TOWARD AN UNUSUALLY HOT OR COOL JULY OR AN
UNUSUALLY WET OR DRY MONTH. JULY IS TYPICALLY THE WARMEST MONTH OF THE
YEAR WITH AVERAGE TEMPERATURES PEAKING OUT AROUND THE MIDDLE OF THE
MONTH.  THE AVERAGE HIGH PEAKS OUT AT 76 (80) AT CARIBOU (BANGOR)
AND THE AVERAGE LOW PEAKS OUT AT 56 (58) AT BANGOR. NEARLY AN HOUR OF
DAYLIGHT IS LOST DURING THE MONTH OF JULY. SEVERE WEATHER TYPICALLY
PEAKS DURING THE MONTH OF JULY WITH ON AVERAGE MORE REPORTS OF
HAIL...DAMAGING WINDS...AND TORNADOES THAN ANY OTHER MONTH.

$$

CB/VJN
