000
CXUS56 KMTR 012218
CLMCCR


CLIMATE REPORT
NATIONAL WEATHER SERVICE SAN FRANCISCO BAY AREA
317 PM PDT WED OCT 1 2014

...................................

...THE CONCORD AIRPORT CLIMATE SUMMARY FOR THE MONTH OF SEPTEMBER 2014...

CLIMATE NORMAL PERIOD 1981 TO 2010
CLIMATE RECORD PERIOD 1999 TO 2014

WEATHER         OBSERVED          NORMAL  DEPART  LAST YEAR`S
                 VALUE   DATE(S)  VALUE   FROM    VALUE  DATE(S)
                                          NORMAL
................................................................
TEMPERATURE (F)
RECORD
 HIGH             103   MM
 LOW               47   09/26/2013
HIGHEST            97   09/12                         98  09/09
                        09/11
                        09/10
LOWEST             52   09/10                         47  09/26
AVG. MAXIMUM     84.8                               81.8
AVG. MINIMUM     58.5                               56.5
MEAN             71.7                               69.1
DAYS MAX >= 90      6                                  5
DAYS MAX <= 32      0                                  0
DAYS MIN <= 32      0                                  0
DAYS MIN <= 0       0                                  0

PRECIPITATION (INCHES)
TOTALS           0.28              0.16    0.12     0.66
DAILY AVG.       0.01                               0.02
DAYS >= .01         2                                  2
DAYS >= .10         1                                  1
DAYS >= .50         0                                  1
DAYS >= 1.00        0                                  0
GREATEST
 24 HR. TOTAL    0.27   09/25 TO 09/25           09/21 TO 09/22
                                                          09/30 TO 09/30
                                                          09/30 TO 09/30

DEGREE_DAYS
HEATING TOTAL       0                                 12
 SINCE 7/1          0                                 18
COOLING TOTAL     207                                143
 SINCE 1/1       1007                                819
.................................................

WIND (MPH)
AVERAGE WIND SPEED              7.7
RESULTANT WIND SPEED/DIRECTION   5/252
HIGHEST WIND SPEED/DIRECTION    22/230    DATE  09/17
HIGHEST GUST SPEED/DIRECTION    37/280    DATE  09/22

SKY COVER
POSSIBLE SUNSHINE (PERCENT)   MM
AVERAGE SKY COVER           0.20
NUMBER OF DAYS FAIR           25
NUMBER OF DAYS PC              5
NUMBER OF DAYS CLOUDY          0

AVERAGE RH (PERCENT)     59

WEATHER CONDITIONS. NUMBER OF DAYS WITH
THUNDERSTORM              0     MIXED PRECIP               0
HEAVY RAIN                0     RAIN                       1
LIGHT RAIN                4     FREEZING RAIN              0
LT FREEZING RAIN          0     HAIL                       0
HEAVY SNOW                0     SNOW                       0
LIGHT SNOW                0     SLEET                      0
FOG                       4     FOG W/VIS <= 1/4 MILE      0
HAZE                      1

-  INDICATES NEGATIVE NUMBERS.
R  INDICATES RECORD WAS SET OR TIED.
MM INDICATES DATA IS MISSING.
T  INDICATES TRACE AMOUNT.

$$
