000
CXUS55 KCYS 161633
CLMCDR


CLIMATE REPORT
NATIONAL WEATHER SERVICE CHEYENNE WY
1033 AM MDT TUE JUN 16 2015

...................................

...THE CHADRON NE AIRPORT CLIMATE SUMMARY FOR THE MONTH OF MAY 2015...

CLIMATE NORMAL PERIOD 1981 TO 2010
CLIMATE RECORD PERIOD 1895 TO 2015

WEATHER         OBSERVED          NORMAL  DEPART  LAST YEAR`S
                 VALUE   DATE(S)  VALUE   FROM    VALUE
                                          NORMAL
.............................................................
TEMPERATURE (F)
RECORD
 HIGH              99   05/22/2012
 LOW               15   05/08/2010
                        05/02/2005
HIGHEST            83   05/02        MM      MM       90
LOWEST             28   05/21        MM      MM       27
AVG. MAXIMUM     62.9              70.7    -7.8     68.5
AVG. MINIMUM     41.3              41.0     0.3     44.1
MEAN             52.1              55.8    -3.7     56.3
DAYS MAX >= 90      0               1.0                1
DAYS MAX <= 32      0               0.0                0
DAYS MIN <= 32      6               4.5                6
DAYS MIN <= 0       0               0.0                0

PRECIPITATION (INCHES)
RECORD
 MAXIMUM         6.83   1988
 MINIMUM         0.00   2011
TOTALS           6.65              2.76    3.89     4.08
DAYS >= .01        18              10.8     7.2       12
DAYS >= .10        12               6.2     5.8        6
DAYS >= .50         6               1.8     4.2        4
DAYS >= 1.00        1               0.5     0.5        1
GREATEST
 24 HR. TOTAL    2.15   05/09 TO 05/09

DEGREE_DAYS
HEATING TOTAL     391               302      89      292
 SINCE 7/1       6551              7065    -514     7210
COOLING TOTAL       0                18     -18       30
 SINCE 1/1          0                20     -20       31
..............................................................

WIND (MPH)
AVERAGE WIND SPEED              8.7
HIGHEST WIND SPEED/DIRECTION    33/310    DATE  05/17
HIGHEST GUST SPEED/DIRECTION    45/310    DATE  05/17

SKY COVER
POSSIBLE SUNSHINE (PERCENT)   MM
AVERAGE SKY COVER           0.60
NUMBER OF DAYS FAIR            9
NUMBER OF DAYS PC             10
NUMBER OF DAYS CLOUDY         12

AVERAGE RH (PERCENT)     74

WEATHER CONDITIONS. NUMBER OF DAYS WITH
THUNDERSTORM              0     MIXED PRECIP               0
HEAVY RAIN                3     RAIN                       7
LIGHT RAIN               18     FREEZING RAIN              0
LT FREEZING RAIN          0     HAIL                       0
HEAVY SNOW                2     SNOW                       2
LIGHT SNOW                4     SLEET                      0
FOG                      16     FOG W/VIS <= 1/4 MILE      3
HAZE                      2

-  INDICATES NEGATIVE NUMBERS.
R  INDICATES RECORD WAS SET OR TIED.
MM INDICATES DATA IS MISSING.
T  INDICATES TRACE AMOUNT.

$$
