000
CXUS55 KCYS 131919
CLMCDR


CLIMATE REPORT
NATIONAL WEATHER SERVICE CHEYENNE WY
118 PM MDT WED AUG 13 2014

...................................

...THE CHADRON NE AIRPORT CLIMATE SUMMARY FOR THE MONTH OF JULY 2014...

CLIMATE NORMAL PERIOD 1981 TO 2010
CLIMATE RECORD PERIOD 1895 TO 2014

WEATHER         OBSERVED          NORMAL  DEPART  LAST YEAR`S
                 VALUE   DATE(S)  VALUE   FROM    VALUE
                                          NORMAL
.............................................................
TEMPERATURE (F)
RECORD
 HIGH             112   07/15/2006
 LOW               38   07/30/1971
HIGHEST           108   07/24        MM      MM      101
LOWEST             42   07/02        MM      MM       52
AVG. MAXIMUM     89.6              89.8    -0.2     89.4
AVG. MINIMUM     55.9              57.4    -1.5     60.6
MEAN             72.8              73.6    -0.8     75.0
DAYS MAX >= 90     15              15.6               19
DAYS MAX <= 32      0               0.0                0
DAYS MIN <= 32      0               0.0                0
DAYS MIN <= 0       0               0.0                0

PRECIPITATION (INCHES)
RECORD
 MAXIMUM         5.53   1997
 MINIMUM            T   2011
TOTALS           0.66              2.11   -1.45     2.08
DAYS >= .01         5               7.9    -2.9       12
DAYS >= .10         2               4.6    -2.6        7
DAYS >= .50         0               1.4    -1.4        0
DAYS >= 1.00        0               0.4    -0.4        0
GREATEST
 24 HR. TOTAL    0.44   07/22 TO 07/23

DEGREE_DAYS
HEATING TOTAL      11                10       1        0
 SINCE 7/1         11                10       1        0
COOLING TOTAL     259               276     -17      318
 SINCE 1/1        344               404     -60      458
..............................................................

WIND (MPH)
AVERAGE WIND SPEED              8.4
HIGHEST WIND SPEED/DIRECTION    56/300    DATE  07/22
HIGHEST GUST SPEED/DIRECTION    73/300    DATE  07/22

SKY COVER
POSSIBLE SUNSHINE (PERCENT)   MM
AVERAGE SKY COVER           0.10
NUMBER OF DAYS FAIR           26
NUMBER OF DAYS PC              5
NUMBER OF DAYS CLOUDY          0

AVERAGE RH (PERCENT)     58

WEATHER CONDITIONS. NUMBER OF DAYS WITH
THUNDERSTORM              0     MIXED PRECIP               0
HEAVY RAIN                1     RAIN                       3
LIGHT RAIN                7     FREEZING RAIN              0
LT FREEZING RAIN          0     HAIL                       0
HEAVY SNOW                0     SNOW                       0
LIGHT SNOW                0     SLEET                      0
FOG                       5     FOG W/VIS <= 1/4 MILE      0
HAZE                      5

-  INDICATES NEGATIVE NUMBERS.
R  INDICATES RECORD WAS SET OR TIED.
MM INDICATES DATA IS MISSING.
T  INDICATES TRACE AMOUNT.

$$
