000
CXUS55 KCYS 082117
CLMCDR


CLIMATE REPORT
NATIONAL WEATHER SERVICE CHEYENNE WY
216 PM MST MON DEC 8 2014

...................................

...THE CHADRON NE AIRPORT CLIMATE SUMMARY FOR THE MONTH OF NOVEMBER 2014...

CLIMATE NORMAL PERIOD 1981 TO 2010
CLIMATE RECORD PERIOD 1895 TO 2014

WEATHER         OBSERVED          NORMAL  DEPART  LAST YEAR`S
                 VALUE   DATE(S)  VALUE   FROM    VALUE
                                          NORMAL
.............................................................
TEMPERATURE (F)
RECORD
 HIGH              81   11/02/2008
                        11/08/1999
 LOW              -20   11/13/1986
HIGHEST            69   11/28        MM      MM       66
                        11/01
LOWEST            -13   11/13        MM      MM       -9
AVG. MAXIMUM     44.7              48.5    -3.8     49.2
AVG. MINIMUM     16.6              19.4    -2.8     19.4
MEAN             30.6              34.0    -3.4     34.3
DAYS MAX >= 90      0               0.0                0
DAYS MAX <= 32      8               3.9                2
DAYS MIN <= 32     26              26.6               29
DAYS MIN <= 0       5               1.6                2

PRECIPITATION (INCHES)
RECORD
 MAXIMUM         1.62   1998
 MINIMUM         0.00   1989
                        1939
TOTALS           0.42              0.62   -0.20     0.48
DAYS >= .01         5               4.0     1.0        5
DAYS >= .10         3               2.0     1.0        1
DAYS >= .50         0               0.2    -0.2        0
DAYS >= 1.00        0               0.0     0.0        0
GREATEST
 24 HR. TOTAL    0.18   11/14 TO 11/15

DEGREE_DAYS
HEATING TOTAL    1022               931      91      915
 SINCE 7/1       1605              1684     -79     1636
COOLING TOTAL       0                 0       0        0
 SINCE 1/1        647               712     -65      917
..............................................................

WIND (MPH)
AVERAGE WIND SPEED              9.4
HIGHEST WIND SPEED/DIRECTION    38/310    DATE  11/16
HIGHEST GUST SPEED/DIRECTION    48/310    DATE  11/16

SKY COVER
POSSIBLE SUNSHINE (PERCENT)   MM
AVERAGE SKY COVER           0.30
NUMBER OF DAYS FAIR           18
NUMBER OF DAYS PC              7
NUMBER OF DAYS CLOUDY          4

AVERAGE RH (PERCENT)     57

WEATHER CONDITIONS. NUMBER OF DAYS WITH
THUNDERSTORM              0     MIXED PRECIP               0
HEAVY RAIN                1     RAIN                       1
LIGHT RAIN                2     FREEZING RAIN              0
LT FREEZING RAIN          0     HAIL                       0
HEAVY SNOW                0     SNOW                       4
LIGHT SNOW                8     SLEET                      0
FOG                       6     FOG W/VIS <= 1/4 MILE      1
HAZE                      8

-  INDICATES NEGATIVE NUMBERS.
R  INDICATES RECORD WAS SET OR TIED.
MM INDICATES DATA IS MISSING.
T  INDICATES TRACE AMOUNT.

$$
