000
CXUS55 KCYS 052050
CLMCDR


CLIMATE REPORT
NATIONAL WEATHER SERVICE CHEYENNE WY
150 PM MST WED NOV 5 2014

...................................

...THE CHADRON NE AIRPORT CLIMATE SUMMARY FOR THE MONTH OF OCTOBER 2014...

CLIMATE NORMAL PERIOD 1981 TO 2010
CLIMATE RECORD PERIOD 1895 TO 2014

WEATHER         OBSERVED          NORMAL  DEPART  LAST YEAR`S
                 VALUE   DATE(S)  VALUE   FROM    VALUE
                                          NORMAL
.............................................................
TEMPERATURE (F)
RECORD
 HIGH              95   10/05/1947
 LOW              -10   10/28/1925
HIGHEST            85   10/15        MM      MM       74
LOWEST             18   10/29        MM      MM       26
AVG. MAXIMUM     68.0              63.9     4.1     55.4
AVG. MINIMUM     34.6              31.3     3.3     33.5
MEAN             51.3              47.6     3.7     44.4
DAYS MAX >= 90      0               0.4                0
DAYS MAX <= 32      0               0.5                1
DAYS MIN <= 32     14              15.9               13
DAYS MIN <= 0       0               0.1                0

PRECIPITATION (INCHES)
RECORD
 MAXIMUM         3.64   1998
 MINIMUM         0.00   1989
TOTALS           0.37              1.31   -0.94     3.57
DAYS >= .01         4               5.7    -1.7        9
DAYS >= .10         1               3.4    -2.4        7
DAYS >= .50         0               0.7    -0.7        2
DAYS >= 1.00        0               0.1    -0.1        1
GREATEST
 24 HR. TOTAL    0.27   10/12 TO 10/12

DEGREE_DAYS
HEATING TOTAL     419               542    -123      631
 SINCE 7/1        583               753    -170      721
COOLING TOTAL       0                 2      -2        0
 SINCE 1/1        647               712     -65      917
..............................................................

WIND (MPH)
AVERAGE WIND SPEED              8.8
HIGHEST WIND SPEED/DIRECTION    36/280    DATE  10/26
HIGHEST GUST SPEED/DIRECTION    50/310    DATE  10/05

SKY COVER
POSSIBLE SUNSHINE (PERCENT)   MM
AVERAGE SKY COVER           0.20
NUMBER OF DAYS FAIR           24
NUMBER OF DAYS PC              7
NUMBER OF DAYS CLOUDY          0

AVERAGE RH (PERCENT)     61

WEATHER CONDITIONS. NUMBER OF DAYS WITH
THUNDERSTORM              0     MIXED PRECIP               0
HEAVY RAIN                1     RAIN                       1
LIGHT RAIN               12     FREEZING RAIN              0
LT FREEZING RAIN          0     HAIL                       0
HEAVY SNOW                0     SNOW                       0
LIGHT SNOW                2     SLEET                      0
FOG                       7     FOG W/VIS <= 1/4 MILE      1
HAZE                      8

-  INDICATES NEGATIVE NUMBERS.
R  INDICATES RECORD WAS SET OR TIED.
MM INDICATES DATA IS MISSING.
T  INDICATES TRACE AMOUNT.

$$
