000
CXUS55 KCYS 022121
CLMCDR


CLIMATE REPORT
NATIONAL WEATHER SERVICE CHEYENNE WY
221 PM MST WED MAR 2 2016

...................................

...THE CHADRON NE AIRPORT CLIMATE SUMMARY FOR THE MONTH OF FEBRUARY 2016...

CLIMATE NORMAL PERIOD 1981 TO 2010
CLIMATE RECORD PERIOD 1895 TO 2016

WEATHER         OBSERVED          NORMAL  DEPART  LAST YEAR`S
                 VALUE   DATE(S)  VALUE   FROM    VALUE
                                          NORMAL
.............................................................
TEMPERATURE (F)
RECORD
 HIGH              76   02/21/1982
 LOW              -44   02/07/1895
HIGHEST            74   02/18        MM      MM       71
LOWEST              7   02/04        MM      MM       -8
                        02/03
AVG. MAXIMUM     50.9              42.0     8.9     43.6
AVG. MINIMUM     22.3              12.8     9.5     17.4
MEAN             36.6              27.4     9.2     30.5
DAYS MAX >= 90      0               0.0                0
DAYS MAX <= 32      2               6.5                9
DAYS MIN <= 32     27              27.2               26
DAYS MIN <= 0       0               4.7                2

PRECIPITATION (INCHES)
RECORD
 MAXIMUM         2.45   2000
 MINIMUM         0.00   1996
                        1994
                        1949
TOTALS           0.18              0.61   -0.43     0.55
DAYS >= .01         3               4.4    -1.4        8
DAYS >= .10         1               1.7    -0.7        2
DAYS >= .50         0               0.2    -0.2        0
DAYS >= 1.00        0               0.0     0.0        0
GREATEST
 24 HR. TOTAL    0.11   02/01 TO 02/01

DEGREE_DAYS
HEATING TOTAL     814              1053    -239      959
 SINCE 7/1       4732              5286    -554     4945
COOLING TOTAL       0                 0       0        0
 SINCE 1/1          0                 0       0        0
..............................................................

WIND (MPH)
AVERAGE WIND SPEED              11.1
HIGHEST WIND SPEED/DIRECTION    51/310    DATE  02/18
HIGHEST GUST SPEED/DIRECTION    68/300    DATE  02/18

SKY COVER
POSSIBLE SUNSHINE (PERCENT)   MM
AVERAGE SKY COVER           0.30
NUMBER OF DAYS FAIR           16
NUMBER OF DAYS PC              9
NUMBER OF DAYS CLOUDY          4

AVERAGE RH (PERCENT)     60

WEATHER CONDITIONS. NUMBER OF DAYS WITH
THUNDERSTORM              0     MIXED PRECIP               0
HEAVY RAIN                0     RAIN                       0
LIGHT RAIN                3     FREEZING RAIN              0
LT FREEZING RAIN          0     HAIL                       0
HEAVY SNOW                0     SNOW                       1
LIGHT SNOW                4     SLEET                      0
FOG                       6     FOG W/VIS <= 1/4 MILE      0
HAZE                      6

-  INDICATES NEGATIVE NUMBERS.
R  INDICATES RECORD WAS SET OR TIED.
MM INDICATES DATA IS MISSING.
T  INDICATES TRACE AMOUNT.

$$
