000
CXUS55 KCYS 101856
CLMCDR


CLIMATE REPORT
NATIONAL WEATHER SERVICE CHEYENNE WY
1256 PM MDT TUE MAY 10 2016

...................................

...THE CHADRON NE AIRPORT CLIMATE SUMMARY FOR THE MONTH OF APRIL 2016...

CLIMATE NORMAL PERIOD 1981 TO 2010
CLIMATE RECORD PERIOD 1895 TO 2016

WEATHER         OBSERVED          NORMAL  DEPART  LAST YEAR`S
                 VALUE   DATE(S)  VALUE   FROM    VALUE
                                          NORMAL
.............................................................
TEMPERATURE (F)
RECORD
 HIGH              93   04/20/1989
 LOW              -11   04/02/1975
HIGHEST            83   04/09        MM      MM       78
LOWEST             20   04/11        MM      MM       14
AVG. MAXIMUM     61.7              60.1     1.6     62.3
AVG. MINIMUM     34.1              29.6     4.5     31.4
MEAN             47.9              44.8     3.1     46.8
DAYS MAX >= 90      0               0.1                0
DAYS MAX <= 32      0               0.7                0
DAYS MIN <= 32     13              18.6               16
DAYS MIN <= 0       0               0.0                0

PRECIPITATION (INCHES)
RECORD
 MAXIMUM         4.78   2000
 MINIMUM         0.00   2011
TOTALS           3.66              1.98    1.68     1.43
DAYS >= .01        12               8.9     3.1        9
DAYS >= .10         7               5.2     1.8        6
DAYS >= .50         4               1.1     2.9        0
DAYS >= 1.00        0               0.2    -0.2        0
GREATEST
 24 HR. TOTAL    0.92   04/15 TO 04/16

DEGREE_DAYS
HEATING TOTAL     505               606    -101      538
 SINCE 7/1       5947              6763    -816     6160
COOLING TOTAL       2                 2       0        0
 SINCE 1/1          2                 2       0        0
..............................................................

WIND (MPH)
AVERAGE WIND SPEED              11.1
HIGHEST WIND SPEED/DIRECTION    44/310    DATE  04/05
HIGHEST GUST SPEED/DIRECTION    60/320    DATE  04/05

SKY COVER
POSSIBLE SUNSHINE (PERCENT)   MM
AVERAGE SKY COVER           0.40
NUMBER OF DAYS FAIR           16
NUMBER OF DAYS PC              6
NUMBER OF DAYS CLOUDY          8

AVERAGE RH (PERCENT)     63

WEATHER CONDITIONS. NUMBER OF DAYS WITH
THUNDERSTORM              0     MIXED PRECIP               0
HEAVY RAIN                3     RAIN                       5
LIGHT RAIN               14     FREEZING RAIN              0
LT FREEZING RAIN          0     HAIL                       0
HEAVY SNOW                0     SNOW                       1
LIGHT SNOW                4     SLEET                      0
FOG                      11     FOG W/VIS <= 1/4 MILE      0
HAZE                      5

-  INDICATES NEGATIVE NUMBERS.
R  INDICATES RECORD WAS SET OR TIED.
MM INDICATES DATA IS MISSING.
T  INDICATES TRACE AMOUNT.

$$
