000
CXUS54 KLUB 011538
CLMCDS


CLIMATE REPORT
NATIONAL WEATHER SERVICE LUBBOCK, TX
1037 AM CDT SUN MAY 1 2016

...................................

...THE CHILDRESS CLIMATE SUMMARY FOR THE MONTH OF APRIL 2016...

CLIMATE NORMAL PERIOD 1981 TO 2010
CLIMATE RECORD PERIOD 1893 TO 2016

WEATHER         OBSERVED          NORMAL  DEPART  LAST YEAR`S
                 VALUE   DATE(S)  VALUE   FROM    VALUE  DATE(S)
                                          NORMAL
................................................................
TEMPERATURE (F)
RECORD
 HIGH             106   04/25/2012
 LOW               22   04/02/1936
HIGHEST            92   04/25                         95  04/07
LOWEST             35   04/02                         39  04/10
                                                          04/04
AVG. MAXIMUM     76.0              76.5    -0.5     77.0
AVG. MINIMUM     49.9              48.1     1.8     51.3
MEAN             62.9              62.3     0.6     64.1

PRECIPITATION (INCHES)
RECORD
 MAXIMUM           MM   MM
 MINIMUM           MM   MM
TOTALS           1.99              2.12   -0.13     5.08
DAILY AVG.       0.07              0.07    0.00
DAYS >= .01         9                                 12
DAYS >= .10         5                                  6
DAYS >= .50         1                                  4
DAYS >= 1.00        0                                  2
GREATEST
 24 HR. TOTAL    0.66   04/16 TO 04/17

SNOWFALL (INCHES)
RECORDS
 TOTAL             MM   MM
 24 HR TOTAL       MM
TOTALS            0.0               0.2    -0.2
SINCE 7/1         7.0               7.0     0.0
DAYS >= TRACE       0
DAYS >= 1.0         0
GREATEST
 SNOW DEPTH         0   MM
 24 HR TOTAL      0.0   04/30 TO 04/30

DEGREE_DAYS
HEATING TOTAL      92               153     -61      100
 SINCE 7/1       2493              3088    -595
COOLING TOTAL      39                72     -33       79
 SINCE 1/1         63                91     -28
.................................................................

WIND (MPH)
AVERAGE WIND SPEED              11.2
HIGHEST WIND SPEED/DIRECTION    38/300    DATE  04/26
HIGHEST GUST SPEED/DIRECTION    56/310    DATE  04/26

SKY COVER
POSSIBLE SUNSHINE (PERCENT)   MM
AVERAGE SKY COVER           0.30
NUMBER OF DAYS FAIR           19
NUMBER OF DAYS PC              8
NUMBER OF DAYS CLOUDY          3

AVERAGE RH (PERCENT)     58

WEATHER CONDITIONS. NUMBER OF DAYS WITH
THUNDERSTORM              0     MIXED PRECIP               0
HEAVY RAIN                5     RAIN                       3
LIGHT RAIN               10     FREEZING RAIN              0
LT FREEZING RAIN          0     HAIL                       0
HEAVY SNOW                0     SNOW                       0
LIGHT SNOW                0     SLEET                      0
FOG                      10     FOG W/VIS <= 1/4 MILE      1
HAZE                      4

-  INDICATES NEGATIVE NUMBERS.
R  INDICATES RECORD WAS SET OR TIED.
MM INDICATES DATA IS MISSING.
T  INDICATES TRACE AMOUNT.

$$
