000
CXUS54 KLUB 011438
CLMCDS


CLIMATE REPORT
NATIONAL WEATHER SERVICE LUBBOCK, TX
938 AM CDT SAT JUL 1 2017

...................................

...THE CHILDRESS CLIMATE SUMMARY FOR THE MONTH OF JUNE 2017...

CLIMATE NORMAL PERIOD 1981 TO 2010
CLIMATE RECORD PERIOD 1893 TO 2017

WEATHER         OBSERVED          NORMAL  DEPART  LAST YEAR`S
                 VALUE   DATE(S)  VALUE   FROM    VALUE  DATE(S)
                                          NORMAL
................................................................
TEMPERATURE (F)
RECORD
 HIGH             117   06/26/2011
                        06/27/1994
                        54/01/2206
 LOW               44   06/15/1893
HIGHEST           106   06/17                        100  06/17
LOWEST             61   06/24                         61  06/05
AVG. MAXIMUM     93.2              91.6     1.6     91.8
AVG. MINIMUM     68.8              66.4     2.4     68.9
MEAN             81.0              79.0     2.0     80.4

PRECIPITATION (INCHES)
RECORD
 MAXIMUM           MM   MM
 MINIMUM           MM   MM
TOTALS           2.91              3.95   -1.04     3.91
DAILY AVG.       0.10              0.13   -0.03
DAYS >= .01         4                                  7
DAYS >= .10         3                                  6
DAYS >= .50         2                                  2
DAYS >= 1.00        1                                  1
GREATEST
 24 HR. TOTAL    1.71   06/15 TO 06/15

DEGREE_DAYS
HEATING TOTAL       0                 2      -2        0
 SINCE 7/1       2328              3117    -789
COOLING TOTAL     487               421      66      469
 SINCE 1/1        838               733     105
.................................................................

WIND (MPH)
AVERAGE WIND SPEED              11.3
HIGHEST WIND SPEED/DIRECTION    48/360    DATE  06/15
HIGHEST GUST SPEED/DIRECTION    64/360    DATE  06/15

SKY COVER
POSSIBLE SUNSHINE (PERCENT)   MM
AVERAGE SKY COVER           0.20
NUMBER OF DAYS FAIR           23
NUMBER OF DAYS PC              7
NUMBER OF DAYS CLOUDY          0

AVERAGE RH (PERCENT)     57

WEATHER CONDITIONS. NUMBER OF DAYS WITH
THUNDERSTORM              0     MIXED PRECIP               0
HEAVY RAIN                4     RAIN                       3
LIGHT RAIN                9     FREEZING RAIN              0
LT FREEZING RAIN          0     HAIL                       0
HEAVY SNOW                0     SNOW                       0
LIGHT SNOW                0     SLEET                      0
FOG                       7     FOG W/VIS <= 1/4 MILE      0
HAZE                      5

-  INDICATES NEGATIVE NUMBERS.
R  INDICATES RECORD WAS SET OR TIED.
MM INDICATES DATA IS MISSING.
T  INDICATES TRACE AMOUNT.

$$
