000
CXUS54 KLUB 011521
CLMCDS


CLIMATE REPORT
NATIONAL WEATHER SERVICE LUBBOCK, TX
1020 AM CDT WED JUL 1 2015

...................................

...THE CHILDRESS CLIMATE SUMMARY FOR THE MONTH OF JUNE 2015...

CLIMATE NORMAL PERIOD 1981 TO 2010
CLIMATE RECORD PERIOD 1893 TO 2015

WEATHER         OBSERVED          NORMAL  DEPART  LAST YEAR`S
                 VALUE   DATE(S)  VALUE   FROM    VALUE  DATE(S)
                                          NORMAL
................................................................
TEMPERATURE (F)
RECORD
 HIGH             117   06/26/2011
                        06/27/1994
                        54/01/2206
 LOW               44   06/15/1893
HIGHEST            98   06/10                        103  06/04
LOWEST             62   06/01                         58  06/10
AVG. MAXIMUM     91.3              91.6    -0.3     90.7
AVG. MINIMUM     68.6              66.4     2.2     68.4
MEAN             80.0              79.0     1.0     79.6

PRECIPITATION (INCHES)
RECORD
 MAXIMUM           MM   MM
 MINIMUM           MM   MM
TOTALS           4.04              3.95    0.09     4.72
DAILY AVG.       0.13              0.13    0.00
DAYS >= .01         6                                  8
DAYS >= .10         5                                  5
DAYS >= .50         4                                  3
DAYS >= 1.00        2                                  2
GREATEST
 24 HR. TOTAL    1.42   06/14 TO 06/15

DEGREE_DAYS
HEATING TOTAL       0                 2      -2        0
 SINCE 7/1       2973              3117    -144
COOLING TOTAL     459               421      38      445
 SINCE 1/1        659               733     -74
.................................................................

WIND (MPH)
AVERAGE WIND SPEED              10.6
HIGHEST WIND SPEED/DIRECTION    36/270    DATE  06/14
HIGHEST GUST SPEED/DIRECTION    43/260    DATE  06/14

SKY COVER
POSSIBLE SUNSHINE (PERCENT)   MM
AVERAGE SKY COVER           0.20
NUMBER OF DAYS FAIR           24
NUMBER OF DAYS PC              6
NUMBER OF DAYS CLOUDY          0

AVERAGE RH (PERCENT)     63

WEATHER CONDITIONS. NUMBER OF DAYS WITH
THUNDERSTORM              0     MIXED PRECIP               0
HEAVY RAIN                5     RAIN                       5
LIGHT RAIN                9     FREEZING RAIN              0
LT FREEZING RAIN          0     HAIL                       0
HEAVY SNOW                0     SNOW                       0
LIGHT SNOW                0     SLEET                      0
FOG                       6     FOG W/VIS <= 1/4 MILE      0
HAZE                      6

-  INDICATES NEGATIVE NUMBERS.
R  INDICATES RECORD WAS SET OR TIED.
MM INDICATES DATA IS MISSING.
T  INDICATES TRACE AMOUNT.

$$
