000
CXUS54 KLUB 011541
CLMCDS


CLIMATE REPORT
NATIONAL WEATHER SERVICE LUBBOCK, TX
940 AM CST WED MAR 1 2017

...................................

...THE CHILDRESS CLIMATE SUMMARY FOR THE MONTH OF FEBRUARY 2017...

CLIMATE NORMAL PERIOD 1981 TO 2010
CLIMATE RECORD PERIOD 1893 TO 2017

WEATHER         OBSERVED          NORMAL  DEPART  LAST YEAR`S
                 VALUE   DATE(S)  VALUE   FROM    VALUE  DATE(S)
                                          NORMAL
................................................................
TEMPERATURE (F)
RECORD
 HIGH              95   02/28/1904
 LOW              -10   02/13/1905
HIGHEST            95R  02/11                         88  02/18
LOWEST             23   02/03                         22  02/03
AVG. MAXIMUM     67.2              58.2     9.0     65.6
AVG. MINIMUM     38.0              32.1     5.9     34.8
MEAN             52.6              41.5    11.1     50.2

PRECIPITATION (INCHES)
RECORD
 MAXIMUM           MM   MM
 MINIMUM           MM   MM
TOTALS           2.50              1.05    1.45     0.74
DAILY AVG.       0.09              0.04    0.05
DAYS >= .01         2                                  2
DAYS >= .10         2                                  2
DAYS >= .50         1                                  1
DAYS >= 1.00        1                                  0
GREATEST
 24 HR. TOTAL    2.25   02/13 TO 02/14

SNOWFALL (INCHES)
RECORDS
 TOTAL             MM   MM
 24 HR TOTAL       MM
TOTALS              T               1.1    -1.1
SINCE 7/1         1.5               6.4    -4.9
DAYS >= TRACE       1
DAYS >= 1.0         0
GREATEST
 SNOW DEPTH         0   MM
 24 HR TOTAL        T   02/14 TO 02/14

DEGREE_DAYS
HEATING TOTAL     356               557    -201      422
 SINCE 7/1       1948              2560    -612
COOLING TOTAL      15                 1      14        2
 SINCE 1/1         15                 1      14
.................................................................

WIND (MPH)
AVERAGE WIND SPEED              10.8
HIGHEST WIND SPEED/DIRECTION    37/250    DATE  02/23
HIGHEST GUST SPEED/DIRECTION    48/240    DATE  02/23

SKY COVER
POSSIBLE SUNSHINE (PERCENT)   MM
AVERAGE SKY COVER           0.10
NUMBER OF DAYS FAIR           23
NUMBER OF DAYS PC              3
NUMBER OF DAYS CLOUDY          2

AVERAGE RH (PERCENT)     48

WEATHER CONDITIONS. NUMBER OF DAYS WITH
THUNDERSTORM              0     MIXED PRECIP               0
HEAVY RAIN                1     RAIN                       2
LIGHT RAIN                2     FREEZING RAIN              0
LT FREEZING RAIN          0     HAIL                       0
HEAVY SNOW                0     SNOW                       0
LIGHT SNOW                1     SLEET                      0
FOG                       5     FOG W/VIS <= 1/4 MILE      3
HAZE                      0

-  INDICATES NEGATIVE NUMBERS.
R  INDICATES RECORD WAS SET OR TIED.
MM INDICATES DATA IS MISSING.
T  INDICATES TRACE AMOUNT.

$$
