000
CXUS54 KLUB 012022
CLMCDS


CLIMATE REPORT
NATIONAL WEATHER SERVICE LUBBOCK, TX
312 PM CDT MON MAY 1 2017

...................................

...THE CHILDRESS CLIMATE SUMMARY FOR THE MONTH OF APRIL 2017...

CLIMATE NORMAL PERIOD 1981 TO 2010
CLIMATE RECORD PERIOD 1893 TO 2017

WEATHER         OBSERVED          NORMAL  DEPART  LAST YEAR`S
                 VALUE   DATE(S)  VALUE   FROM    VALUE  DATE(S)
                                          NORMAL
................................................................
TEMPERATURE (F)
RECORD
 HIGH             106   04/25/2012
 LOW               22   04/02/1936
HIGHEST            96   04/08                         92  04/25
LOWEST             40   04/30                         35  04/02
                        04/29
AVG. MAXIMUM     74.6              76.5    -1.9     76.0
AVG. MINIMUM     50.8              48.1     2.7     49.9
MEAN             62.7              62.3     0.4     62.9

PRECIPITATION (INCHES)
RECORD
 MAXIMUM           MM   MM
 MINIMUM           MM   MM
TOTALS           2.53              2.12    0.41     1.99
DAILY AVG.       0.08              0.07    0.01
DAYS >= .01        11                                  9
DAYS >= .10         6                                  5
DAYS >= .50         2                                  1
DAYS >= 1.00        0                                  0
GREATEST
 24 HR. TOTAL    0.84   04/13 TO 04/13

SNOWFALL (INCHES)
RECORDS
 TOTAL             MM   MM
 24 HR TOTAL       MM
TOTALS            0.0               0.2    -0.2
SINCE 7/1         1.5               7.0    -5.5
DAYS >= TRACE       0
DAYS >= 1.0         0
GREATEST
 SNOW DEPTH         0   MM
 24 HR TOTAL      0.0   04/29 TO 04/29

DEGREE_DAYS
HEATING TOTAL     136               153     -17       92
 SINCE 7/1       2307              3088    -781
COOLING TOTAL      77                72       5       39
 SINCE 1/1        150                91      59
.................................................................

WIND (MPH)
AVERAGE WIND SPEED              13.1
HIGHEST WIND SPEED/DIRECTION    44/310    DATE  04/30
HIGHEST GUST SPEED/DIRECTION    57/300    DATE  04/30

SKY COVER
POSSIBLE SUNSHINE (PERCENT)   MM
AVERAGE SKY COVER           0.30
NUMBER OF DAYS FAIR           15
NUMBER OF DAYS PC             10
NUMBER OF DAYS CLOUDY          5

AVERAGE RH (PERCENT)     61

WEATHER CONDITIONS. NUMBER OF DAYS WITH
THUNDERSTORM              0     MIXED PRECIP               0
HEAVY RAIN                5     RAIN                       6
LIGHT RAIN               14     FREEZING RAIN              0
LT FREEZING RAIN          0     HAIL                       0
HEAVY SNOW                0     SNOW                       0
LIGHT SNOW                0     SLEET                      0
FOG                      12     FOG W/VIS <= 1/4 MILE      1
HAZE                      2

-  INDICATES NEGATIVE NUMBERS.
R  INDICATES RECORD WAS SET OR TIED.
MM INDICATES DATA IS MISSING.
T  INDICATES TRACE AMOUNT.

$$
