000
CXUS54 KMRX 011658
CLMCHA


CLIMATE REPORT
NATIONAL WEATHER SERVICE MORRISTOWN TN
1158 AM EST WED FEB 1 2017

...................................

...THE CHATTANOOGA  ASOS CLIMATE SUMMARY FOR THE MONTH OF JANUARY 2017...

CLIMATE NORMAL PERIOD 1981 TO 2010
CLIMATE RECORD PERIOD 1879 TO 2017

WEATHER         OBSERVED          NORMAL  DEPART
                 VALUE   DATE(S)  VALUE   FROM
                                          NORMAL
................................................
TEMPERATURE (F)
HIGHEST            74   01/14
LOWEST             14   01/08
AVG. MAXIMUM     57.6              50.2     7.4
AVG. MINIMUM     40.7              30.7    10.0
MEAN             49.1              40.5     8.6
DAYS MAX >= 90      0
DAYS MAX <= 32      2
DAYS MIN <= 32      8
DAYS MIN <= 0       0

PRECIPITATION (INCHES)
RECORD
 MAXIMUM        12.67   1882
 MINIMUM         0.90   1986
TOTALS           4.99              4.91    0.08
DAYS >= .01        13
DAYS >= .10         9
DAYS >= .50         4
DAYS >= 1.00        1
GREATEST
 24 HR. TOTAL    1.84   01/19 TO 01/20

SNOWFALL (INCHES)
TOTALS            0.3               1.7    -1.4
SINCE 7/1         0.3
SNOWDEPTH AVG.      0
DAYS >= TRACE       2
GREATEST
 SNOW DEPTH         T   01/07

DEGREE_DAYS
HEATING TOTAL     483               761    -278
 SINCE 7/1       1424              2045    -621
COOLING TOTAL       0                 0       0
 SINCE 1/1          0                 0       0
.................................................



-  INDICATES NEGATIVE NUMBERS.
R  INDICATES RECORD WAS SET OR TIED.
MM INDICATES DATA IS MISSING.
T  INDICATES TRACE AMOUNT.

$$
