000
CXUS54 KMRX 011414 CCA
CLMCHA

CLIMATE REPORT NATIONAL WEATHER SERVICE MORRISTOWN TN
1015 AM EDT FRI MAY 1 2015

..................................

...THE CHATTANOOGA CLIMATE SUMMARY FOR THE MONTH OF APRIL 2015...

CLIMATE NORMAL PERIOD 1981 TO 2010
CLIMATE RECORD PERIOD 1879 TO 2015

WEATHER         OBSERVED          NORMAL  DEPART
                 VALUE   DATE(S)  VALUE   FROM
                                          NORMAL
................................................
TEMPERATURE (F)
HIGHEST            85   04/09
                        04/08
LOWEST             37   04/05
AVG. MAXIMUM     73.5              72.7     0.8
AVG. MINIMUM     52.6              48.3     4.3
MEAN             63.1              60.5     2.6
DAYS MAX >= 90      0
DAYS MAX <= 32      0
DAYS MIN <= 32      0
DAYS MIN <= 0       0

PRECIPITATION (INCHES)
RECORD
 MAXIMUM        15.29   1911
 MINIMUM         0.44   1942
TOTALS           9.31              3.99    5.32
DAYS >= .01        16
DAYS >= .10        14
DAYS >= .50         4
DAYS >= 1.00        3
GREATEST
 24 HR. TOTAL    2.82   04/16 TO 04/16
                        04/15 TO 04/16
                        04/16 TO 04/16

SNOWFALL (INCHES)
TOTALS            0.0               0.1    -0.1
SINCE 7/1         9.5
SNOWDEPTH AVG.      0
DAYS >= TRACE       0
GREATEST
 SNOW DEPTH         0   0

DEGREE_DAYS
HEATING TOTAL      96               174     -78
 SINCE 7/1       3248              3200      48
COOLING TOTAL      45                39       6
 SINCE 1/1         47                46       1
.................................................



-  INDICATES NEGATIVE NUMBERS.
R  INDICATES RECORD WAS SET OR TIED.
MM INDICATES DATA IS MISSING.
T  INDICATES TRACE AMOUNT.

$$
