000
CXUS54 KMRX 011443
CLMCHA


CLIMATE REPORT
NATIONAL WEATHER SERVICE MORRISTOWN TN
1043 AM EDT THU JUN 1 2017

...................................

...THE CHATTANOOGA  ASOS CLIMATE SUMMARY FOR THE MONTH OF MAY 2017...

CLIMATE NORMAL PERIOD 1981 TO 2010
CLIMATE RECORD PERIOD 1879 TO 2017

WEATHER         OBSERVED          NORMAL  DEPART
                 VALUE   DATE(S)  VALUE   FROM
                                          NORMAL
................................................
TEMPERATURE (F)
HIGHEST            91   05/20
LOWEST             45   05/07
                        05/06
AVG. MAXIMUM     81.4              79.9     1.5
AVG. MINIMUM     59.0              57.3     1.7
MEAN             70.2              68.6     1.6
DAYS MAX >= 90      2
DAYS MAX <= 32      0
DAYS MIN <= 32      0
DAYS MIN <= 0       0

PRECIPITATION (INCHES)
RECORD
 MAXIMUM        12.00   1929
 MINIMUM         0.54   1941
TOTALS           5.87              4.10    1.77
DAYS >= .01        15
DAYS >= .10        11
DAYS >= .50         4
DAYS >= 1.00        1
GREATEST
 24 HR. TOTAL    2.01   05/04 TO 05/04

SNOWFALL (INCHES)
TOTALS            0.0               0.0     0.0
SINCE 7/1         0.3
SNOWDEPTH AVG.      0
DAYS >= TRACE       0
GREATEST
 SNOW DEPTH         0   MM

DEGREE_DAYS
HEATING TOTAL      25                38     -13
 SINCE 7/1       2219              3238   -1019
COOLING TOTAL     196               150      46
 SINCE 1/1        322               196     126
.................................................



-  INDICATES NEGATIVE NUMBERS.
R  INDICATES RECORD WAS SET OR TIED.
MM INDICATES DATA IS MISSING.
T  INDICATES TRACE AMOUNT.

$$
