000
CXUS54 KMRX 011759
CLMCHA


CLIMATE REPORT
NATIONAL WEATHER SERVICE MORRISTOWN TN
158 PM EDT SUN MAY 1 2016

...................................

...THE CHATTANOOGA  ASOS CLIMATE SUMMARY FOR THE MONTH OF APRIL 2016...

CLIMATE NORMAL PERIOD 1981 TO 2010
CLIMATE RECORD PERIOD 1879 TO 2016

WEATHER         OBSERVED          NORMAL  DEPART
                 VALUE   DATE(S)  VALUE   FROM
                                          NORMAL
................................................
TEMPERATURE (F)
HIGHEST            86   04/28
                        04/27
LOWEST             36   04/10
AVG. MAXIMUM     75.2              72.7     2.5
AVG. MINIMUM     50.5              48.3     2.2
MEAN             62.8              60.5     2.3
DAYS MAX >= 90      0
DAYS MAX <= 32      0
DAYS MIN <= 32      0
DAYS MIN <= 0       0

PRECIPITATION (INCHES)
RECORD
 MAXIMUM        15.29   1911
 MINIMUM         0.44   1942
TOTALS           1.43              3.99   -2.56
DAYS >= .01        10
DAYS >= .10         4
DAYS >= .50         1
DAYS >= 1.00        0
GREATEST
 24 HR. TOTAL    1.16   03/31 TO 04/01

SNOWFALL (INCHES)
TOTALS            0.0               0.1    -0.1
SINCE 7/1         0.5
SNOWDEPTH AVG.      0
DAYS >= TRACE       0
GREATEST
 SNOW DEPTH         0   MM

DEGREE_DAYS
HEATING TOTAL     125               174     -49
 SINCE 7/1       2455              3200    -745
COOLING TOTAL      67                39      28
 SINCE 1/1         79                46      33
.................................................



-  INDICATES NEGATIVE NUMBERS.
R  INDICATES RECORD WAS SET OR TIED.
MM INDICATES DATA IS MISSING.
T  INDICATES TRACE AMOUNT.

$$
