000
CXUS52 KCHS 012325
CLMCHS

CLIMATE REPORT
NATIONAL WEATHER SERVICE CHARLESTON SC
621 PM EST THU DEC 1 2016

...................................

...THE NORTH CHARLESTON SC CLIMATE SUMMARY FOR THE MONTH OF NOVEMBER
2016...

CLIMATE NORMAL PERIOD 1981 TO 2010
CLIMATE RECORD PERIOD 1938 TO 2016

WEATHER         OBSERVED          NORMAL  DEPART  LAST YEAR`S
                 VALUE   DATE(S)  VALUE   FROM    VALUE  DATE(S)
                                          NORMAL
................................................................
TEMPERATURE (F)
RECORD
 HIGH              88   11/01/1961
 LOW               15   11/25/1950
HIGHEST            84   11/03                         83  11/07
LOWEST             33   11/22                         31  11/24
                        11/21
AVG. MAXIMUM     71.8              69.8     2.0     73.0
AVG. MINIMUM     47.5              47.5     0.0     53.2
MEAN             59.7              58.6     1.1     63.1
DAYS MAX >= 90      0               0.0     0.0        0
DAYS MAX <= 32      0               0.0     0.0        0
DAYS MIN <= 32      0               1.3    -1.3        1
DAYS MIN <= 0       0               0.0     0.0        0

PRECIPITATION (INCHES)
RECORD
 MAXIMUM         8.30   2015
 MINIMUM         0.03   2007
TOTALS           0.11              2.43   -2.32     8.30
DAYS >= .01         1               7.0    -6.0       11
DAYS >= .10         1               4.3    -3.3        8
DAYS >= .50         0               1.5    -1.5        4
DAYS >= 1.00        0               0.7    -0.7        2
GREATEST
 24 HR. TOTAL    0.11   11/13

SNOWFALL (INCHES)
TOTALS            0.0               0.0     0.0
SINCE 7/1         0.0               0.0     0.0

DEGREE_DAYS
HEATING TOTAL     199               223     -24      118
 SINCE 7/1        215               292     -77      146
COOLING TOTAL      47                33      14       69
 SINCE 1/1       2958              2297     661     2607
.................................................................

WIND (MPH)
AVERAGE WIND SPEED              6.6
HIGHEST WIND SPEED/DIRECTION    29/210
HIGHEST GUST SPEED/DIRECTION    40/210


WEATHER CONDITIONS. NUMBER OF DAYS WITH
THUNDERSTORM              0     MIXED PRECIP               0
HEAVY RAIN                0     RAIN                       0
LIGHT RAIN                4     FREEZING RAIN              0
LT FREEZING RAIN          0     HAIL                       0
HEAVY SNOW                0     SNOW                       0
LIGHT SNOW                0     SLEET                      0
FOG                      14     FOG W/VIS <= 1/4 MILE      4
HAZE                      6

-  INDICATES NEGATIVE NUMBERS.
R  INDICATES RECORD WAS SET OR TIED.
MM INDICATES DATA IS MISSING.
T  INDICATES TRACE AMOUNT.

&&

RECORDS ESTABLISHED AT THE CHARLESTON INTERNATIONAL AIRPORT DURING
THE MONTH:

*2ND DRIEST NOVEMBER ON RECORD
*NOV 30 - RECORD HIGH MINIMUM TEMPERATURE OF 69 DEGREES

$$
