000
CXUS52 KCHS 011720
CLMCHS

CLIMATE REPORT
NATIONAL WEATHER SERVICE CHARLESTON SC
1218 PM EST FRI DEC 1 2017

...................................

...THE NORTH CHARLESTON SC CLIMATE SUMMARY FOR THE MONTH OF NOVEMBER
2017...

CLIMATE NORMAL PERIOD 1981 TO 2010
CLIMATE RECORD PERIOD 1938 TO 2017

WEATHER         OBSERVED          NORMAL  DEPART  LAST YEAR`S
                 VALUE   DATE(S)  VALUE   FROM    VALUE  DATE(S)
                                          NORMAL
................................................................
TEMPERATURE (F)
RECORD
 HIGH              88   11/01/1961
 LOW               15   11/25/1950
HIGHEST            83   11/07                         84  11/03
LOWEST             35   11/25                         33  11/22
                                                          11/21
AVG. MAXIMUM     69.7              69.8    -0.1     71.8
AVG. MINIMUM     46.6              47.5    -0.9     47.5
MEAN             58.1              58.6    -0.5     59.7
DAYS MAX >= 90      0               0.0     0.0        0
DAYS MAX <= 32      0               0.0     0.0        0
DAYS MIN <= 32      0               1.3    -1.3        0
DAYS MIN <= 0       0               0.0     0.0        0

PRECIPITATION (INCHES)
RECORD
 MAXIMUM         8.30   2015
 MINIMUM         0.03   2007
TOTALS           1.60              2.43   -0.83     0.11
DAYS >= .01         4               7.0    -3.0        1
DAYS >= .10         3               4.3    -1.3        1
DAYS >= .50         1               1.5    -0.5        0
DAYS >= 1.00        1               0.7     0.3        0
GREATEST
 24 HR. TOTAL    1.17   11/09

SNOWFALL (INCHES)
TOTALS            0.0               0.0     0.0
SINCE 7/1           T               0.0     0.0

DEGREE_DAYS
HEATING TOTAL     228               223       5      199
 SINCE 7/1        286               292      -6      215
COOLING TOTAL      32                33      -1       47
 SINCE 1/1       2679              2297     382     2958
.................................................................

WIND (MPH)
AVERAGE WIND SPEED              6.5
HIGHEST WIND SPEED/DIRECTION    24/070
HIGHEST GUST SPEED/DIRECTION    32/210


WEATHER CONDITIONS. NUMBER OF DAYS WITH
THUNDERSTORM              1     MIXED PRECIP               0
HEAVY RAIN                1     RAIN                       1
LIGHT RAIN                6     FREEZING RAIN              0
LT FREEZING RAIN          0     HAIL                       0
HEAVY SNOW                0     SNOW                       0
LIGHT SNOW                0     SLEET                      0
FOG                      20     FOG W/VIS <= 1/4 MILE      0
HAZE                      0

-  INDICATES NEGATIVE NUMBERS.
R  INDICATES RECORD WAS SET OR TIED.
MM INDICATES DATA IS MISSING.
T  INDICATES TRACE AMOUNT.

&&

NO RECORDS WERE ESTABLISHED AT THE CHARLESTON INTERNATIONAL AIRPORT
DURING THE MONTH.
$$
