000
CXUS55 KCYS 022121
CLMCHY


CLIMATE REPORT
NATIONAL WEATHER SERVICE CHEYENNE WY
221 PM MST WED MAR 2 2016

...................................

...THE CHEYENNE WY CLIMATE SUMMARY FOR THE MONTH OF FEBRUARY 2016...

CLIMATE NORMAL PERIOD 1981 TO 2010
CLIMATE RECORD PERIOD 1871 TO 2016

WEATHER         OBSERVED          NORMAL  DEPART  LAST YEAR`S
                 VALUE   DATE(S)  VALUE   FROM    VALUE
                                          NORMAL
.............................................................
TEMPERATURE (F)
RECORD
 HIGH              71   02/11/1962
 LOW              -34   02/08/1936
HIGHEST            66   02/18        41      25       64
LOWEST              7   02/03        18     -11       -2
AVG. MAXIMUM     46.4              40.5     5.9     41.7
AVG. MINIMUM     24.8              18.6     6.2     21.7
MEAN             35.6              29.6     6.0     31.7
DAYS MAX >= 90      0               0.0     0.0        0
DAYS MAX <= 32      5               6.2    -1.2        9
DAYS MIN <= 32     26              25.6     0.4       21
DAYS MIN <= 0       0               2.1    -2.1        1

PRECIPITATION (INCHES)
RECORD
 MAXIMUM         2.16   1953
 MINIMUM            T   1983
TOTALS           0.72              0.47    0.25     0.70
DAYS >= .01         4               6.2    -2.2       10
DAYS >= .10         2               1.5     0.5        2
DAYS >= .50         1               0.1     0.9        0
DAYS >= 1.00        0               0.0     0.0        0
GREATEST
 24 HR. TOTAL    0.59   02/01 TO 02/02

DEGREE_DAYS
HEATING TOTAL     843               992    -149      925
 SINCE 7/1       4517              5052    -535     4646
COOLING TOTAL       0                 0       0        0
 SINCE 1/1          0                 0       0        0

FREEZE DATES
RECORD
 EARLIEST     08/24/1910
 LATEST       06/19/1876
EARLIEST                        09/24
LATEST                          05/20
..............................................................

WIND (MPH)
AVERAGE WIND SPEED              16.1
HIGHEST WIND SPEED/DIRECTION    52/270    DATE  02/19
HIGHEST GUST SPEED/DIRECTION    68/270    DATE  02/19

SKY COVER
POSSIBLE SUNSHINE (PERCENT)   MM
AVERAGE SKY COVER           0.20
NUMBER OF DAYS FAIR           23
NUMBER OF DAYS PC              4
NUMBER OF DAYS CLOUDY          2

AVERAGE RH (PERCENT)     52

WEATHER CONDITIONS. NUMBER OF DAYS WITH
THUNDERSTORM              0     MIXED PRECIP               0
HEAVY RAIN                0     RAIN                       0
LIGHT RAIN                0     FREEZING RAIN              0
LT FREEZING RAIN          0     HAIL                       0
HEAVY SNOW                0     SNOW                       1
LIGHT SNOW               10     SLEET                      0
FOG                      10     FOG W/VIS <= 1/4 MILE      1
HAZE                      3

-  INDICATES NEGATIVE NUMBERS.
R  INDICATES RECORD WAS SET OR TIED.
MM INDICATES DATA IS MISSING.
T  INDICATES TRACE AMOUNT.
...................................

...THE DOUGLAS WY AIRPORT CLIMATE SUMMARY FOR THE MONTH OF FEBRUARY 2016...

CLIMATE NORMAL PERIOD 1981 TO 2010
CLIMATE RECORD PERIOD 1998 TO 2016

WEATHER         OBSERVED          NORMAL  DEPART  LAST YEAR`S
                 VALUE   DATE(S)  VALUE   FROM    VALUE
                                          NORMAL
.............................................................
TEMPERATURE (F)
RECORD
 HIGH              99   02/10/2016
 LOW              -33   02/18/2006
HIGHEST            65   02/27        MM      MM       66
LOWEST              1   02/04        MM      MM       -4
AVG. MAXIMUM     46.5              40.1     6.4     44.0
AVG. MINIMUM     21.4              13.5     7.9     18.3
MEAN             33.9              26.8     7.1     31.1
DAYS MAX >= 90      0               0.0     0.0        0
DAYS MAX <= 32      6               6.8    -0.8        9
DAYS MIN <= 32     26              27.4    -1.4       25
DAYS MIN <= 0       0               3.9    -3.9        1

PRECIPITATION (INCHES)
RECORD
 MAXIMUM         0.97   2014
 MINIMUM         0.11   2007
TOTALS           0.57              0.41    0.16     0.52
DAYS >= .01         4                MM      MM        7
DAYS >= .10         1                MM      MM        3
DAYS >= .50         0                MM      MM        0
DAYS >= 1.00        0                MM      MM        0
GREATEST
 24 HR. TOTAL    0.43   02/01 TO 02/02

DEGREE_DAYS
HEATING TOTAL     891              1069    -178      941
 SINCE 7/1       4811              5435    -624     5003
COOLING TOTAL       0                 0       0        0
 SINCE 1/1          0                 0       0        0

FREEZE DATES
RECORD
 EARLIEST     MM
 LATEST       MM
EARLIEST                        MM
LATEST                          MM
..............................................................

WIND (MPH)
AVERAGE WIND SPEED              11.5
HIGHEST WIND SPEED/DIRECTION    52/240    DATE  02/18
HIGHEST GUST SPEED/DIRECTION    67/250    DATE  02/18

SKY COVER
POSSIBLE SUNSHINE (PERCENT)   MM
AVERAGE SKY COVER           0.30
NUMBER OF DAYS FAIR           20
NUMBER OF DAYS PC              7
NUMBER OF DAYS CLOUDY          2

AVERAGE RH (PERCENT)     54

WEATHER CONDITIONS. NUMBER OF DAYS WITH
THUNDERSTORM              0     MIXED PRECIP               0
HEAVY RAIN                0     RAIN                       0
LIGHT RAIN                3     FREEZING RAIN              0
LT FREEZING RAIN          0     HAIL                       0
HEAVY SNOW                0     SNOW                       2
LIGHT SNOW                8     SLEET                      0
FOG                       9     FOG W/VIS <= 1/4 MILE      1
HAZE                      2

-  INDICATES NEGATIVE NUMBERS.
R  INDICATES RECORD WAS SET OR TIED.
MM INDICATES DATA IS MISSING.
T  INDICATES TRACE AMOUNT.
...................................

...THE LARAMIE WY AIRPORT CLIMATE SUMMARY FOR THE MONTH OF FEBRUARY 2016...

CLIMATE NORMAL PERIOD 1981 TO 2010
CLIMATE RECORD PERIOD 1948 TO 2016

WEATHER         OBSERVED          NORMAL  DEPART  LAST YEAR`S
                 VALUE   DATE(S)  VALUE   FROM    VALUE
                                          NORMAL
.............................................................
TEMPERATURE (F)
RECORD
 HIGH              63   02/08/1954
 LOW              -39   02/02/2011
HIGHEST            57   02/17        MM      MM       59
LOWEST             -6   02/03        MM      MM      -15
AVG. MAXIMUM     41.0              35.2     5.8     38.8
AVG. MINIMUM     18.9              11.9     7.0     15.8
MEAN             30.0              23.5     6.5     27.2
DAYS MAX >= 90      0               0.0     0.0        0
DAYS MAX <= 32      7              10.1    -3.1        9
DAYS MIN <= 32     29              27.3     1.7       25
DAYS MIN <= 0       2               4.7    -2.7        6

PRECIPITATION (INCHES)
RECORD
 MAXIMUM         1.58   1993
 MINIMUM         0.02   1999
TOTALS           0.12              0.34   -0.22     0.67
DAYS >= .01         3               5.1    -2.1        7
DAYS >= .10         0               0.8    -0.8        3
DAYS >= .50         0               0.1    -0.1        0
DAYS >= 1.00        0               0.0     0.0        0
GREATEST
 24 HR. TOTAL    0.11   02/01 TO 02/02

DEGREE_DAYS
HEATING TOTAL    1011              1161    -150     1051
 SINCE 7/1       5782              6214    -432     5677
COOLING TOTAL       0                 0       0        0
 SINCE 1/1          0                 0       0        0

FREEZE DATES
RECORD
 EARLIEST     MM
 LATEST       MM
EARLIEST      02/01             MM
LATEST                          MM
..............................................................

WIND (MPH)
AVERAGE WIND SPEED              15.0
HIGHEST WIND SPEED/DIRECTION    55/260    DATE  02/15
HIGHEST GUST SPEED/DIRECTION    69/270    DATE  02/15

SKY COVER
POSSIBLE SUNSHINE (PERCENT)   MM
AVERAGE SKY COVER           0.20
NUMBER OF DAYS FAIR           20
NUMBER OF DAYS PC              7
NUMBER OF DAYS CLOUDY          2

AVERAGE RH (PERCENT)     57

WEATHER CONDITIONS. NUMBER OF DAYS WITH
THUNDERSTORM              0     MIXED PRECIP               0
HEAVY RAIN                0     RAIN                       0
LIGHT RAIN                0     FREEZING RAIN              0
LT FREEZING RAIN          0     HAIL                       0
HEAVY SNOW                0     SNOW                       2
LIGHT SNOW                9     SLEET                      0
FOG                       8     FOG W/VIS <= 1/4 MILE      0
HAZE                      6

-  INDICATES NEGATIVE NUMBERS.
R  INDICATES RECORD WAS SET OR TIED.
MM INDICATES DATA IS MISSING.
T  INDICATES TRACE AMOUNT.
...................................

...THE RAWLINS WY AIRPORT CLIMATE SUMMARY FOR THE MONTH OF FEBRUARY 2016...

CLIMATE NORMAL PERIOD 1981 TO 2010
CLIMATE RECORD PERIOD 1951 TO 2016

WEATHER         OBSERVED          NORMAL  DEPART  LAST YEAR`S
                 VALUE   DATE(S)  VALUE   FROM    VALUE
                                          NORMAL
.............................................................
TEMPERATURE (F)
RECORD
 HIGH              58   02/11/1962
 LOW              -36   02/02/2011
                        02/06/1989
HIGHEST            52   02/27        MM      MM       57
LOWEST                  02/02        MM      MM       -8
AVG. MAXIMUM     36.7              33.8     2.9     41.7
AVG. MINIMUM     21.7              13.5     8.2     20.7
MEAN             29.2              23.7     5.5     31.2
DAYS MAX >= 90      0               0.0     0.0        0
DAYS MAX <= 32      7              10.9    -3.9        8
DAYS MIN <= 32     27              27.5    -0.5       21
DAYS MIN <= 0       1               3.6    -2.6        3

PRECIPITATION (INCHES)
RECORD
 MAXIMUM         1.87   1959
 MINIMUM         0.01   2007
TOTALS           0.66              0.42    0.24     0.21
DAYS >= .01         6               5.9     0.1        4
DAYS >= .10         1               1.2    -0.2        1
DAYS >= .50         0               0.2    -0.2        0
DAYS >= 1.00        0               0.0     0.0        0
GREATEST
 24 HR. TOTAL    0.47   02/01 TO 02/02

DEGREE_DAYS
HEATING TOTAL    1031              1158    -127      938
 SINCE 7/1       5472              5995    -523     5231
COOLING TOTAL       0                 0       0        0
 SINCE 1/1          0                 0       0        0

FREEZE DATES
RECORD
 EARLIEST     MM
 LATEST       MM
EARLIEST                        MM
LATEST                          MM
..............................................................

WIND (MPH)
AVERAGE WIND SPEED              18.6
HIGHEST WIND SPEED/DIRECTION    49/200    DATE  02/18
HIGHEST GUST SPEED/DIRECTION    64/200    DATE  02/18

SKY COVER
POSSIBLE SUNSHINE (PERCENT)   MM
AVERAGE SKY COVER           0.20
NUMBER OF DAYS FAIR           20
NUMBER OF DAYS PC              7
NUMBER OF DAYS CLOUDY          2

AVERAGE RH (PERCENT)     62

WEATHER CONDITIONS. NUMBER OF DAYS WITH
THUNDERSTORM              0     MIXED PRECIP               0
HEAVY RAIN                0     RAIN                       0
LIGHT RAIN                1     FREEZING RAIN              0
LT FREEZING RAIN          0     HAIL                       0
HEAVY SNOW                2     SNOW                       2
LIGHT SNOW                7     SLEET                      0
FOG                       6     FOG W/VIS <= 1/4 MILE      2
HAZE                      8

-  INDICATES NEGATIVE NUMBERS.
R  INDICATES RECORD WAS SET OR TIED.
MM INDICATES DATA IS MISSING.
T  INDICATES TRACE AMOUNT.
...................................

...THE TORRINGTON WY AIRPORT CLIMATE SUMMARY FOR THE MONTH OF FEBRUARY 2016...

CLIMATE NORMAL PERIOD 1981 TO 2010
CLIMATE RECORD PERIOD 1998 TO 2016

WEATHER         OBSERVED          NORMAL  DEPART  LAST YEAR`S
                 VALUE   DATE(S)  VALUE   FROM    VALUE
                                          NORMAL
.............................................................
TEMPERATURE (F)
RECORD
 HIGH              73   02/28/2006
 LOW              -30   02/18/2006
HIGHEST            72   02/18        MM      MM       70
LOWEST              5   02/03        MM      MM        0
AVG. MAXIMUM     50.2              44.9     5.3     46.4
AVG. MINIMUM     24.3              17.3     7.0     19.6
MEAN             37.3              31.1     6.2     33.0
DAYS MAX >= 90      0               0.0     0.0        0
DAYS MAX <= 32      4               3.8     0.2        8
DAYS MIN <= 32     26              26.7    -0.7       25
DAYS MIN <= 0       0               1.9    -1.9        1

PRECIPITATION (INCHES)
RECORD
 MAXIMUM         0.73   2014
 MINIMUM         0.06   2009
TOTALS           0.63              0.34    0.29     0.45
DAYS >= .01         4                MM      MM        5
DAYS >= .10         2                MM      MM        1
DAYS >= .50         0                MM      MM        0
DAYS >= 1.00        0                MM      MM        0
GREATEST
 24 HR. TOTAL    0.44   02/01 TO 02/02

DEGREE_DAYS
HEATING TOTAL     798               949    -151      889
 SINCE 7/1       4317              4875    -558     4714
COOLING TOTAL       0                 0       0        0
 SINCE 1/1          0                 0       0        0

FREEZE DATES
RECORD
 EARLIEST     MM
 LATEST       MM
EARLIEST                        MM
LATEST                          MM
..............................................................

WIND (MPH)
AVERAGE WIND SPEED              11.9
HIGHEST WIND SPEED/DIRECTION    53/260    DATE  02/18
HIGHEST GUST SPEED/DIRECTION    69/250    DATE  02/18

SKY COVER
POSSIBLE SUNSHINE (PERCENT)   MM
AVERAGE SKY COVER           0.30
NUMBER OF DAYS FAIR           21
NUMBER OF DAYS PC              6
NUMBER OF DAYS CLOUDY          2

AVERAGE RH (PERCENT)     56

WEATHER CONDITIONS. NUMBER OF DAYS WITH
THUNDERSTORM              0     MIXED PRECIP               0
HEAVY RAIN                0     RAIN                       1
LIGHT RAIN                3     FREEZING RAIN              0
LT FREEZING RAIN          0     HAIL                       0
HEAVY SNOW                0     SNOW                       2
LIGHT SNOW                4     SLEET                      0
FOG                       7     FOG W/VIS <= 1/4 MILE      1
HAZE                      2

-  INDICATES NEGATIVE NUMBERS.
R  INDICATES RECORD WAS SET OR TIED.
MM INDICATES DATA IS MISSING.
T  INDICATES TRACE AMOUNT.

$$
