000
CXUS53 KDVN 011301
CLMCID

CLIMATE REPORT
NATIONAL WEATHER SERVICE QUAD CITIES IA IL
641 AM CST MON DEC 1 2014

...................................

...THE CEDAR RAPIDS IA CLIMATE SUMMARY FOR THE MONTH OF NOVEMBER 2014...

CLIMATE NORMAL PERIOD 1981 TO 2010
CLIMATE RECORD PERIOD 1891 TO 2014

WEATHER         OBSERVED          NORMAL  DEPART
                 VALUE   DATE(S)  VALUE   FROM
                                          NORMAL
................................................
TEMPERATURE (F)
RECORD
 HIGH              79   11/07/1915
 LOW              -12   11/29/1891
HIGHEST            66   11/03        55      11
LOWEST              3   11/21        20     -17
                        11/18
AVG. MAXIMUM     39.1              46.5    -7.4
AVG. MINIMUM     20.5              27.8    -7.3
MEAN             29.8              37.1    -7.3
DAYS MAX >= 90      0
DAYS MAX <= 32     13
DAYS MIN <= 32     24
DAYS MIN <= 0       0

PRECIPITATION (INCHES)
TOTALS           1.29              2.11   -0.82
DAILY AVG.       0.04              0.07   -0.03
DAYS >= .01         9
DAYS >= .10         2
DAYS >= .50         1
DAYS >= 1.00        0
GREATEST
 24 HR. TOTAL    1.01   11/23 TO 11/24

DEGREE_DAYS
HEATING TOTAL    1048               836     212
 SINCE 7/1       1661              1446     215
COOLING TOTAL       0                 0       0
 SINCE 1/1        670               748     -78
.................................................

WIND (MPH)
AVERAGE WIND SPEED              12.5
HIGHEST WIND SPEED/DIRECTION    36/320    DATE  11/24
HIGHEST GUST SPEED/DIRECTION    45/320    DATE  11/08

SKY COVER
POSSIBLE SUNSHINE (PERCENT)   MM
AVERAGE SKY COVER           0.50
NUMBER OF DAYS FAIR           11
NUMBER OF DAYS PC             11
NUMBER OF DAYS CLOUDY          8

AVERAGE RH (PERCENT)     76

WEATHER CONDITIONS. NUMBER OF DAYS WITH
THUNDERSTORM              0     HAIL                       0
SLEET                     0     FOG                       20
FOG W/VIS <= 1/4 MILE     3     HAZE                       7

-  INDICATES NEGATIVE NUMBERS.
R  INDICATES RECORD WAS SET OR TIED.
MM INDICATES DATA IS MISSING.
T  INDICATES TRACE AMOUNT.

$$

===================================================================

NOTE: SUPPLEMENTAL CLIMATE DATA WAS USED FROM A NEARBY
CLIMATOLOGICALLY REPRESENTATIVE STATION.

PARAMETER   DATE
---------   ----
   PCPN     11/24

===================================================================

GROSS
