000
CXUS53 KDVN 011434
CLMCID


CLIMATE REPORT
NATIONAL WEATHER SERVICE QUAD CITIES IA IL
925 AM CDT FRI JUL 1 2016

...................................

...THE CEDAR RAPIDS IA CLIMATE SUMMARY FOR THE MONTH OF JUNE 2016...

CLIMATE NORMAL PERIOD 1981 TO 2010
CLIMATE RECORD PERIOD 1891 TO 2016

WEATHER         OBSERVED          NORMAL  DEPART
                 VALUE   DATE(S)  VALUE   FROM
                                          NORMAL
................................................
TEMPERATURE (F)
RECORD
 HIGH             103   06/27/1934
                        06/28/1931
                        06/26/1931
 LOW               36   06/04/1945
HIGHEST            92   06/10        83       9
LOWEST             48   06/08        55      -7
AVG. MAXIMUM     83.9              80.3     3.6
AVG. MINIMUM     61.2              58.8     2.4
MEAN             72.5              69.6     2.9
DAYS MAX >= 90      5
DAYS MAX <= 32      0
DAYS MIN <= 32      0
DAYS MIN <= 0       0

PRECIPITATION (INCHES)
TOTALS           8.33              4.92    3.41
DAILY AVG.       0.28              0.16    0.12
DAYS >= .01        10
DAYS >= .10         9
DAYS >= .50         4
DAYS >= 1.00        2
GREATEST
 24 HR. TOTAL    4.58   06/21 TO 06/22

DEGREE_DAYS
HEATING TOTAL       5                29     -24
 SINCE 7/1       5654              6866   -1212
COOLING TOTAL     237               166      71
 SINCE 1/1        297               215      82
.................................................

WIND (MPH)
AVERAGE WIND SPEED              8.3
HIGHEST WIND SPEED/DIRECTION    33/330    DATE  06/14
HIGHEST GUST SPEED/DIRECTION    40/320    DATE  06/14

SKY COVER
POSSIBLE SUNSHINE (PERCENT)   MM
AVERAGE SKY COVER           0.20
NUMBER OF DAYS FAIR           23
NUMBER OF DAYS PC              7
NUMBER OF DAYS CLOUDY          0

AVERAGE RH (PERCENT)     73

WEATHER CONDITIONS. NUMBER OF DAYS WITH
THUNDERSTORM              0     HAIL                       0
SLEET                     0     FOG                       15
FOG W/VIS <= 1/4 MILE     3     HAZE                       2

-  INDICATES NEGATIVE NUMBERS.
R  INDICATES RECORD WAS SET OR TIED.
MM INDICATES DATA IS MISSING.
T  INDICATES TRACE AMOUNT.

$$
