000
CXUS51 KCLE 022020
CLMCLE


CLIMATE REPORT
NATIONAL WEATHER SERVICE CLEVELAND OH
314 PM EST MON JAN 2 2017

...................................

...THE CLEVELAND OH CLIMATE SUMMARY FOR THE MONTH OF DECEMBER 2016...

CLIMATE NORMAL PERIOD 1981 TO 2010
CLIMATE RECORD PERIOD 1871 TO 2017

WEATHER         OBSERVED          NORMAL  DEPART  LAST YEAR`S
                 VALUE   DATE(S)  VALUE   FROM    VALUE
                                          NORMAL
.............................................................
TEMPERATURE (F)
RECORD
 HIGH              77   12/03/1982
 LOW              -15   12/22/1989
HIGHEST            68   12/26
LOWEST              8   12/16
AVG. MAXIMUM     37.6              38.3    -0.7     51.3
AVG. MINIMUM     27.0              26.4     0.6     36.5
MEAN             32.3              32.4    -0.1     43.9
DAYS MAX >= 90      0               0.0     0.0        0
DAYS MAX <= 32      5               8.7    -3.7        0
DAYS MIN <= 32     22              22.2    -0.2        9
DAYS MIN <= 0       0               0.5    -0.5        0

PRECIPITATION (INCHES)
RECORD
 MAXIMUM         8.59   1990
 MINIMUM         0.71   1958
TOTALS           2.65              3.10   -0.45     2.96
DAYS >= .01        13              16.0    -3.0       13
DAYS >= .10         8               8.1    -0.1        9
DAYS >= .50         1               1.6    -0.6        1
DAYS >= 1.00        0               0.4    -0.4        1
GREATEST
 24 HR. TOTAL    0.69   12/17 TO 12/18              1.50

SNOWFALL (INCHES)
RECORDS
 TOTAL           35.1   2004
TOTALS            9.6              14.1    -4.5      0.3
SINCE 7/1        10.5              18.6    -8.1      1.2
DAYS >= 1.0         3               4.2    -1.2        0
GREATEST
 24 HR TOTAL      3.6   12/15 TO 12/15

DEGREE_DAYS
HEATING TOTAL    1007              1012      -5      647
 SINCE 7/1       1723              2107    -384     1512
COOLING TOTAL       0                 0       0        0
 SINCE 1/1       1320               817     503      831
..............................................................

WIND (MPH)
AVERAGE WIND SPEED              12.1
HIGHEST WIND SPEED/DIRECTION    30/260    DATE  12/14
HIGHEST GUST SPEED/DIRECTION    40/190    DATE  12/26

SKY COVER
AVERAGE SKY COVER           0.90

AVERAGE RH (PERCENT)     67

WEATHER CONDITIONS. NUMBER OF DAYS WITH
THUNDERSTORM              0     MIXED PRECIP               0
HEAVY RAIN                1     RAIN                       6
LIGHT RAIN               13     FREEZING RAIN              1
LT FREEZING RAIN          1     HAIL                       0
HEAVY SNOW                2     SNOW                       7
LIGHT SNOW               15     SLEET                      1
FOG                      12     FOG W/VIS <= 1/4 MILE      1
HAZE                      9

-  INDICATES NEGATIVE NUMBERS.
R  INDICATES RECORD WAS SET OR TIED.
MM INDICATES DATA IS MISSING.
T  INDICATES TRACE AMOUNT.

$$
