000
CXUS51 KCLE 032130
CLMCLE


CLIMATE REPORT
NATIONAL WEATHER SERVICE CLEVELAND OH
527 PM EDT WED SEP 3 2014

...................................

...THE CLEVELAND OH CLIMATE SUMMARY FOR THE MONTH OF AUGUST 2014...

CLIMATE NORMAL PERIOD 1981 TO 2010
CLIMATE RECORD PERIOD 1871 TO 2014

WEATHER         OBSERVED          NORMAL  DEPART  LAST YEAR`S
                 VALUE   DATE(S)  VALUE   FROM    VALUE
                                          NORMAL
.............................................................
TEMPERATURE (F)
RECORD
 HIGH             102   08/27/1948
 LOW               38   08/29/1982
HIGHEST            88   08/30
LOWEST             50   08/15
AVG. MAXIMUM     79.1              80.8    -1.7     80.0
AVG. MINIMUM     61.7              63.1    -1.4     62.1
MEAN             70.4              72.0    -1.6     71.0
DAYS MAX >= 90      0               2.3    -2.3        0
DAYS MAX <= 32      0               0.0     0.0        0
DAYS MIN <= 32      0               0.0     0.0        0
DAYS MIN <= 0       0               0.0     0.0        0

PRECIPITATION (INCHES)
RECORD
 MAXIMUM         9.03   2007
 MINIMUM         0.17   1881
TOTALS           4.59              3.51    1.08     2.81
DAYS >= .01        11               9.8     1.2       11
DAYS >= .10         9               6.0     3.0        7
DAYS >= .50         2               2.0     0.0        2
DAYS >= 1.00        2               0.9     1.1        0
GREATEST
 24 HR. TOTAL    1.46   08/12 TO 08/13              1.12

SNOWFALL (INCHES)
RECORDS
 TOTAL             MM   MM
TOTALS            0.0               0.0     0.0      0.0
SINCE 7/1         0.0               0.0     0.0      0.0
DAYS >= 1.0         0               0.0     0.0        0
GREATEST
 24 HR TOTAL      0.0   08/31 TO 08/31

DEGREE_DAYS
HEATING TOTAL      11                 8       3        4
 SINCE 7/1         25                12      13        7
COOLING TOTAL     190               223     -33      198
 SINCE 1/1        590               715    -125      762
..............................................................

WIND (MPH)
AVERAGE WIND SPEED              7.4
HIGHEST WIND SPEED/DIRECTION    32/340    DATE  08/19
HIGHEST GUST SPEED/DIRECTION    38/340    DATE  08/19

SKY COVER
AVERAGE SKY COVER           0.50

AVERAGE RH (PERCENT)     72

WEATHER CONDITIONS. NUMBER OF DAYS WITH
THUNDERSTORM              0     MIXED PRECIP               0
HEAVY RAIN                7     RAIN                       7
LIGHT RAIN               14     FREEZING RAIN              0
LT FREEZING RAIN          0     HAIL                       0
HEAVY SNOW                0     SNOW                       0
LIGHT SNOW                0     SLEET                      0
FOG                      18     FOG W/VIS <= 1/4 MILE      0
HAZE                     10

-  INDICATES NEGATIVE NUMBERS.
R  INDICATES RECORD WAS SET OR TIED.
MM INDICATES DATA IS MISSING.
T  INDICATES TRACE AMOUNT.

$$
