000
CXUS54 KHGX 011442
CLMCLL

CLIMATE REPORT
NATIONAL WEATHER SERVICE HOUSTON/GALVESTON TX
928 AM CDT THU SEP 1 2016

...................................

...THE COLLEGE STATION CLIMATE SUMMARY FOR THE MONTH OF AUGUST 2016...

CLIMATE NORMAL PERIOD 1981 TO 2010
CLIMATE RECORD PERIOD 1902 TO 2016

WEATHER         OBSERVED          NORMAL  DEPART  LAST YEAR`S
                 VALUE   DATE(S)  VALUE   FROM    VALUE  DATE(S)
                                          NORMAL
................................................................
TEMPERATURE (F)
RECORD
 HIGH             109   08/28/2011
                        08/27/2011
                        08/31/2000
 LOW               58   08/21/1940
HIGHEST           102   08/12                        106  08/11
LOWEST             70   08/14                         70  08/28
                                                          08/27
AVG. MAXIMUM     93.4              96.2    -2.8     97.1
AVG. MINIMUM     74.9              74.5     0.4     74.7
MEAN             84.1              85.3    -1.2     85.9
DAYS MAX >= 90     22              28.4    -6.4       30
DAYS MAX <= 32      0               0.0     0.0        0
DAYS MIN <= 32      0               0.0     0.0        0
DAYS MIN <= 0       0               0.0     0.0        0

PRECIPITATION (INCHES)
RECORD
 MAXIMUM        11.25   1915
 MINIMUM         0.00   1902
TOTALS           8.92              2.68    6.24     1.36
DAILY AVG.       0.29              0.09    0.20     0.04
DAYS >= .01        13               5.8     7.2        6
DAYS >= .10        10               3.7     6.3        2
DAYS >= .50         6               1.8     4.2        1
DAYS >= 1.00        4               0.8     3.2        1
GREATEST
 24 HR. TOTAL    3.00   08/20 TO 08/21

DEGREE_DAYS
HEATING TOTAL       0                 0       0        0
 SINCE 7/1          0                 0       0        0
COOLING TOTAL     604               631     -27      654
 SINCE 1/1       2374              2346      28     2360
.................................................................

WIND (MPH)
AVERAGE WIND SPEED              6.8
HIGHEST WIND SPEED/DIRECTION    26/070    DATE  08/29
HIGHEST GUST SPEED/DIRECTION    34/180    DATE  08/17

SKY COVER
AVERAGE SKY COVER           0.30

AVERAGE RH (PERCENT)     75

WEATHER CONDITIONS. NUMBER OF DAYS WITH
THUNDERSTORM             11     MIXED PRECIP               0
HEAVY RAIN                9     RAIN                      10
LIGHT RAIN               13     FREEZING RAIN              0
LT FREEZING RAIN          0     HAIL                       0
HEAVY SNOW                0     SNOW                       0
LIGHT SNOW                0     SLEET                      0
FOG                      19     FOG W/VIS <= 1/4 MILE      0
HAZE                      1

-  INDICATES NEGATIVE NUMBERS.
R  INDICATES RECORD WAS SET OR TIED.
MM INDICATES DATA IS MISSING.
T  INDICATES TRACE AMOUNT.

$$
