000
CXUS54 KHGX 192204
CLMCLL

CLIMATE REPORT
NATIONAL WEATHER SERVICE HOUSTON/GALVESTON TX
936 AM CST TUE MAR 1 2016

...................................

...THE COLLEGE STATION CLIMATE SUMMARY FOR THE MONTH OF FEBRUARY 2016...

CLIMATE NORMAL PERIOD 1981 TO 2010
CLIMATE RECORD PERIOD 1902 TO 2016

WEATHER         OBSERVED          NORMAL  DEPART  LAST YEAR`S
                 VALUE   DATE(S)  VALUE   FROM    VALUE  DATE(S)
                                          NORMAL
................................................................
TEMPERATURE (F)
RECORD
 HIGH              99   02/21/1996
 LOW                5   02/02/1951
HIGHEST            80   02/19                         82  02/09
LOWEST             31   02/07                         29  02/24
AVG. MAXIMUM     70.0              64.8     5.2     60.5
AVG. MINIMUM     46.2              44.4     1.8     40.7
MEAN             58.1              54.6     3.5     50.6
DAYS MAX >= 90      0               0.1    -0.1        0
DAYS MAX <= 32      0               0.1    -0.1        0
DAYS MIN <= 32      2               2.5    -0.5        6
DAYS MIN <= 0       0               0.0     0.0        0

PRECIPITATION (INCHES)
RECORD
 MAXIMUM         9.82   1992
 MINIMUM         0.01   1916
TOTALS           1.32              2.85   -1.53     0.75
DAILY AVG.       0.05                               0.03
DAYS >= .01         4               8.1    -4.1       10
DAYS >= .10         4               4.3    -0.3        2
DAYS >= .50         1               1.7    -0.7        0
DAYS >= 1.00        0               0.8    -0.8        0
GREATEST
 24 HR. TOTAL    0.73   02/22 TO 02/23

SNOWFALL (INCHES)
RECORDS
 TOTAL
TOTALS            0.0                 T     0.0        T
SINCE 7/1         0.0                 T     0.0        T
SNOWDEPTH AVG.      0                                  0
DAYS >= 1.0         0               0.0     0.0        0
GREATEST
 SNOW DEPTH         0                                  0
 24 HR TOTAL      0.0   02/29 TO 02/29

DEGREE_DAYS
HEATING TOTAL     214               309     -95      397
 SINCE 7/1       1047              1395    -348     1541
COOLING TOTAL      21                17       4        1
 SINCE 1/1         25                29      -4        1
.................................................................

WIND (MPH)
AVERAGE WIND SPEED              9.2
HIGHEST WIND SPEED/DIRECTION    31/280    DATE  02/23
HIGHEST GUST SPEED/DIRECTION    39/290    DATE  02/23

SKY COVER
AVERAGE SKY COVER           0.30

AVERAGE RH (PERCENT)     62

WEATHER CONDITIONS. NUMBER OF DAYS WITH
THUNDERSTORM              1     MIXED PRECIP               0
HEAVY RAIN                2     RAIN                       3
LIGHT RAIN                6     FREEZING RAIN              0
LT FREEZING RAIN          0     HAIL                       0
HEAVY SNOW                0     SNOW                       0
LIGHT SNOW                0     SLEET                      0
FOG                       9     FOG W/VIS <= 1/4 MILE      2
HAZE                      2

-  INDICATES NEGATIVE NUMBERS.
R  INDICATES RECORD WAS SET OR TIED.
MM INDICATES DATA IS MISSING.
T  INDICATES TRACE AMOUNT.

$$
