000
CXUS54 KHGX 021550
CLMCLL

CLIMATE REPORT
NATIONAL WEATHER SERVICE HOUSTON/GALVESTON TX
1050 AM CDT TUE SEP 2 2014

...................................

...THE COLLEGE STATION CLIMATE SUMMARY FOR THE MONTH OF AUGUST 2014...

CLIMATE NORMAL PERIOD 1981 TO 2010
CLIMATE RECORD PERIOD 1902 TO 2014

WEATHER         OBSERVED          NORMAL  DEPART  LAST YEAR`S
                 VALUE   DATE(S)  VALUE   FROM    VALUE  DATE(S)
                                          NORMAL
................................................................
TEMPERATURE (F)
RECORD
 HIGH             109   08/28/2011
                        08/27/2011
                        08/31/2000
 LOW               58   08/21/1940
HIGHEST            99   08/25        MM      MM      104  08/10
                        08/16                             08/08
                                                          08/07
LOWEST             69   08/02        MM      MM       69  08/18
AVG. MAXIMUM     94.7              96.2    -1.5     99.4
AVG. MINIMUM     74.7              74.5     0.2     75.2
MEAN             84.7              85.3    -0.6     87.3
DAYS MAX >= 90     28              28.4    -0.4       31
DAYS MAX <= 32      0               0.0     0.0        0
DAYS MIN <= 32      0               0.0     0.0        0
DAYS MIN <= 0       0               0.0     0.0        0

PRECIPITATION (INCHES)
RECORD
 MAXIMUM        11.25   1915
 MINIMUM         0.00   1902
TOTALS           0.41              2.68   -2.27     0.78
DAILY AVG.       0.01              0.09   -0.08     0.03
DAYS >= .01         5               5.8    -0.8        4
DAYS >= .10         2               3.7    -1.7        1
DAYS >= .50         0               1.8    -1.8        1
DAYS >= 1.00        0               0.8    -0.8        0
GREATEST
 24 HR. TOTAL    0.80   07/31 TO 08/01

DEGREE_DAYS
HEATING TOTAL       0                 0       0        0
 SINCE 7/1          0                 0       0        0
COOLING TOTAL     620               631     -11      698
 SINCE 1/1       2207              2346    -139     2477
.................................................................

WIND (MPH)
AVERAGE WIND SPEED              7.6
HIGHEST WIND SPEED/DIRECTION    35/170    DATE  08/19
HIGHEST GUST SPEED/DIRECTION    44/180    DATE  08/19

SKY COVER
AVERAGE SKY COVER           0.20

AVERAGE RH (PERCENT)     66

WEATHER CONDITIONS. NUMBER OF DAYS WITH
THUNDERSTORM              0     MIXED PRECIP               0
HEAVY RAIN                4     RAIN                       1
LIGHT RAIN                8     FREEZING RAIN              0
LT FREEZING RAIN          0     HAIL                       0
HEAVY SNOW                0     SNOW                       0
LIGHT SNOW                0     SLEET                      0
FOG                       8     FOG W/VIS <= 1/4 MILE      0
HAZE                      3

-  INDICATES NEGATIVE NUMBERS.
R  INDICATES RECORD WAS SET OR TIED.
MM INDICATES DATA IS MISSING.
T  INDICATES TRACE AMOUNT.

$$
