000
CXUS54 KHGX 012043
CLMCLL

CLIMATE REPORT
NATIONAL WEATHER SERVICE HOUSTON/GALVESTON TX
342 PM CDT WED JUN 1 2016

...................................

...THE COLLEGE STATION CLIMATE SUMMARY FOR THE MONTH OF MAY 2016...

CLIMATE NORMAL PERIOD 1981 TO 2010
CLIMATE RECORD PERIOD 1902 TO 2016

WEATHER         OBSERVED          NORMAL  DEPART  LAST YEAR`S
                 VALUE   DATE(S)  VALUE   FROM    VALUE  DATE(S)
                                          NORMAL
................................................................
TEMPERATURE (F)
RECORD
 HIGH             100   05/31/1998
                        05/29/1996
 LOW               42   05/04/2013
                        05/04/1954

HIGHEST            90   05/28        MM      MM       89  05/30
                        05/24                             05/20
                        05/10
LOWEST             53   05/04        MM      MM       57  05/01
                        05/03

AVG. MAXIMUM     82.6              85.8    -3.2     83.6
AVG. MINIMUM     65.3              66.6    -1.3     67.5
MEAN             73.9              76.2    -2.3     75.5

DAYS MAX >= 90      3               7.3    -4.3        0
DAYS MAX <= 32      0               0.0     0.0        0
DAYS MIN <= 32      0               0.0     0.0        0
DAYS MIN <= 0       0               0.0     0.0        0

PRECIPITATION (INCHES)
RECORD
 MAXIMUM        14.70   1929
 MINIMUM         0.11   1998

TOTALS          12.93              4.33    8.60     9.73
DAILY AVG.       0.42              0.14    0.28     0.31

DAYS >= .01        12               8.3     3.7       17
DAYS >= .10         9               5.6     3.4       13
DAYS >= .50         4               2.9     1.1        8
DAYS >= 1.00        4               1.4     2.6        2
GREATEST
 24 HR. TOTAL    7.90   05/26 TO 05/27

DEGREE_DAYS
HEATING TOTAL       2                 2       0        0
 SINCE 7/1       1148              1608    -460     1768
COOLING TOTAL     285               349     -64      332
 SINCE 1/1        556               588     -32      571
.................................................................

WIND (MPH)
AVERAGE WIND SPEED              8.5
HIGHEST WIND SPEED/DIRECTION    33/150    DATE  05/26
HIGHEST GUST SPEED/DIRECTION    42/120    DATE  05/27

SKY COVER
AVERAGE SKY COVER           0.40

AVERAGE RH (PERCENT)     77

WEATHER CONDITIONS. NUMBER OF DAYS WITH
THUNDERSTORM             10     MIXED PRECIP               0
HEAVY RAIN                5     RAIN                       9
LIGHT RAIN               16     FREEZING RAIN              0
LT FREEZING RAIN          0     HAIL                       0
HEAVY SNOW                0     SNOW                       0
LIGHT SNOW                0     SLEET                      0
FOG                      17     FOG W/VIS <= 1/4 MILE      3
HAZE                      2

-  INDICATES NEGATIVE NUMBERS.
R  INDICATES RECORD WAS SET OR TIED.
MM INDICATES DATA IS MISSING.
T  INDICATES TRACE AMOUNT.

$$
