000
CXUS54 KHGX 011408
CLMCLL

CLIMATE REPORT
NATIONAL WEATHER SERVICE HOUSTON/GALVESTON TX
902 AM CDT MON MAY 1 2017

...................................

...THE COLLEGE STATION CLIMATE SUMMARY FOR THE MONTH OF APRIL 2017...

CLIMATE NORMAL PERIOD 1981 TO 2010
CLIMATE RECORD PERIOD 1902 TO 2017

WEATHER         OBSERVED          NORMAL  DEPART  LAST YEAR`S
                 VALUE   DATE(S)  VALUE   FROM    VALUE  DATE(S)
                                          NORMAL
................................................................
TEMPERATURE (F)
RECORD
 HIGH              96   04/19/2011
                        04/30/1933
                        04/16/1920
 LOW               28   04/10/1973
HIGHEST            93   04/28                         88  04/28
                                                          04/25
LOWEST             47   04/06                         42  04/03
AVG. MAXIMUM     81.5              78.9     2.6     79.2
AVG. MINIMUM     59.2              58.1     1.1     59.1
MEAN             70.4              68.5     1.9     69.2
DAYS MAX >= 90      3               0.7     2.3        0
DAYS MAX <= 32      0               0.0     0.0        0
DAYS MIN <= 32      0               0.0     0.0        0
DAYS MIN <= 0       0               0.0     0.0        0

PRECIPITATION (INCHES)
RECORD
 MAXIMUM        12.50   1957
 MINIMUM            T   2011
TOTALS           2.92              2.66    0.26     5.42
DAILY AVG.       0.10              0.09    0.01     0.18
DAYS >= .01         7               6.5     0.5       13
DAYS >= .10         4               3.6     0.4        9
DAYS >= .50         2               1.9     0.1        5
DAYS >= 1.00        1               0.9     0.1        2
GREATEST
 24 HR. TOTAL    1.62   04/11 TO 04/11

SNOWFALL (INCHES)
RECORDS
 TOTAL              T   2007
TOTALS            0.0               0.0     0.0      0.0
SINCE 7/1           T                 T     0.0      0.0
SNOWDEPTH AVG.      0                                  0
DAYS >= 1.0         0               0.0     0.0        0
GREATEST
 SNOW DEPTH         0                                  0
 24 HR TOTAL      0.0   04/30 TO 04/30

DEGREE_DAYS
HEATING TOTAL      12                47     -35       23
 SINCE 7/1        847              1606    -759     1146
COOLING TOTAL     180               152      28      156
 SINCE 1/1        452               239     213      271
.................................................................

WIND (MPH)
AVERAGE WIND SPEED              9.9
HIGHEST WIND SPEED/DIRECTION    32/170    DATE  04/29
HIGHEST GUST SPEED/DIRECTION              DATE

SKY COVER
AVERAGE SKY COVER           0.40

AVERAGE RH (PERCENT)     71

WEATHER CONDITIONS. NUMBER OF DAYS WITH
THUNDERSTORM              4     MIXED PRECIP               0
HEAVY RAIN                4     RAIN                       4
LIGHT RAIN               10     FREEZING RAIN              0
LT FREEZING RAIN          0     HAIL                       0
HEAVY SNOW                0     SNOW                       0
LIGHT SNOW                0     SLEET                      0
FOG                      18     FOG W/VIS <= 1/4 MILE      3
HAZE                      5

-  INDICATES NEGATIVE NUMBERS.
R  INDICATES RECORD WAS SET OR TIED.
MM INDICATES DATA IS MISSING.
T  INDICATES TRACE AMOUNT.

$$
