000
CXUS52 KGSP 011552
CLMCLT

CLIMATE REPORT
NATIONAL WEATHER SERVICE GREENVILLE-SPARTANBURG SC
1047 AM EST THU DEC 1 2016

...................................

...THE CHARLOTTE CLIMATE SUMMARY FOR THE MONTH OF NOVEMBER 2016...

CLIMATE NORMAL PERIOD 1981 TO 2010
CLIMATE RECORD PERIOD 1878 TO 2016

WEATHER         OBSERVED          NORMAL  DEPART  LAST YEAR`S
                 VALUE   DATE(S)  VALUE   FROM    VALUE  DATE(S)
                                          NORMAL
................................................................
TEMPERATURE (F)
RECORD
 HIGH              85   11/02/1961
 LOW               11   11/26/1950
HIGHEST            81   11/03        MM      MM       77  11/12
LOWEST             25   11/27        MM      MM       26  11/24
                        11/22                             11/15
AVG. MAXIMUM     67.4              62.4     5.0     65.0
AVG. MINIMUM     39.5              39.2     0.3     44.2
MEAN             53.5              50.8     2.7     54.6
DAYS MAX >= 90      0               0.0     0.0        0
DAYS MAX <= 32      0               0.0     0.0        0
DAYS MIN <= 32      7               7.4    -0.4        5
DAYS MIN <= 0       0               0.0     0.0        0

PRECIPITATION (INCHES)
RECORD
 MAXIMUM        10.04   2015
 MINIMUM         0.23   1890
TOTALS           0.88              3.14   -2.26    10.04
DAILY AVG.       0.03              0.10   -0.07     0.33
DAYS >= .01         3               8.4    -5.4       13
DAYS >= .10         2               5.1    -3.1       10
DAYS >= .50         0               2.5    -2.5        6
DAYS >= 1.00        0               0.8    -0.8        4
GREATEST
 24 HR. TOTAL    0.59   11/29 TO 11/30           11/01 TO 11/02
                                                          11/30 TO 11/30
                                                          11/30 TO 11/30
 STORM TOTAL       MM                                 MM
 (MM/DD(HH))            MM                    11/02(00) TO 11/02(00)
                                                 11/30(00) TO 11/30(00)0
                                                 11/30(00) TO 11/30(00)0

SNOWFALL (INCHES)
RECORDS
 TOTAL            2.5   2000
 24 HR TOTAL      2.5   11/19/2000 TO 11/19/2000
 SNOW DEPTH         2   11/12/1968
TOTALS            0.0               0.1    -0.1      0.0
 LIQUID EQUIV    0.00              0.00    0.00     0.00
SINCE 7/1         0.0               0.1    -0.1      0.0
 LIQUID 7/1      0.00              0.00    0.00     0.00
SNOWDEPTH AVG.      0                MM      MM        0
DAYS >= TRACE       0               0.0     0.0        0
DAYS >= 1.0         0               0.0     0.0        0
GREATEST
 SNOW DEPTH         0   MM                             0  MM
 24 HR TOTAL      0.0   11/30 TO 11/30           11/30 TO 11/30
                                                          11/30 TO 11/30
                                                          11/30 TO 11/30
 STORM TOTAL       MM                                 MM
 (MM/DD(HH))            MM                    11/30(00) TO 11/30(00)
                                                 11/30(00) TO 11/30(00)0
                                                 11/30(00) TO 11/30(00)0

DEGREE_DAYS
HEATING TOTAL     343               430     -87      310
 SINCE 7/1        418               636    -218      466
COOLING TOTAL       4                 4       0        7
 SINCE 1/1       2193              1517     676     2016

FREEZE DATES
RECORD
 EARLIEST     MM
 LATEST       MM
EARLIEST      11/11             MM
LATEST                          MM
.................................................

WIND (MPH)
AVERAGE WIND SPEED              5.5
HIGHEST WIND SPEED/DIRECTION    30/190    DATE  11/29
HIGHEST GUST SPEED/DIRECTION    39/320    DATE  11/19

SKY COVER
POSSIBLE SUNSHINE (PERCENT)   MM
AVERAGE SKY COVER           0.40
NUMBER OF DAYS FAIR           13
NUMBER OF DAYS PC             13
NUMBER OF DAYS CLOUDY          4

AVERAGE RH (PERCENT)     59

WEATHER CONDITIONS. NUMBER OF DAYS WITH
THUNDERSTORM              0     MIXED PRECIP               0
HEAVY RAIN                2     RAIN                       1
LIGHT RAIN                3     FREEZING RAIN              0
LT FREEZING RAIN          0     HAIL                       0
HEAVY SNOW                0     SNOW                       0
LIGHT SNOW                0     SLEET                      0
FOG                      11     FOG W/VIS <= 1/4 MILE      2
HAZE                      4

-  INDICATES NEGATIVE NUMBERS.
R  INDICATES RECORD WAS SET OR TIED.
MM INDICATES DATA IS MISSING.
T  INDICATES TRACE AMOUNT.

$$
