000
CXUS52 KGSP 010758
CLMCLT

CLIMATE REPORT
NATIONAL WEATHER SERVICE GREENVILLE-SPARTANBURG SC
258 AM EST WED FEB 1 2017

...................................

...THE CHARLOTTE CLIMATE SUMMARY FOR THE MONTH OF JANUARY 2017...

CLIMATE NORMAL PERIOD 1981 TO 2010
CLIMATE RECORD PERIOD 1878 TO 2017

WEATHER         OBSERVED          NORMAL  DEPART  LAST YEAR`S
                 VALUE   DATE(S)  VALUE   FROM    VALUE  DATE(S)
                                          NORMAL
................................................................
TEMPERATURE (F)
RECORD
 HIGH              79   01/29/2002
                        01/28/1944
 LOW               -5   01/21/1985
HIGHEST            78   01/13        MM      MM       66  01/31
LOWEST             14   01/08        MM      MM       14  01/19
AVG. MAXIMUM     57.4              50.7     6.7     49.9
AVG. MINIMUM     37.7              29.6     8.1     28.9
MEAN             47.6              40.1     7.5     39.4
DAYS MAX >= 90      0               0.0     0.0        0
DAYS MAX <= 32      1               0.9     0.1        0
DAYS MIN <= 32      9              18.4    -9.4       22
DAYS MIN <= 0       0               0.1    -0.1        0

PRECIPITATION (INCHES)
RECORD
 MAXIMUM        10.39   1936
 MINIMUM         0.45   1981
TOTALS           5.72              3.41    2.31     2.28
DAILY AVG.       0.18              0.11    0.07     0.07
DAYS >= .01        11               9.7     1.3        9
DAYS >= .10         8               6.7     1.3        4
DAYS >= .50         5               2.3     2.7        2
DAYS >= 1.00        1               0.9     0.1        0
GREATEST
 24 HR. TOTAL    1.25   01/02 TO 01/03           01/15 TO 01/15
                                                          01/22 TO 01/22
                                                          01/22 TO 01/22
 STORM TOTAL       MM                                 MM
 (MM/DD(HH))            MM                    01/15(00) TO 01/15(00)
                                                 01/22(00) TO 01/22(00)2
                                                 01/22(00) TO 01/22(00)2

SNOWFALL (INCHES)
RECORDS
 TOTAL           13.5   1893
 24 HR TOTAL     12.1   01/07/1988 TO 01/07/1988
 SNOW DEPTH        12   01/07/1988
TOTALS            1.1               2.1    -1.0      3.3
 LIQUID EQUIV    0.11              0.20   -0.09     0.33
SINCE 7/1         1.1               2.5    -1.4      3.3
 LIQUID 7/1      0.11              0.20   -0.09     0.33
SNOWDEPTH AVG.      0                MM      MM        0
DAYS >= TRACE       2               1.0     1.0        4
DAYS >= 1.0         1               0.6     0.4        1
GREATEST
 SNOW DEPTH         1   01/09                          2  01/24
                        01/08                             01/23
                        01/07                             01/22
 24 HR TOTAL      1.1   01/06 TO 01/07           01/22 TO 01/22
                                                          01/22 TO 01/22
                                                          01/22 TO 01/22
 STORM TOTAL      1.1                                 MM
 (MM/DD(HH))            MM                    01/22(00) TO 01/22(00)
                                                 01/22(00) TO 01/22(00)2
                                                 01/22(00) TO 01/22(00)2

DEGREE_DAYS
HEATING TOTAL     534               770    -236      787
 SINCE 7/1       1577              2107    -530     1554
COOLING TOTAL       0                 0       0        0
 SINCE 1/1          0                 0       0        0

FREEZE DATES
RECORD
 EARLIEST     MM
 LATEST       MM
EARLIEST                        MM
LATEST                          MM
...................................................

WIND (MPH)
AVERAGE WIND SPEED              6.9
HIGHEST WIND SPEED/DIRECTION    28/290    DATE  01/26
HIGHEST GUST SPEED/DIRECTION    38/290    DATE  01/26

SKY COVER
POSSIBLE SUNSHINE (PERCENT)   MM
AVERAGE SKY COVER           0.60
NUMBER OF DAYS FAIR            7
NUMBER OF DAYS PC             10
NUMBER OF DAYS CLOUDY         14

AVERAGE RH (PERCENT)     65

WEATHER CONDITIONS. NUMBER OF DAYS WITH
THUNDERSTORM              2     MIXED PRECIP               0
HEAVY RAIN                5     RAIN                       7
LIGHT RAIN               11     FREEZING RAIN              0
LT FREEZING RAIN          2     HAIL                       0
HEAVY SNOW                0     SNOW                       2
LIGHT SNOW                1     SLEET                      2
FOG                      14     FOG W/VIS <= 1/4 MILE      4
HAZE                      2

-  INDICATES NEGATIVE NUMBERS.
R  INDICATES RECORD WAS SET OR TIED.
MM INDICATES DATA IS MISSING.
T  INDICATES TRACE AMOUNT.

$$

OUTLAW
