000
CXUS52 KGSP 011450
CLMCLT

CLIMATE REPORT
NATIONAL WEATHER SERVICE GREENVILLE-SPARTANBURG SC
1050 AM EDT MON MAY 1 2017

...................................

...THE CHARLOTTE CLIMATE SUMMARY FOR THE MONTH OF APRIL 2017...

CLIMATE NORMAL PERIOD 1981 TO 2010
CLIMATE RECORD PERIOD 1878 TO 2017

WEATHER         OBSERVED          NORMAL  DEPART  LAST YEAR`S
                 VALUE   DATE(S)  VALUE   FROM    VALUE  DATE(S)
                                          NORMAL
................................................................
TEMPERATURE (F)
RECORD
 HIGH              96   04/24/1925
 LOW               21   04/08/2007
HIGHEST            87   04/21        MM      MM       88  04/19
LOWEST             34   04/09        MM      MM       34  04/10
                        04/08                             04/06
AVG. MAXIMUM     75.9              71.9     4.0     73.5
AVG. MINIMUM     54.9              46.9     8.0     50.0
MEAN             65.4              59.4     6.0     61.8
DAYS MAX >= 90      0               0.1    -0.1        0
DAYS MAX <= 32      0               0.0     0.0        0
DAYS MIN <= 32      0               1.1    -1.1        0
DAYS MIN <= 0       0               0.0     0.0        0

PRECIPITATION (INCHES)
RECORD
 MAXIMUM         9.01   1936
 MINIMUM         0.30   1976
TOTALS           5.54              3.04    2.50     2.03
DAILY AVG.       0.18              0.10    0.08     0.07
DAYS >= .01         8               8.8    -0.8        7
DAYS >= .10         6               5.8     0.2        5
DAYS >= .50         4               2.3     1.7        1
DAYS >= 1.00        3               0.6     2.4        0
GREATEST
 24 HR. TOTAL    2.66   04/23 TO 04/24           04/30 TO 04/30
                                                          04/30 TO 04/30
                                                          04/30 TO 04/30
 STORM TOTAL       MM                                 MM
 (MM/DD(HH))            MM                    04/30(00) TO 04/30(00)
                                                 04/30(00) TO 04/30(00)0
                                                 04/30(00) TO 04/30(00)0

SNOWFALL (INCHES)
RECORDS
 TOTAL            3.5   1880
 24 HR TOTAL      3.5   04/09/1880 TO 04/09/1880
 SNOW DEPTH        MM   MM
TOTALS            0.0                 T     0.0      0.0
 LIQUID EQUIV    0.00                MM      MM     0.00
SINCE 7/1         2.2               4.3    -2.1      3.3
 LIQUID 7/1      0.22                MM      MM     0.33
SNOWDEPTH AVG.      0                MM      MM        0
DAYS >= TRACE       0               0.0     0.0        0
DAYS >= 1.0         0               0.0     0.0        0
GREATEST
 SNOW DEPTH         0   MM                             0  MM
 24 HR TOTAL      0.0   MM                       04/30 TO 04/30
                                                          04/30 TO 04/30
                                                          04/30 TO 04/30
 STORM TOTAL       MM                                 MM
 (MM/DD(HH))            MM                    04/30(00) TO 04/30(00)
                                                 04/30(00) TO 04/30(00)0
                                                 04/30(00) TO 04/30(00)0

DEGREE_DAYS
HEATING TOTAL      85               200    -115      152
 SINCE 7/1       2366              3332    -966     2525
COOLING TOTAL     107                32      75       61
 SINCE 1/1        130                37      93       98

FREEZE DATES
RECORD
 EARLIEST     MM
 LATEST       MM
EARLIEST                        MM
LATEST                          MM
.................................................

WIND (MPH)
AVERAGE WIND SPEED              8.2
HIGHEST WIND SPEED/DIRECTION    29/250    DATE  04/06
HIGHEST GUST SPEED/DIRECTION    40/220    DATE  04/06

SKY COVER
POSSIBLE SUNSHINE (PERCENT)   MM
AVERAGE SKY COVER           0.60
NUMBER OF DAYS FAIR            7
NUMBER OF DAYS PC             14
NUMBER OF DAYS CLOUDY          9

AVERAGE RH (PERCENT)     65

WEATHER CONDITIONS. NUMBER OF DAYS WITH
THUNDERSTORM              4     MIXED PRECIP               0
HEAVY RAIN                6     RAIN                       6
LIGHT RAIN               10     FREEZING RAIN              0
LT FREEZING RAIN          0     HAIL                       0
HEAVY SNOW                0     SNOW                       0
LIGHT SNOW                0     SLEET                      0
FOG                       9     FOG W/VIS <= 1/4 MILE      1
HAZE                      1

-  INDICATES NEGATIVE NUMBERS.
R  INDICATES RECORD WAS SET OR TIED.
MM INDICATES DATA IS MISSING.
T  INDICATES TRACE AMOUNT.

$$

OUTLAW
