000
CXUS51 KILN 020102
CLMCMH

CLIMATE REPORT...CORRECTED
NATIONAL WEATHER SERVICE WILMINGTON OH
802 PM EST SUN MAR 1 2015

...................................

...THE COLUMBUS CLIMATE SUMMARY FOR THE MONTH OF FEBRUARY 2015...

CLIMATE NORMAL PERIOD 1981 TO 2010
CLIMATE RECORD PERIOD 1869 TO 2015

WEATHER         OBSERVED          NORMAL  DEPART  LAST YEAR`S
                 VALUE   DATE(S)  VALUE   FROM    VALUE  DATE(S)
                                          NORMAL
................................................................
TEMPERATURE (F)
RECORD
 HIGH              75   02/26/2000
 LOW              -20   02/10/1899
HIGHEST            56   02/08        40      16       63  02/20
LOWEST            -11   02/24        23     -34       -3  02/12
AVG. MAXIMUM     28.6              40.6   -12.0     34.5
AVG. MINIMUM      9.9              25.0   -15.1     17.3
MEAN             19.3              32.8   -13.5     25.9
DAYS MAX >= 90      0               0.0     0.0        0
DAYS MAX <= 32     19               6.5    12.5       15
DAYS MIN <= 32     27              21.3     5.7       24
DAYS MIN <= 0       8               0.3     7.7        3

PRECIPITATION (INCHES)
TOTALS           1.70              2.25   -0.55     2.39
DAILY AVG.       0.06              0.08   -0.02     0.09
DAYS >= .01        11              11.4    -0.4       12
DAYS >= .10         5               5.7    -0.7        8
DAYS >= .50         2               1.3     0.7        2
DAYS >= 1.00        0               0.2    -0.2        0
GREATEST
 24 HR. TOTAL    0.56   02/01 TO 02/02

SNOWFALL (INCHES)
TOTALS           15.5               6.1     9.4     15.9
SINCE 7/1        28.0              21.4     6.6     51.0
DAYS >= TRACE      14               6.6     7.4       16
DAYS >= 1.0         6               2.2     3.8        4
GREATEST
 24 HR TOTAL      6.8   02/21 TO 02/21

DEGREE_DAYS
HEATING TOTAL    1275               903     372     1087
 SINCE 7/1       4556              3995     561     4384
COOLING TOTAL       0                 0       0        0
 SINCE 1/1          0                 0       0        0
.....................................................

WIND (MPH)
AVERAGE WIND SPEED              8.9
RESULTANT WIND SPEED/DIRECTION   3/287
HIGHEST WIND SPEED/DIRECTION    39/290    DATE  02/14
HIGHEST GUST SPEED/DIRECTION    49/340    DATE  02/14

SKY COVER
AVERAGE SKY COVER           0.70

AVERAGE RH (PERCENT)     69

WEATHER CONDITIONS. NUMBER OF DAYS WITH
THUNDERSTORM              0     MIXED PRECIP               2
HEAVY RAIN                0     RAIN                       2
LIGHT RAIN                5     FREEZING RAIN              0
LT FREEZING RAIN          3     HAIL                       0
HEAVY SNOW                3     SNOW                       6
LIGHT SNOW               14     SLEET                      0
FOG                      18     FOG W/VIS <= 1/4 MILE      3
HAZE                     13

-  INDICATES NEGATIVE NUMBERS.
R  INDICATES RECORD WAS SET OR TIED.
MM INDICATES DATA IS MISSING.
T  INDICATES TRACE AMOUNT.

THE MEAN TEMPERATURE OF 19.3 DEGREES MAKES THIS THE 2ND COLDEST
FEBRUARY ON RECORD FOR COLUMBUS. THE COLDEST FEBRUARY ON RECORD IS 16.6
DEGREES IN 1978.

$$
