171
CXUS53 KILX 011648
CLMCMI


CLIMATE REPORT
NATIONAL WEATHER SERVICE LINCOLN IL
1002 AM CST THU DEC 1 2016

...................................

...THE CHAMPAIGN IL AIRPORT CLIMATE SUMMARY FOR THE MONTH OF NOVEMBER 2016...

CLIMATE NORMAL PERIOD 1981 TO 2010
CLIMATE RECORD PERIOD 9999 TO 9999

WEATHER         OBSERVED          NORMAL  DEPART  LAST YEAR`S
                 VALUE   DATE(S)  VALUE   FROM    VALUE
                                          NORMAL
.............................................................
TEMPERATURE (F)
RECORD
 HIGH              MM   MM
 LOW               MM   MM
HIGHEST            81   11/01        MM      MM       74
LOWEST             22   11/21        MM      MM        7
                        11/20
AVG. MAXIMUM     57.1              51.1     6.0     56.4
AVG. MINIMUM     37.5              32.1     5.4     35.4
MEAN             47.3              41.6     5.7     45.9
DAYS MAX >= 90      0               0.0     0.0        0
DAYS MAX <= 32      0               1.2    -1.2        1
DAYS MIN <= 32      9              15.6    -6.6       11
DAYS MIN <= 0       0               0.0     0.0        0

PRECIPITATION (INCHES)
RECORD
 MAXIMUM           MM   MM
 MINIMUM           MM   MM
TOTALS           2.85              3.50   -0.65     4.12
DAILY AVG.       0.09              0.12   -0.03     0.14
DAYS >= .01         7                MM      MM       12
DAYS >= .10         6                MM      MM        7
DAYS >= .50         1                MM      MM        4
DAYS >= 1.00        0                MM      MM        2
GREATEST
 24 HR. TOTAL    0.93   11/27 TO 11/28              1.34

DEGREE_DAYS
HEATING TOTAL     533               703    -170      566
 SINCE 7/1        733              1164    -431      867
COOLING TOTAL      11                 1      10        1
 SINCE 1/1       1284               945     339     1085
..............................................................

WIND (MPH)
AVERAGE WIND SPEED              10.5
HIGHEST WIND SPEED/DIRECTION    36/280    DATE  11/19
HIGHEST GUST SPEED/DIRECTION    45/230    DATE  11/18

SKY COVER
POSSIBLE SUNSHINE (PERCENT)   MM
AVERAGE SKY COVER           0.30
NUMBER OF DAYS FAIR           19
NUMBER OF DAYS PC              7
NUMBER OF DAYS CLOUDY          4

AVERAGE RH (PERCENT)     73

WEATHER CONDITIONS. NUMBER OF DAYS WITH
THUNDERSTORM              2     MIXED PRECIP               0
HEAVY RAIN                5     RAIN                       5
LIGHT RAIN               10     FREEZING RAIN              0
LT FREEZING RAIN          0     HAIL                       0
HEAVY SNOW                0     SNOW                       0
LIGHT SNOW                0     SLEET                      0
FOG                      14     FOG W/VIS <= 1/4 MILE      2
HAZE                      9

-  INDICATES NEGATIVE NUMBERS.
R  INDICATES RECORD WAS SET OR TIED.
MM INDICATES DATA IS MISSING.
T  INDICATES TRACE AMOUNT.

$$
