000
CXUS53 KILX 011553
CLMCMI


CLIMATE REPORT
NATIONAL WEATHER SERVICE LINCOLN IL
1041 AM CDT WED OCT 1 2014

...................................

...THE CHAMPAIGN IL AIRPORT CLIMATE SUMMARY FOR THE MONTH OF SEPTEMBER 2014...

CLIMATE NORMAL PERIOD 1981 TO 2010
CLIMATE RECORD PERIOD 9999 TO 9999

WEATHER         OBSERVED          NORMAL  DEPART  LAST YEAR`S
                 VALUE   DATE(S)  VALUE   FROM    VALUE
                                          NORMAL
.............................................................
TEMPERATURE (F)
RECORD
 HIGH              MM   MM
 LOW               MM   MM
HIGHEST            92   09/05        MM      MM       98
LOWEST             39   09/13        MM      MM       44
AVG. MAXIMUM     76.1              78.0    -1.9     82.6
AVG. MINIMUM     53.2              53.0     0.2     56.2
MEAN             64.8              65.5    -0.7     69.4
DAYS MAX >= 90      1               1.5    -0.5        4
DAYS MAX <= 32      0               0.0     0.0        0
DAYS MIN <= 32      0               0.0     0.0        0
DAYS MIN <= 0       0               0.0     0.0        0

PRECIPITATION (INCHES)
RECORD
 MAXIMUM           MM   MM
 MINIMUM           MM   MM
TOTALS           3.18              3.28   -0.10     0.55
DAILY AVG.       0.11              0.11    0.00     0.02
DAYS >= .01         8                MM      MM        6
DAYS >= .10         6                MM      MM        1
DAYS >= .50         4                MM      MM        0
DAYS >= 1.00        0                MM      MM        0
GREATEST
 24 HR. TOTAL    0.74   09/14 TO 09/15              0.37
                        09/15 TO 09/15
                        09/15 TO 09/16

DEGREE_DAYS
HEATING TOTAL      82                83      -1       28
 SINCE 7/1         91                92      -1       43
COOLING TOTAL      82                98     -16      169
 SINCE 1/1        938               925      13     1022
..............................................................

WIND (MPH)
AVERAGE WIND SPEED              7.3
HIGHEST WIND SPEED/DIRECTION    30/220    DATE  09/10
HIGHEST GUST SPEED/DIRECTION    37/230    DATE  09/10

SKY COVER
POSSIBLE SUNSHINE (PERCENT)   MM
AVERAGE SKY COVER           0.30
NUMBER OF DAYS FAIR           19
NUMBER OF DAYS PC              7
NUMBER OF DAYS CLOUDY          4

AVERAGE RH (PERCENT)     72

WEATHER CONDITIONS. NUMBER OF DAYS WITH
THUNDERSTORM              6     MIXED PRECIP               0
HEAVY RAIN                4     RAIN                       6
LIGHT RAIN               10     FREEZING RAIN              0
LT FREEZING RAIN          0     HAIL                       0
HEAVY SNOW                0     SNOW                       0
LIGHT SNOW                0     SLEET                      0
FOG                      15     FOG W/VIS <= 1/4 MILE      1
HAZE                      0

-  INDICATES NEGATIVE NUMBERS.
R  INDICATES RECORD WAS SET OR TIED.
MM INDICATES DATA IS MISSING.
T  INDICATES TRACE AMOUNT.

$$

JRP
