000
CXUS53 KTOP 011527 CCA
CLMCNK

CLIMATE REPORT
NATIONAL WEATHER SERVICE TOPEKA KS
930 AM CDT TUE JUL 1 2014

...................................

...THE CONCORDIA KS CLIMATE SUMMARY FOR THE MONTH OF JUNE 2014...

CLIMATE NORMAL PERIOD 1981 TO 2010
CLIMATE RECORD PERIOD 1885 TO 2014

WEATHER         OBSERVED          NORMAL  DEPART  LAST YEAR`S
                 VALUE   DATE(S)  VALUE   FROM    VALUE
                                          NORMAL
.............................................................
TEMPERATURE (F)
RECORD
 HIGH             109   06/30/1980
                        06/30/1956
                        06/26/1936
 LOW               41   06/01/1964
HIGHEST            94   06/30        89       5      100
LOWEST             52   06/13        58      -6       46
AVG. MAXIMUM     84.6              84.9    -0.3     86.3
AVG. MINIMUM     63.9              61.9     2.0     61.9
MEAN             74.2              73.4     0.8     74.1
DAYS MAX >= 90      7               8.1    -1.1       11
DAYS MAX <= 32      0               0.0     0.0        0
DAYS MIN <= 32      0               0.0     0.0        0
DAYS MIN <= 0       0               0.0     0.0        0

PRECIPITATION (INCHES)
RECORD
 MAXIMUM        14.14   1967
 MINIMUM         0.34   1952
TOTALS           6.70              4.05    2.65     1.28
DAILY AVG.       0.22              0.14    0.08     0.04
DAYS >= .01        13              10.9     2.1        7
DAYS >= .10         9               6.5     2.5        3
DAYS >= .50         6               2.8     3.2        1
DAYS >= 1.00        2               1.1     0.9        0
GREATEST
 24 HR. TOTAL    1.73   06/01 TO 06/01              0.59
                        05/31 TO 06/01
                        06/01 TO 06/01

SNOWFALL (INCHES)
RECORDS
 TOTAL              T   1989
TOTALS            0.0               0.0     0.0      0.0
SINCE 7/1        23.2              20.2     3.0     28.8
SNOWDEPTH AVG.      0                                  0
DAYS >= 1.0         0               0.0     0.0        0
GREATEST
 SNOW DEPTH         0   MM                             0
 24 HR TOTAL      0.0   06/30 TO 06/30               0.0

DEGREE_DAYS
HEATING TOTAL       1                13     -12       15
 SINCE 7/1       5759              5408     351     5514
COOLING TOTAL     287               265      22      296
 SINCE 1/1        462               354     108      399
..............................................................

WIND (MPH)
AVERAGE WIND SPEED              12.2
HIGHEST WIND SPEED/DIRECTION    46/330    DATE  06/11
HIGHEST GUST SPEED/DIRECTION    67/270    DATE  06/14

SKY COVER
POSSIBLE SUNSHINE (PERCENT)   MM
AVERAGE SKY COVER           0.20
NUMBER OF DAYS FAIR           24
NUMBER OF DAYS PC              5
NUMBER OF DAYS CLOUDY          1

AVERAGE RH (PERCENT)     72

WEATHER CONDITIONS. NUMBER OF DAYS WITH
THUNDERSTORM             14     MIXED PRECIP               0
HEAVY RAIN               10     RAIN                       9
LIGHT RAIN               14     FREEZING RAIN              0
LT FREEZING RAIN          0     HEAVY SNOW                 0
SNOW                      0     LIGHT SNOW                 0
FOG                      14     FOG W/VIS <= 1/4 MILE      0
HAZE                      1

-  INDICATES NEGATIVE NUMBERS.
R  INDICATES RECORD WAS SET OR TIED.
MM INDICATES DATA IS MISSING.
T  INDICATES TRACE AMOUNT.

$$
