000
CXUS53 KTOP 011430
CLMCNK


CLIMATE REPORT
NATIONAL WEATHER SERVICE TOPEKA KS
928 AM CDT TUE SEP 1 2015

...................................

...THE CONCORDIA KS CLIMATE SUMMARY FOR THE MONTH OF AUGUST 2015...

CLIMATE NORMAL PERIOD 1981 TO 2010
CLIMATE RECORD PERIOD 1885 TO 2015

WEATHER         OBSERVED          NORMAL  DEPART  LAST YEAR`S
                 VALUE   DATE(S)  VALUE   FROM    VALUE
                                          NORMAL
.............................................................
TEMPERATURE (F)
RECORD
 HIGH             116   08/12/1936
 LOW               41   08/23/1891
HIGHEST            97   08/02        91       6       98
LOWEST             48   08/24        68     -20       56
AVG. MAXIMUM     85.0              88.6    -3.6     88.9
AVG. MINIMUM     62.5              65.5    -3.0     65.5
MEAN             73.7              77.1    -3.4     77.2
DAYS MAX >= 90      6              13.2    -7.2       15
DAYS MAX <= 32      0               0.0     0.0        0
DAYS MIN <= 32      0               0.0     0.0        0
DAYS MIN <= 0       0               0.0     0.0        0

PRECIPITATION (INCHES)
RECORD
 MAXIMUM        10.72   1977
 MINIMUM         0.30   1947
TOTALS           4.20              3.14    1.06     6.99
DAILY AVG.       0.14              0.10    0.04     0.23
DAYS >= .01         7               8.5    -1.5       14
DAYS >= .10         5               5.8    -0.8       12
DAYS >= .50         2               2.0     0.0        5
DAYS >= 1.00        2               0.7     1.3        3
GREATEST
 24 HR. TOTAL    2.16   08/08 TO 08/08              1.94

SNOWFALL (INCHES)
RECORDS
 TOTAL              T   1954
TOTALS            0.0               0.0     0.0      0.0
SINCE 7/1         0.0               0.0     0.0      0.0
SNOWDEPTH AVG.      0                                  0
DAYS >= 1.0         0               0.0     0.0        0
GREATEST
 SNOW DEPTH         0   MM                             0
 24 HR TOTAL      0.0   08/31 TO 08/31               0.0

DEGREE_DAYS
HEATING TOTAL       2                 3      -1        0
 SINCE 7/1          2                 3      -1        2
COOLING TOTAL     279               376     -97      385
 SINCE 1/1       1039              1166    -127     1209
..............................................................

WIND (MPH)
AVERAGE WIND SPEED              8.7
HIGHEST WIND SPEED/DIRECTION    38/330    DATE  08/08
HIGHEST GUST SPEED/DIRECTION    51/330    DATE  08/08

SKY COVER
POSSIBLE SUNSHINE (PERCENT)   MM
AVERAGE SKY COVER           0.20
NUMBER OF DAYS FAIR           24
NUMBER OF DAYS PC              7
NUMBER OF DAYS CLOUDY          0

AVERAGE RH (PERCENT)     71

WEATHER CONDITIONS. NUMBER OF DAYS WITH
THUNDERSTORM              9     MIXED PRECIP               0
HEAVY RAIN                5     RAIN                       2
LIGHT RAIN                9     FREEZING RAIN              0
LT FREEZING RAIN          0     HEAVY SNOW                 0
SNOW                      0     LIGHT SNOW                 0
FOG                      14     FOG W/VIS <= 1/4 MILE      3
HAZE                      4

-  INDICATES NEGATIVE NUMBERS.
R  INDICATES RECORD WAS SET OR TIED.
MM INDICATES DATA IS MISSING.
T  INDICATES TRACE AMOUNT.

$$
