028
CXUS53 KTOP 011440
CLMCNK


CLIMATE REPORT
NATIONAL WEATHER SERVICE TOPEKA KS
828 AM CST MON FEB 1 2016

...................................

...THE CONCORDIA KS CLIMATE SUMMARY FOR THE MONTH OF JANUARY 2016...

CLIMATE NORMAL PERIOD 1981 TO 2010
CLIMATE RECORD PERIOD 1885 TO 2016

WEATHER         OBSERVED          NORMAL  DEPART  LAST YEAR`S
                 VALUE   DATE(S)  VALUE   FROM    VALUE
                                          NORMAL
.............................................................
TEMPERATURE (F)
RECORD
 HIGH              78   01/10/1911
 LOW              -33   01/08/1886
HIGHEST            58   01/29        38      20       71
LOWEST             -3   01/10        16     -19       -1
AVG. MAXIMUM     38.3              38.6    -0.3     43.9
AVG. MINIMUM     21.0              18.7     2.3     19.2
MEAN             29.6              28.6     1.0     31.6
DAYS MAX >= 90      0               0.0     0.0        0
DAYS MAX <= 32     10              10.0     0.0        8
DAYS MIN <= 32     29              28.2     0.8       28
DAYS MIN <= 0       1               1.9    -0.9        1

PRECIPITATION (INCHES)
RECORD
 MAXIMUM         2.16   1949
 MINIMUM         0.00   1997
                        1986
TOTALS           1.05              0.58    0.47     1.17
DAILY AVG.       0.03              0.02    0.01     0.04
DAYS >= .01         5               4.7     0.3        4
DAYS >= .10         3               1.8     1.2        3
DAYS >= .50         0               0.3    -0.3        1
DAYS >= 1.00        0               0.0     0.0        0
GREATEST
 24 HR. TOTAL    0.63   01/20 TO 01/21              0.94

SNOWFALL (INCHES)
RECORDS
 TOTAL           20.7   1959
TOTALS            7.6               5.7     1.9      2.3
SINCE 7/1         8.9              12.2    -3.3      8.4
SNOWDEPTH AVG.      1                                  0
DAYS >= 1.0         2               1.6     0.4        2
GREATEST
 SNOW DEPTH         8   01/21                          1
 24 HR TOTAL      5.8   MM                           1.0

DEGREE_DAYS
HEATING TOTAL    1089              1127     -38     1027
 SINCE 7/1       2732              3304    -572     3165
COOLING TOTAL       0                 0       0        0
 SINCE 1/1          0                 0       0        0
..............................................................

WIND (MPH)
AVERAGE WIND SPEED              9.7
HIGHEST WIND SPEED/DIRECTION    28/190    DATE  01/05
HIGHEST GUST SPEED/DIRECTION    35/190    DATE  01/05

SKY COVER
POSSIBLE SUNSHINE (PERCENT)   MM
AVERAGE SKY COVER           0.40
NUMBER OF DAYS FAIR           15
NUMBER OF DAYS PC              5
NUMBER OF DAYS CLOUDY         11

AVERAGE RH (PERCENT)     72

WEATHER CONDITIONS. NUMBER OF DAYS WITH
THUNDERSTORM              0     MIXED PRECIP               0
HEAVY RAIN                0     RAIN                       1
LIGHT RAIN                4     FREEZING RAIN              0
LT FREEZING RAIN          0     HEAVY SNOW                 0
SNOW                      1     LIGHT SNOW                 7
FOG                      12     FOG W/VIS <= 1/4 MILE      3
HAZE                      6

-  INDICATES NEGATIVE NUMBERS.
R  INDICATES RECORD WAS SET OR TIED.
MM INDICATES DATA IS MISSING.
T  INDICATES TRACE AMOUNT.

$$
