000
CXUS53 KICT 020202 AAA
CLMCNU

CLIMATE REPORT
NATIONAL WEATHER SERVICE WICHITA KS
901 PM CDT TUE JUL 1 2014

...................................

...THE CHANUTE KS CLIMATE SUMMARY FOR THE MONTH OF JUNE 2014...

CLIMATE NORMAL PERIOD 1981 TO 2010
CLIMATE RECORD PERIOD 1894 TO 2014

WEATHER         OBSERVED          NORMAL  DEPART  LAST YEAR`S
                 VALUE   DATE(S)  VALUE   FROM    VALUE  DATE(S)
                                          NORMAL
................................................................
TEMPERATURE (F)
RECORD
 HIGH             108   06/27/1980
                        06/20/1918
 LOW               44   06/03/1946
HIGHEST            90   06/30                         98  06/27
                        06/22
                        06/21
LOWEST             53   06/11                         46  06/03
AVG. MAXIMUM     83.1              84.4    -1.3     85.3
AVG. MINIMUM     66.2              64.7     1.5     64.7
MEAN             74.6              74.6     0.0     75.0
DAYS MAX >= 90      4               4.5    -0.5        9
DAYS MAX <= 32      0               0.0     0.0        0
DAYS MIN <= 32      0               0.0     0.0        0
DAYS MIN <= 0       0               0.0     0.0        0

PRECIPITATION (INCHES)
RECORD
 MAXIMUM        18.13   2007
 MINIMUM           MM   MM
TOTALS           8.05              6.03    2.02     4.12
DAILY AVG.       0.27              0.20    0.07     0.14
DAYS >= .01        11              11.6    -0.6        8
DAYS >= .10         9               8.1     0.9        4
DAYS >= .50         6               3.8     2.2        2
DAYS >= 1.00        2               2.1    -0.1        1
GREATEST
 24 HR. TOTAL    2.78   06/05 TO 06/05
                        06/04 TO 06/05
                        06/05 TO 06/05

DEGREE_DAYS
HEATING TOTAL       0                 6      -6       10
 SINCE 7/1       5090              4483     607     4322
COOLING TOTAL     298               292       6      314
.................................................................

WIND (MPH)
AVERAGE WIND SPEED              10.3
HIGHEST WIND SPEED/DIRECTION    35/280    DATE  06/28
HIGHEST GUST SPEED/DIRECTION    50/280    DATE  06/28

SKY COVER
POSSIBLE SUNSHINE (PERCENT)   MM
AVERAGE SKY COVER           0.40
NUMBER OF DAYS FAIR           16
NUMBER OF DAYS PC             11
NUMBER OF DAYS CLOUDY          3

AVERAGE RH (PERCENT)     76

WEATHER CONDITIONS. NUMBER OF DAYS WITH
THUNDERSTORM              0     MIXED PRECIP               0
HEAVY RAIN                7     RAIN                       9
LIGHT RAIN               14     FREEZING RAIN              0
LT FREEZING RAIN          0     HAIL                       0
HEAVY SNOW                0     SNOW                       0
LIGHT SNOW                0     SLEET                      0
FOG                      15     FOG W/VIS <= 1/4 MILE      1
HAZE                      2

-  INDICATES NEGATIVE NUMBERS.
R  INDICATES RECORD WAS SET OR TIED.
MM INDICATES DATA IS MISSING.
T  INDICATES TRACE AMOUNT.

&&

...JUNE 2014 PROVED WET ACROSS THE REGION...

VERY DRY WEATHER FROM WINTER THROUGH ABOUT MID TO LATE MAY HAD
FOLKS ACROSS THE REGION FEARING THE WORST...THAT THE OFF-AND-ON
LONG-TERM DROUGHT THAT PLAGUED THE REGION SINCE 2011 WAS RE-
INTENSIFYING. HOWEVER...THOSE FEARS WERE THANKFULLY SQUELCHED...AS
PERIODIC BOUTS OF WIDESPREAD THUNDERSTORMS THAT BEGAN IN MID-LATE
MAY CONTINUED THROUGH JUNE. IN FACT...MUCH OF CENTRAL...SOUTH-
CENTRAL AND SOUTHEAST KANSAS RECORDED 7 TO 10 INCHES FOR THE MONTH
OF JUNE...WITH LOCALLY HIGHER AMOUNTS. BELOW ARE THE TOP JUNE
2014 RAINFALL AMOUNTS TALLIED ACROSS CENTRAL...SOUTH-CENTRAL AND
SOUTHEAST KANSAS:

STATION           JUNE PRECIPITATION (INCHES)
INDEPENDENCE                 11.93
STERLING                     10.81
WICHITA NWS                  10.64
LONGTON                      10.59
HAYSVILLE 3 SE               10.58
CLAFLIN                      10.56
WICHITA MID-CONTINENT        10.46
GALATIA 1 NW                 10.37
NEWTON 2 SW                  10.27
CASSODAY                     10.22

THE BELOW TABLE SHOWS JUNE RAINFALL AND DEPARTURE FROM NORMAL FOR
OUR THREE OFFICIAL CLIMATE SITES (WICHITA...SALINA AND CHANUTE):

STATION    JUNE PRECIPITATION    DEPARTURE FROM NORMAL
WICHITA          10.46                  +5.26
SALINA            8.19                  +4.08
CHANUTE           8.05                  +2.02

AND FINALLY...THE BELOW TABLE SHOWS THE TOP-TEN HISTORIC JUNE
RAINFALLS FOR WICHITA...SALINA AND CHANUTE. WICHITA IS TIED FOR
3RD...SALINA 10TH AND CHANUTE 16TH:

WICHITA (SINCE 1888)  SALINA (SINCE 1894)  CHANUTE (SINCE 1896)
    14.43  1923           13.62  1905          18.13  2007
    12.11  1928           12.49  1951          12.05  1942
   *10.46  2014,1957      12.39  1927          11.28  1951
    10.07  1951           10.04  1981          10.71  1957
     9.76  1948            9.97  1896          10.45  2008
     9.43  1894            9.85  1942          10.20  1935
     8.90  1995,1939       9.61  1899          10.17  1943
     8.69  1942            8.22  1967           9.70  1984
                           8.21  1908           9.68  1967
                          *8.19  2014           9.47  1916
                                               *8.05  2014 (16TH)

$$
