000
CXUS55 KGJT 011226
CLMCNY


CLIMATE REPORT
NATIONAL WEATHER SERVICE GRAND JUNCTION CO
522 AM MST WED FEB 1 2017

...................................

...THE CANYONLANDS AIRPORT UT CLIMATE SUMMARY FOR THE MONTH OF JANUARY 2017...

CLIMATE NORMAL PERIOD 1981 TO 2010
CLIMATE RECORD PERIOD 9999 TO 9999

WEATHER         OBSERVED          NORMAL  DEPART  LAST YEAR`S
                 VALUE   DATE(S)  VALUE   FROM    VALUE  DATE(S)
                                          NORMAL
................................................................
TEMPERATURE (F)
HIGHEST            52   01/11        MM      MM       49  01/30
LOWEST             -3   01/06        MM      MM       -2  01/01
AVG. MAXIMUM     39.4              38.2     1.2     36.3
AVG. MINIMUM     23.2              15.8     7.4     18.7
MEAN             31.3              27.0     4.3     27.5
DAYS MAX >= 90      0               0.0     0.0        0
DAYS MAX <= 32      3               7.5    -4.5        9
DAYS MIN <= 32     27              29.7    -2.7       31
DAYS MIN <= 0       1               1.5    -0.5        1

PRECIPITATION (INCHES)
TOTALS           0.52              0.64   -0.12     0.36
DAILY AVG.       0.02              0.02    0.00     0.00
DAYS >= .01         9                MM      MM        4
DAYS >= .10         1                MM      MM        0
DAYS >= .50         0                MM      MM        0
DAYS >= 1.00        0                MM      MM        0
GREATEST
 24 HR. TOTAL    0.16   01/05 TO 01/05              0.05

SNOWFALL (INCHES)
TOTALS             MM                MM      MM       MM
SINCE 7/1          MM                MM      MM       MM
SNOWDEPTH AVG.     MM                MM      MM       MM
DAYS >= 1.0        MM                MM      MM       MM
GREATEST
 SNOW DEPTH        MM                                 MM  MM
 24 HR TOTAL       MM                                 MM

DEGREE_DAYS
HEATING TOTAL    1035              1178    -143     1155
 SINCE 7/1       2856              3575    -719     3282
COOLING TOTAL       0                 0       0        0
 SINCE 1/1          0                 0       0        0
.................................................................

WIND (MPH)
AVERAGE WIND SPEED              5.2
HIGHEST WIND SPEED/DIRECTION    40/290    DATE  01/09
HIGHEST GUST SPEED/DIRECTION    48/210    DATE  01/23

SKY COVER
POSSIBLE SUNSHINE (PERCENT)   MM
AVERAGE SKY COVER           0.40
NUMBER OF DAYS FAIR           13
NUMBER OF DAYS PC             11
NUMBER OF DAYS CLOUDY          7

AVERAGE RH (PERCENT)     76

WEATHER CONDITIONS. NUMBER OF DAYS WITH
THUNDERSTORM              1     MIXED PRECIP               0
HEAVY RAIN                1     RAIN                       1
LIGHT RAIN                7     FREEZING RAIN              0
LT FREEZING RAIN          1     HAIL                       0
HEAVY SNOW                1     SNOW                       2
LIGHT SNOW                7     SLEET                      0
FOG                      14     FOG W/VIS <= 1/4 MILE      3
HAZE                      0

-  INDICATES NEGATIVE NUMBERS.
R  INDICATES RECORD WAS SET OR TIED.
MM INDICATES DATA IS MISSING.
T  INDICATES TRACE AMOUNT.

$$
