000
CXUS55 KGJT 011304
CLMCNY


CLIMATE REPORT
NATIONAL WEATHER SERVICE GRAND JUNCTION CO
558 AM MST SUN JAN 1 2017

...................................

...THE CANYONLANDS AIRPORT UT CLIMATE SUMMARY FOR THE MONTH OF DECEMBER 2016...

CLIMATE NORMAL PERIOD 1981 TO 2010
CLIMATE RECORD PERIOD 9999 TO 9999

WEATHER         OBSERVED          NORMAL  DEPART  LAST YEAR`S
                 VALUE   DATE(S)  VALUE   FROM    VALUE  DATE(S)
                                          NORMAL
................................................................
TEMPERATURE (F)
HIGHEST            61   12/16        MM      MM       49  12/05
LOWEST             10   12/20        MM      MM        1  12/28
AVG. MAXIMUM     41.2              37.3     3.9     36.9
AVG. MINIMUM     20.3              16.0     4.3     15.3
MEAN             30.7              26.7     4.0     26.1
DAYS MAX >= 90      0               0.0     0.0        0
DAYS MAX <= 32      2               8.3    -6.3       12
DAYS MIN <= 32     30              30.3    -0.3       30
DAYS MIN <= 0       0               1.8    -1.8        0

PRECIPITATION (INCHES)
TOTALS           0.27              0.60   -0.33     0.19
DAILY AVG.       0.01              0.02   -0.01     0.01
DAYS >= .01         3                MM      MM        4
DAYS >= .10         1                MM      MM        1
DAYS >= .50         0                MM      MM        0
DAYS >= 1.00        0                MM      MM        0
GREATEST
 24 HR. TOTAL    0.19   12/22 TO 12/22              0.10
                        12/22 TO 12/23

SNOWFALL (INCHES)
TOTALS             MM                MM      MM       MM
SINCE 7/1          MM                MM      MM       MM
SNOWDEPTH AVG.     MM                MM      MM       MM
DAYS >= 1.0        MM                MM      MM       MM
GREATEST
 SNOW DEPTH        MM                                 MM  MM
 24 HR TOTAL       MM                                 MM

DEGREE_DAYS
HEATING TOTAL    1052              1188    -136     1198
 SINCE 7/1       1821              2397    -576     2127
COOLING TOTAL       0                 0       0        0
 SINCE 1/1       1627              1289     338     1420
.................................................................

WIND (MPH)
AVERAGE WIND SPEED              5.0
HIGHEST WIND SPEED/DIRECTION    39/220    DATE  12/16
HIGHEST GUST SPEED/DIRECTION    53/210    DATE  12/16

SKY COVER
POSSIBLE SUNSHINE (PERCENT)   MM
AVERAGE SKY COVER           0.30
NUMBER OF DAYS FAIR           19
NUMBER OF DAYS PC              7
NUMBER OF DAYS CLOUDY          5

AVERAGE RH (PERCENT)     62

WEATHER CONDITIONS. NUMBER OF DAYS WITH
THUNDERSTORM              0     MIXED PRECIP               0
HEAVY RAIN                0     RAIN                       2
LIGHT RAIN                3     FREEZING RAIN              0
LT FREEZING RAIN          1     HAIL                       0
HEAVY SNOW                1     SNOW                       1
LIGHT SNOW                3     SLEET                      0
FOG                       6     FOG W/VIS <= 1/4 MILE      2
HAZE                      1

-  INDICATES NEGATIVE NUMBERS.
R  INDICATES RECORD WAS SET OR TIED.
MM INDICATES DATA IS MISSING.
T  INDICATES TRACE AMOUNT.

$$
