000
CXUS55 KPUB 011550
CLMCOS


CLIMATE REPORT
NATIONAL WEATHER SERVICE PUEBLO
947 AM MDT TUE SEP 1 2015

...................................

...THE COLORADO SPRINGS CO CLIMATE SUMMARY FOR THE MONTH OF AUGUST 2015...

CLIMATE NORMAL PERIOD 1981 TO 2010
CLIMATE RECORD PERIOD 1872 TO 2015

WEATHER         OBSERVED          NORMAL  DEPART  LAST YEAR`S
                 VALUE   DATE(S)  VALUE   FROM    VALUE  DATE(S)
                                          NORMAL
................................................................
TEMPERATURE (F)
RECORD
 HIGH              99   08/01/2008
                        08/03/1954
 LOW               34   08/26/1910
HIGHEST            94   08/06        84      10       89  08/17
LOWEST             45   08/20        50      -5       48  08/30
AVG. MAXIMUM     85.4              81.6     3.8     81.6
AVG. MINIMUM     57.2              55.7     1.5     55.1
MEAN             71.3              68.7     2.6     68.4
DAYS MAX >= 90     10               2.6     7.4
DAYS MAX <= 32      0               0.0     0.0
DAYS MIN <= 32      0               0.0     0.0
DAYS MIN <= 0       0               0.0     0.0

PRECIPITATION (INCHES)
RECORD
 MAXIMUM         7.09   1929
 MINIMUM         0.12   2012
TOTALS           1.73              3.34   -1.61     2.34
DAILY AVG.       0.06              0.11   -0.05
DAYS >= .01        10              13.6    -3.6
DAYS >= .10         4               7.1    -3.1
DAYS >= .50         1               1.9    -0.9
DAYS >= 1.00        0               0.5    -0.5
GREATEST
 24 HR. TOTAL    0.74   08/09 TO 08/10              0.65

SNOWFALL (INCHES)
RECORDS
 TOTAL            0.2   1952
TOTALS            0.0               0.0     0.0        T
SINCE 7/1           T               0.0     0.0        T
SNOWDEPTH AVG.      0
DAYS >= 1.0         0               0.0     0.0
GREATEST
 SNOW DEPTH         0                                  0
 24 HR TOTAL      0.0                                  T

DEGREE_DAYS
HEATING TOTAL       9                21     -12        7
 SINCE 7/1         19                31     -12       30
COOLING TOTAL     211               134      77      116
 SINCE 1/1        515               418      97      427
.................................................................

WIND (MPH)
AVERAGE WIND SPEED              8.5
HIGHEST WIND SPEED/DIRECTION    37/310    DATE  08/16
HIGHEST GUST SPEED/DIRECTION    50/310    DATE  08/16

SKY COVER
POSSIBLE SUNSHINE (PERCENT)   MM
AVERAGE SKY COVER           0.50
NUMBER OF DAYS FAIR            5
NUMBER OF DAYS PC             22
NUMBER OF DAYS CLOUDY          4

AVERAGE RH (PERCENT)     50

WEATHER CONDITIONS. NUMBER OF DAYS WITH
THUNDERSTORM             16     MIXED PRECIP               0
HEAVY RAIN                5     RAIN                       5
LIGHT RAIN               15     FREEZING RAIN              0
LT FREEZING RAIN          0     HAIL                       0
HEAVY SNOW                0     SNOW                       0
LIGHT SNOW                0     SLEET                      0
FOG                       2     FOG W/VIS <= 1/4 MILE      0
HAZE                      7

-  INDICATES NEGATIVE NUMBERS.
R  INDICATES RECORD WAS SET OR TIED.
MM INDICATES DATA IS MISSING.
T  INDICATES TRACE AMOUNT.

$$
