000
CXUS55 KPUB 011511
CLMCOS


CLIMATE REPORT
NATIONAL WEATHER SERVICE PUEBLO
809 AM MST THU JAN 1 2015

...................................

...THE COLORADO SPRINGS CO CLIMATE SUMMARY FOR THE MONTH OF DECEMBER 2014...

CLIMATE NORMAL PERIOD 1981 TO 2010
CLIMATE RECORD PERIOD 1872 TO 2014

WEATHER         OBSERVED          NORMAL  DEPART  LAST YEAR`S
                 VALUE   DATE(S)  VALUE   FROM    VALUE  DATE(S)
                                          NORMAL
................................................................
TEMPERATURE (F)
RECORD
 HIGH              77   12/23/1955
 LOW              -27   12/09/1919
HIGHEST            61   12/11        45      16       65  12/18
LOWEST            -11   12/31        14     -25       -8  12/06
AVG. MAXIMUM     44.3              42.1     2.2     42.2
AVG. MINIMUM     18.6              17.5     1.1     16.2
MEAN             31.5              29.8     1.7     29.2
DAYS MAX >= 90      0               0.0     0.0
DAYS MAX <= 32      6               6.3    -0.3
DAYS MIN <= 32     31              29.6     1.4
DAYS MIN <= 0       2               1.7     0.3

PRECIPITATION (INCHES)
RECORD
 MAXIMUM         2.54   1913
 MINIMUM            T   1995
                        1970
                        1905
TOTALS           0.16              0.34   -0.18     0.07
DAILY AVG.       0.01              0.01    0.00
DAYS >= .01         7               4.3     2.7
DAYS >= .10         0               0.9    -0.9
DAYS >= .50         0               0.1    -0.1
DAYS >= 1.00        0               0.0     0.0
GREATEST
 24 HR. TOTAL    0.06   12/29 TO 12/29              0.06

SNOWFALL (INCHES)
RECORDS
 TOTAL           24.6   1913
TOTALS            3.7               5.7    -2.0      2.9
SINCE 7/1        10.8              13.5    -2.7      7.1
SNOWDEPTH AVG.      0
DAYS >= 1.0         1               2.0    -1.0
GREATEST
 SNOW DEPTH         2   12/29                          3
                        12/30
                        12/27
 24 HR TOTAL      2.2   12/29 TO 12/29               1.5

DEGREE_DAYS
HEATING TOTAL    1030              1091     -61     1103
 SINCE 7/1       2355              2572    -217     2464
COOLING TOTAL       0                 0       0        0
 SINCE 1/1        487               455      32      694
.................................................................

WIND (MPH)
AVERAGE WIND SPEED              8.0
HIGHEST WIND SPEED/DIRECTION    41/340    DATE  12/23
HIGHEST GUST SPEED/DIRECTION    53/340    DATE  12/23

SKY COVER
POSSIBLE SUNSHINE (PERCENT)   MM
AVERAGE SKY COVER           0.50
NUMBER OF DAYS FAIR            9
NUMBER OF DAYS PC             15
NUMBER OF DAYS CLOUDY          7

AVERAGE RH (PERCENT)     55

WEATHER CONDITIONS. NUMBER OF DAYS WITH
THUNDERSTORM              0     MIXED PRECIP               0
HEAVY RAIN                0     RAIN                       1
LIGHT RAIN                3     FREEZING RAIN              0
LT FREEZING RAIN          0     HAIL                       0
HEAVY SNOW                0     SNOW                       4
LIGHT SNOW               12     SLEET                      1
FOG                      13     FOG W/VIS <= 1/4 MILE      1
HAZE                      3

-  INDICATES NEGATIVE NUMBERS.
R  INDICATES RECORD WAS SET OR TIED.
MM INDICATES DATA IS MISSING.
T  INDICATES TRACE AMOUNT.

$$
