000
CXUS55 KPUB 011925
CLMCOS


CLIMATE REPORT
NATIONAL WEATHER SERVICE PUEBLO
124 PM MDT SUN MAY 1 2016

...................................

...THE COLORADO SPRINGS CO CLIMATE SUMMARY FOR THE MONTH OF APRIL 2016...

CLIMATE NORMAL PERIOD 1981 TO 2010
CLIMATE RECORD PERIOD 1872 TO 2016

WEATHER         OBSERVED          NORMAL  DEPART  LAST YEAR`S
                 VALUE   DATE(S)  VALUE   FROM    VALUE  DATE(S)
                                          NORMAL
................................................................
TEMPERATURE (F)
RECORD
 HIGH              87   04/30/1992
 LOW               -3   04/10/1959
HIGHEST            78   04/23        63      15       79  04/30
LOWEST             20   04/01        28      -8       22  04/04
AVG. MAXIMUM     59.4              59.8    -0.4     62.0
AVG. MINIMUM     34.0              33.3     0.7     34.9
MEAN             46.7              46.5     0.2     48.5
DAYS MAX >= 90      0               0.0     0.0
DAYS MAX <= 32      0               0.5    -0.5
DAYS MIN <= 32     13              12.7     0.3
DAYS MIN <= 0       0               0.0     0.0

PRECIPITATION (INCHES)
RECORD
 MAXIMUM         7.50   1999
 MINIMUM         0.01   1964
TOTALS           2.28              1.42    0.86     0.97
DAILY AVG.       0.08              0.05    0.03
DAYS >= .01        10               8.3     1.7
DAYS >= .10         7               3.5     3.5
DAYS >= .50         1               0.6     0.4
DAYS >= 1.00        0               0.1    -0.1
GREATEST
 24 HR. TOTAL    0.97   04/28 TO 04/29              0.67

SNOWFALL (INCHES)
RECORDS
 TOTAL           42.7   1957
TOTALS           13.1               4.9     8.2      1.7
SINCE 7/1        50.7              37.0    13.7     46.5
SNOWDEPTH AVG.      0
DAYS >= 1.0         4               1.4     2.6
GREATEST
 SNOW DEPTH         5   04/29                          2
 24 HR TOTAL      6.6   04/29 TO 04/29               1.5

DEGREE_DAYS
HEATING TOTAL     543               554     -11      489
 SINCE 7/1       5156              5922    -766     5379
COOLING TOTAL       0                 1      -1        0
 SINCE 1/1          0                 1      -1        0
.................................................................

WIND (MPH)
AVERAGE WIND SPEED              10.6
HIGHEST WIND SPEED/DIRECTION    45/300    DATE  04/05
HIGHEST GUST SPEED/DIRECTION    58/310    DATE  04/05

SKY COVER
POSSIBLE SUNSHINE (PERCENT)   MM
AVERAGE SKY COVER           0.60
NUMBER OF DAYS FAIR            5
NUMBER OF DAYS PC             16
NUMBER OF DAYS CLOUDY          9

AVERAGE RH (PERCENT)     52

WEATHER CONDITIONS. NUMBER OF DAYS WITH
THUNDERSTORM              3     MIXED PRECIP               3
HEAVY RAIN                1     RAIN                       2
LIGHT RAIN               11     FREEZING RAIN              0
LT FREEZING RAIN          0     HAIL                       1
HEAVY SNOW                2     SNOW                       5
LIGHT SNOW                9     SLEET                      1
FOG                      11     FOG W/VIS <= 1/4 MILE      2
HAZE                      6

-  INDICATES NEGATIVE NUMBERS.
R  INDICATES RECORD WAS SET OR TIED.
MM INDICATES DATA IS MISSING.
T  INDICATES TRACE AMOUNT.

$$
