000
CXUS55 KPUB 081817 CCA
CLMCOS

CLIMATE REPORT...CORRECTION MEAN TEMP
NATIONAL WEATHER SERVICE PUEBLO
1037 AM MDT THU SEP 1 2016

...................................

...THE COLORADO SPRINGS CO CLIMATE SUMMARY FOR THE MONTH OF AUGUST 2016...

CLIMATE NORMAL PERIOD 1981 TO 2010
CLIMATE RECORD PERIOD 1872 TO 2016

WEATHER         OBSERVED          NORMAL  DEPART  LAST YEAR`S
                 VALUE   DATE(S)  VALUE   FROM    VALUE  DATE(S)
                                          NORMAL
................................................................
TEMPERATURE (F)
RECORD
 HIGH              99   08/03/1954
 LOW               34   08/26/1910
HIGHEST            92   08/01        84       8       94  08/06
                        08/15
LOWEST             43   08/25        50      -7       45  08/20
AVG. MAXIMUM     82.1              81.6     0.5     85.4
AVG. MINIMUM     55.4              55.7    -0.3     57.2
MEAN             68.7              68.7     0.0     71.3
DAYS MAX >= 90      4               2.6     1.4
DAYS MAX <= 32      0               0.0     0.0
DAYS MIN <= 32      0               0.0     0.0
DAYS MIN <= 0       0               0.0     0.0

PRECIPITATION (INCHES)...CORRECTION
RECORD
 MAXIMUM         7.09   1929
 MINIMUM         0.12   2012
TOTALS           2.43              3.34   -0.91     1.73
DAILY AVG.       0.09              0.11   -0.02
DAYS >= .01        13              13.6    -0.6
DAYS >= .10         6               7.1    -1.1
DAYS >= .50         2               1.9     0.1
DAYS >= 1.00        0               0.5    -0.5
GREATEST
 24 HR. TOTAL    1.47   08/28 TO 08/29              0.74

SNOWFALL (INCHES)
RECORDS
 TOTAL            0.2   1952
TOTALS              T               0.0     0.0      0.0
SINCE 7/1           T               0.0     0.0        T
SNOWDEPTH AVG.      0
DAYS >= 1.0         0               0.0     0.0
GREATEST
 SNOW DEPTH         0                                  0
 24 HR TOTAL        T   08/29                        0.0

DEGREE_DAYS
HEATING TOTAL      21                21       0        9
 SINCE 7/1         21                31     -10       19
COOLING TOTAL     144               134      10      211
 SINCE 1/1        626               418     208      515
.................................................................

WIND (MPH)
AVERAGE WIND SPEED              8.3
HIGHEST WIND SPEED/DIRECTION    45/130    DATE  08/23
HIGHEST GUST SPEED/DIRECTION    63/140    DATE  08/23

SKY COVER
POSSIBLE SUNSHINE (PERCENT)   MM
AVERAGE SKY COVER           0.60
NUMBER OF DAYS FAIR            1
NUMBER OF DAYS PC             26
NUMBER OF DAYS CLOUDY          4

AVERAGE RH (PERCENT)     51

WEATHER CONDITIONS. NUMBER OF DAYS WITH
THUNDERSTORM             15     MIXED PRECIP               0
HEAVY RAIN                6     RAIN                       7
LIGHT RAIN               21     FREEZING RAIN              0
LT FREEZING RAIN          0     HAIL                       1
HEAVY SNOW                0     SNOW                       0
LIGHT SNOW                0     SLEET                      0
FOG                       6     FOG W/VIS <= 1/4 MILE      2
HAZE                      2

-  INDICATES NEGATIVE NUMBERS.
R  INDICATES RECORD WAS SET OR TIED.
MM INDICATES DATA IS MISSING.
T  INDICATES TRACE AMOUNT.

$$
