353
CXUS53 KLSX 011338
CLMCOU


CLIMATE REPORT
NATIONAL WEATHER SERVICE ST LOUIS MO
825 AM CDT SUN MAY 1 2016

...................................

...THE COLUMBIA MO CLIMATE SUMMARY FOR THE MONTH OF APRIL 2016...

CLIMATE NORMAL PERIOD 1981 TO 2010
CLIMATE RECORD PERIOD 1890 TO 2016

WEATHER         OBSERVED          NORMAL  DEPART  LAST YEAR`S
                 VALUE   DATE(S)  VALUE   FROM    VALUE
                                          NORMAL
.............................................................
TEMPERATURE (F)
RECORD
 HIGH              93   04/10/1930
 LOW               14   04/05/1920
HIGHEST            81   04/24                         81
LOWEST             27   04/09                         29
AVG. MAXIMUM     69.0              66.1     2.9     69.0
AVG. MINIMUM     47.0              44.0     3.0     46.9
MEAN             58.0              55.0     3.0     58.0
DAYS MAX >= 90      0               0.0     0.0        0
DAYS MAX <= 32      0               0.0     0.0        0
DAYS MIN <= 32      2               2.7    -0.7        1
DAYS MIN <= 0       0               0.0     0.0        0

PRECIPITATION (INCHES)
RECORD
 MAXIMUM        11.69   1994
 MINIMUM         0.61   1948
TOTALS           2.64              4.49   -1.85     3.29
DAILY AVG.       0.09              0.15   -0.06     0.11
DAYS >= .01        13              10.8     2.2       10
DAYS >= .10         6               7.2    -1.2        9
DAYS >= .50         1               3.1    -2.1        2
DAYS >= 1.00        1               1.1    -0.1        1
GREATEST
 24 HR. TOTAL    1.08   04/26 TO 04/27              1.09

SNOWFALL (INCHES)
RECORDS
 TOTAL            7.1   1980
 24 HR TOTAL      7.1   04/14/1980 TO 04/15/1980
TOTALS            0.0               0.2    -0.2      0.0
SINCE 7/1         9.0              18.0    -9.0     12.0
GREATEST
 24 HR TOTAL      0.0

DEGREE_DAYS
HEATING TOTAL     229               321     -92      219
 SINCE 7/1       3824              4903   -1079     4859
COOLING TOTAL      28                22       6       15
 SINCE 1/1         32                25       7       15
..............................................................

WIND (MPH)
HIGHEST WIND SPEED/DIRECTION    46/320    DATE  04/26
HIGHEST GUST SPEED/DIRECTION    57/320    DATE  04/26

SKY COVER
NUMBER OF DAYS FAIR           17
NUMBER OF DAYS PC             11
NUMBER OF DAYS CLOUDY          2


WEATHER CONDITIONS. NUMBER OF DAYS WITH
THUNDERSTORM              2     MIXED PRECIP               0
HEAVY RAIN                3     RAIN                       5
LIGHT RAIN               13     FREEZING RAIN              0
LT FREEZING RAIN          0     HAIL                       0
HEAVY SNOW                0     SNOW                       0
LIGHT SNOW                0     SLEET                      0
FOG                      10     FOG W/VIS <= 1/4 MILE      0
HAZE                      2

-  INDICATES NEGATIVE NUMBERS.
R  INDICATES RECORD WAS SET OR TIED.
MM INDICATES DATA IS MISSING.
T  INDICATES TRACE AMOUNT.

...............................................................


...MONTHLY...

TIED 23RD WARMEST APRIL ON RECORD (58.0 DEGREES).


...DAILY...

NO RECORDS OF NOTE.


GOSSELIN

$$
