290
CXUS46 KLOX 060046
CLMCQT


CLIMATE REPORT
NATIONAL WEATHER SERVICE LOS ANGELES/OXNARD CA
446 PM PST THU JAN 5 2017

...................................

...THE DOWNTOWN LOS ANGELES (USC) CA CLIMATE SUMMARY FOR THE MONTH OF DECEMBER 2016...

CLIMATE NORMAL PERIOD 1981 TO 2010
CLIMATE RECORD PERIOD 1877 TO 2017

WEATHER         OBSERVED          NORMAL  DEPART  LAST YEAR`S
                 VALUE   DATE(S)  VALUE   FROM    VALUE
                                          NORMAL
.............................................................
TEMPERATURE (F)
HIGHEST            82   12/29
LOWEST             40   12/19
AVG. MAXIMUM     67.2              67.7    -0.5
AVG. MINIMUM     49.9              47.5     2.4
MEAN             58.6              57.6     1.0
DAYS MAX >= 90      0
DAYS MAX <= 32      0
DAYS MIN <= 32      0
DAYS MIN <= 0       0

PRECIPITATION (INCHES)
TOTALS           4.55              2.33    2.22
DAILY AVG.       0.15
DAYS >= .01         8
DAYS >= .10         7
DAYS >= .50         3
DAYS >= 1.00        2
GREATEST
 24 HR. TOTAL    1.55   12/23 TO 12/24

DEGREE_DAYS
HEATING TOTAL     197               234     -37      247
 SINCE 7/1        268               365     -97      351
COOLING TOTAL       6                 4       2       10
 SINCE 1/1       1528              1244     284     1918
..............................................................

WIND (MPH)
AVERAGE WIND SPEED              1.8
HIGHEST WIND SPEED/DIRECTION    16/090    DATE  12/23
HIGHEST GUST SPEED/DIRECTION    27/360    DATE  12/02

SKY COVER
POSSIBLE SUNSHINE (PERCENT)   MM
AVERAGE SKY COVER           0.30
NUMBER OF DAYS FAIR           18
NUMBER OF DAYS PC              7
NUMBER OF DAYS CLOUDY          6

AVERAGE RH (PERCENT)     60

WEATHER CONDITIONS. NUMBER OF DAYS WITH
THUNDERSTORM              0     MIXED PRECIP               0
HEAVY RAIN                6     RAIN                       7
LIGHT RAIN                8     FREEZING RAIN              0
LT FREEZING RAIN          0     HAIL                       0
HEAVY SNOW                0     SNOW                       0
LIGHT SNOW                0     SLEET                      0
FOG                      17     FOG W/VIS <= 1/4 MILE      0
HAZE                     10

-  INDICATES NEGATIVE NUMBERS.
R  INDICATES RECORD WAS SET OR TIED.
MM INDICATES DATA IS MISSING.
T  INDICATES TRACE AMOUNT.

$$
