138
CXUS46 KLOX 011619
CLMCQT


CLIMATE REPORT
NATIONAL WEATHER SERVICE LOS ANGELES/OXNARD CA
919 AM PDT FRI MAY 1 2015

...................................

...THE DOWNTOWN LOS ANGELES (USC) CA CLIMATE SUMMARY FOR THE MONTH OF APRIL 2015...

CLIMATE NORMAL PERIOD 1981 TO 2010
CLIMATE RECORD PERIOD 1877 TO 2015

WEATHER         OBSERVED          NORMAL  DEPART  LAST YEAR`S
                 VALUE   DATE(S)  VALUE   FROM    VALUE
                                          NORMAL
.............................................................
TEMPERATURE (F)
HIGHEST            92   04/28
LOWEST             49   04/08
AVG. MAXIMUM     75.7              72.7     3.0
AVG. MINIMUM     56.0              53.5     2.5
MEAN             65.8              63.1     2.7
DAYS MAX >= 90      1
DAYS MAX <= 32      0
DAYS MIN <= 32      0
DAYS MIN <= 0       0

PRECIPITATION (INCHES)
TOTALS           0.13              0.91   -0.78
DAILY AVG.       0.00
DAYS >= .01         1
DAYS >= .10         1
DAYS >= .50         0
DAYS >= 1.00        0
GREATEST
 24 HR. TOTAL    0.13   04/06 TO 04/07
                        04/07 TO 04/07
                        04/07 TO 04/08

DEGREE_DAYS
HEATING TOTAL      37               101     -64       52
 SINCE 7/1        429              1033    -604      592
COOLING TOTAL      71                44      27       57
 SINCE 1/1        265                87     178      109
..............................................................

WIND (MPH)
AVERAGE WIND SPEED              2.0
HIGHEST WIND SPEED/DIRECTION    14/280    DATE  04/25
HIGHEST GUST SPEED/DIRECTION    25/270    DATE  04/25

SKY COVER
POSSIBLE SUNSHINE (PERCENT)   MM
AVERAGE SKY COVER           0.20
NUMBER OF DAYS FAIR           22
NUMBER OF DAYS PC              6
NUMBER OF DAYS CLOUDY          2

AVERAGE RH (PERCENT)     57

WEATHER CONDITIONS. NUMBER OF DAYS WITH
THUNDERSTORM              0     MIXED PRECIP               0
HEAVY RAIN                0     RAIN                       1
LIGHT RAIN                1     FREEZING RAIN              0
LT FREEZING RAIN          0     HAIL                       0
HEAVY SNOW                0     SNOW                       0
LIGHT SNOW                0     SLEET                      0
FOG                       7     FOG W/VIS <= 1/4 MILE      0
HAZE                     12

-  INDICATES NEGATIVE NUMBERS.
R  INDICATES RECORD WAS SET OR TIED.
MM INDICATES DATA IS MISSING.
T  INDICATES TRACE AMOUNT.

$$
