436
CXUS52 KILM 011617
CLMCRE


CLIMATE REPORT
NATIONAL WEATHER SERVICE WILMINGTON NC
1115 AM EST MON FEB 1 2016

...................................

...THE NORTH MYRTLE BEACH SC CLIMATE SUMMARY FOR THE MONTH OF JANUARY 2016...

CLIMATE NORMAL PERIOD 1981 TO 2010
CLIMATE RECORD PERIOD 1949 TO 2016

WEATHER         OBSERVED          NORMAL  DEPART  LAST YEAR`S
                 VALUE   DATE(S)  VALUE   FROM    VALUE  DATE(S)
                                          NORMAL
................................................................
TEMPERATURE (F)
RECORD
 HIGH              81   01/16/1950
 LOW                7   01/16/1994
HIGHEST            68   01/01                         71  01/04
LOWEST             22   01/20                         17  01/08
AVG. MAXIMUM     53.7              55.1    -1.4     57.4
AVG. MINIMUM     35.2              36.2    -1.0     37.1
MEAN             44.4              45.7    -1.3     47.2
DAYS MAX >= 90      0               0.0     0.0        0
DAYS MAX <= 32      0               0.0     0.0        1
DAYS MIN <= 32     12              11.5     0.5       12
DAYS MIN <= 0       0               0.0     0.0        0

PRECIPITATION (INCHES)
TOTALS           1.90              3.69   -1.79     4.12
DAILY AVG.       0.06              0.12   -0.06     0.13
DAYS >= .01         6                                 12
DAYS >= .10         5                                  6
DAYS >= .50         2                                  3
DAYS >= 1.00        0                                  2
GREATEST
 24 HR. TOTAL    0.77   01/14 TO 01/15

DEGREE_DAYS
HEATING TOTAL     631               600      31      544
COOLING TOTAL       0                 0       0        1
.....................................................

WIND (MPH)
AVERAGE WIND SPEED              6.6
RESULTANT WIND SPEED/DIRECTION   3/344
HIGHEST WIND SPEED/DIRECTION    29/250    DATE  01/15
HIGHEST GUST SPEED/DIRECTION    40/260    DATE  01/15

SKY COVER
POSSIBLE SUNSHINE (PERCENT)   MM
AVERAGE SKY COVER           0.40
NUMBER OF DAYS FAIR           17
NUMBER OF DAYS PC              7
NUMBER OF DAYS CLOUDY          7

AVERAGE RH (PERCENT)     70

WEATHER CONDITIONS. NUMBER OF DAYS WITH
THUNDERSTORM              1     MIXED PRECIP              MM
HEAVY RAIN                3     RAIN                       6
LIGHT RAIN               10     FREEZING RAIN              0
LT FREEZING RAIN          0     HAIL                      MM
HEAVY SNOW                0     SNOW                       0
LIGHT SNOW                1     SLEET                     MM
FOG                      18     FOG W/VIS <= 1/4 MILE      4
HAZE                      1

-  INDICATES NEGATIVE NUMBERS.
R  INDICATES RECORD WAS SET OR TIED.
MM INDICATES DATA IS MISSING.
T  INDICATES TRACE AMOUNT.

$$
