000
CXUS52 KILM 041306
CLMCRE


CLIMATE REPORT
NATIONAL WEATHER SERVICE WILMINGTON NC
903 AM EDT WED MAY 4 2016

...................................

...THE NORTH MYRTLE BEACH SC CLIMATE SUMMARY FOR THE MONTH OF APRIL 2016...

CLIMATE NORMAL PERIOD 1981 TO 2010
CLIMATE RECORD PERIOD 1949 TO 2016

WEATHER         OBSERVED          NORMAL  DEPART  LAST YEAR`S
                 VALUE   DATE(S)  VALUE   FROM    VALUE  DATE(S)
                                          NORMAL
................................................................
TEMPERATURE (F)
RECORD
 HIGH              92   04/22/2002
                        04/21/2002
                        04/26/1990
 LOW               28   04/16/1950
HIGHEST            88   04/19                         76  04/23
                                                          04/22
                                                          04/20
LOWEST             36   04/10                         43  04/05
AVG. MAXIMUM     72.5              71.3     1.2     72.3
AVG. MINIMUM     53.0              51.9     1.1     56.5
MEAN             62.8              61.6     1.2     64.4
DAYS MAX >= 90      0               0.0     0.0        0
DAYS MAX <= 32      0               0.0     0.0        0
DAYS MIN <= 32      0               0.2    -0.2        0
DAYS MIN <= 0       0               0.0     0.0        0

PRECIPITATION (INCHES)
TOTALS           0.99              2.96   -1.97     3.64
DAILY AVG.       0.03              0.10   -0.07     0.12
DAYS >= .01         5                                 12
DAYS >= .10         2                                  8
DAYS >= .50         0                                  3
DAYS >= 1.00        0                                  1
GREATEST
 24 HR. TOTAL    0.43   04/07 TO 04/07

DEGREE_DAYS
HEATING TOTAL     123               141     -18       55
COOLING TOTAL      64                39      25       45
..........................................................

WIND (MPH)
AVERAGE WIND SPEED              9.1
RESULTANT WIND SPEED/DIRECTION   2/172
HIGHEST WIND SPEED/DIRECTION    26/210    DATE  04/07
HIGHEST GUST SPEED/DIRECTION    36/250    DATE  04/02

SKY COVER
POSSIBLE SUNSHINE (PERCENT)   MM
AVERAGE SKY COVER           0.20
NUMBER OF DAYS FAIR           23
NUMBER OF DAYS PC              7
NUMBER OF DAYS CLOUDY          0

AVERAGE RH (PERCENT)     66

WEATHER CONDITIONS. NUMBER OF DAYS WITH
THUNDERSTORM              3     MIXED PRECIP              MM
HEAVY RAIN                2     RAIN                       4
LIGHT RAIN                8     FREEZING RAIN              0
LT FREEZING RAIN          0     HAIL                      MM
HEAVY SNOW                0     SNOW                       0
LIGHT SNOW                0     SLEET                     MM
FOG                      12     FOG W/VIS <= 1/4 MILE      1
HAZE                      2

-  INDICATES NEGATIVE NUMBERS.
R  INDICATES RECORD WAS SET OR TIED.
MM INDICATES DATA IS MISSING.
T  INDICATES TRACE AMOUNT.

$$
