000
CXUS52 KILM 011929
CLMCRE


CLIMATE REPORT
NATIONAL WEATHER SERVICE WILMINGTON NC
327 PM EDT FRI JUL 1 2016

...................................

...THE NORTH MYRTLE BEACH SC CLIMATE SUMMARY FOR THE MONTH OF JUNE 2016...

CLIMATE NORMAL PERIOD 1981 TO 2010
CLIMATE RECORD PERIOD 1949 TO 2016

WEATHER         OBSERVED          NORMAL  DEPART  LAST YEAR`S
                 VALUE   DATE(S)  VALUE   FROM    VALUE  DATE(S)
                                          NORMAL
................................................................
TEMPERATURE (F)
RECORD
 HIGH             104   06/26/1952
 LOW               49   06/03/1953
HIGHEST            96   06/12                         97  06/14
LOWEST             61   06/20                         66  06/08
                                                          06/05
AVG. MAXIMUM     86.9              84.5     2.4     87.8
AVG. MINIMUM     72.1              69.3     2.8     73.4
MEAN             79.5              76.9     2.6     80.6
DAYS MAX >= 90      5               3.2     1.8       11
DAYS MAX <= 32      0               0.0     0.0        0
DAYS MIN <= 32      0               0.0     0.0        0
DAYS MIN <= 0       0               0.0     0.0        0

PRECIPITATION (INCHES)
TOTALS           3.24              4.64   -1.40     3.16
DAILY AVG.       0.11              0.15   -0.04     0.11
DAYS >= .01         8                                 10
DAYS >= .10         4                                  5
DAYS >= .50         3                                  2
DAYS >= 1.00        2                                  2
GREATEST
 24 HR. TOTAL    1.12   06/24 TO 06/24

DEGREE_DAYS
HEATING TOTAL       0                 0       0        0
COOLING TOTAL     442               357      85      475
....................................................

WIND (MPH)
AVERAGE WIND SPEED              8.7
RESULTANT WIND SPEED/DIRECTION   4/206
HIGHEST WIND SPEED/DIRECTION    28/210    DATE  06/21
HIGHEST GUST SPEED/DIRECTION    43/020    DATE  06/24

SKY COVER
POSSIBLE SUNSHINE (PERCENT)   MM
AVERAGE SKY COVER           0.20
NUMBER OF DAYS FAIR           23
NUMBER OF DAYS PC              6
NUMBER OF DAYS CLOUDY          1

AVERAGE RH (PERCENT)     73

WEATHER CONDITIONS. NUMBER OF DAYS WITH
THUNDERSTORM              8     MIXED PRECIP              MM
HEAVY RAIN                5     RAIN                       5
LIGHT RAIN               12     FREEZING RAIN              0
LT FREEZING RAIN          0     HAIL                      MM
HEAVY SNOW                0     SNOW                       0
LIGHT SNOW                0     SLEET                     MM
FOG                      14     FOG W/VIS <= 1/4 MILE      1
HAZE                      3

-  INDICATES NEGATIVE NUMBERS.
R  INDICATES RECORD WAS SET OR TIED.
MM INDICATES DATA IS MISSING.
T  INDICATES TRACE AMOUNT.

$$
