000
CXUS52 KILM 011433
CLMCRE


CLIMATE REPORT
NATIONAL WEATHER SERVICE WILMINGTON NC
1029 AM EDT THU SEP 1 2016

...................................

...THE NORTH MYRTLE BEACH SC CLIMATE SUMMARY FOR THE MONTH OF AUGUST 2016...

CLIMATE NORMAL PERIOD 1981 TO 2010
CLIMATE RECORD PERIOD 1949 TO 2016

WEATHER         OBSERVED          NORMAL  DEPART  LAST YEAR`S
                 VALUE   DATE(S)  VALUE   FROM    VALUE  DATE(S)
                                          NORMAL
................................................................
TEMPERATURE (F)
RECORD
 HIGH             104   08/05/1954
 LOW               54   08/25/1952
HIGHEST            95   08/21                         90  08/22
                                                          08/05
LOWEST             68   08/25                         67  08/29
                        08/24                             08/23
                                                          08/15
AVG. MAXIMUM     88.6              86.1     2.5     86.5
AVG. MINIMUM     75.8              71.7     4.1     71.9
MEAN             82.2              78.9     3.3     79.2
DAYS MAX >= 90     10               3.3     6.7        2
DAYS MAX <= 32      0               0.0     0.0        0
DAYS MIN <= 32      0               0.0     0.0        0
DAYS MIN <= 0       0               0.0     0.0        0

PRECIPITATION (INCHES)
TOTALS           4.00              7.41   -3.41     5.79
DAILY AVG.       0.13              0.24   -0.11     0.19
DAYS >= .01         6                                 14
DAYS >= .10         3                                  9
DAYS >= .50         3                                  4
DAYS >= 1.00        2                                  2
GREATEST


DEGREE_DAYS
HEATING TOTAL       0                 0       0        0
COOLING TOTAL     541               431     110      450
.....................................................

WIND (MPH)
AVERAGE WIND SPEED              7.5
RESULTANT WIND SPEED/DIRECTION   4/186
HIGHEST WIND SPEED/DIRECTION    24/220    DATE  08/06
HIGHEST GUST SPEED/DIRECTION    29/210    DATE  08/06

SKY COVER
POSSIBLE SUNSHINE (PERCENT)   MM
AVERAGE SKY COVER           0.20
NUMBER OF DAYS FAIR           28
NUMBER OF DAYS PC              3
NUMBER OF DAYS CLOUDY          0

AVERAGE RH (PERCENT)     78

WEATHER CONDITIONS. NUMBER OF DAYS WITH
THUNDERSTORM              9     MIXED PRECIP              MM
HEAVY RAIN                3     RAIN                       5
LIGHT RAIN                8     FREEZING RAIN              0
LT FREEZING RAIN          0     HAIL                      MM
HEAVY SNOW                0     SNOW                       0
LIGHT SNOW                0     SLEET                     MM
FOG                      10     FOG W/VIS <= 1/4 MILE      1
HAZE                      1

-  INDICATES NEGATIVE NUMBERS.
R  INDICATES RECORD WAS SET OR TIED.
MM INDICATES DATA IS MISSING.
T  INDICATES TRACE AMOUNT.

$$
