000
CXUS52 KILM 011950
CLMCRE


CLIMATE REPORT
NATIONAL WEATHER SERVICE WILMINGTON NC
349 PM EDT WED NOV 1 2017

...................................

...THE NORTH MYRTLE BEACH SC CLIMATE SUMMARY FOR THE MONTH OF OCTOBER 2017...

CLIMATE NORMAL PERIOD 1981 TO 2010
CLIMATE RECORD PERIOD 1949 TO 2017

WEATHER         OBSERVED          NORMAL  DEPART  LAST YEAR`S
                 VALUE   DATE(S)  VALUE   FROM    VALUE  DATE(S)
                                          NORMAL
................................................................
TEMPERATURE (F)
RECORD
 HIGH              93   10/05/1951
 LOW               25   10/30/1952
HIGHEST            84   10/16                         84  10/02
                        10/12
                        10/06
LOWEST             38   10/30                         47  10/26
                                                          10/23
AVG. MAXIMUM     77.1              75.1     2.0     77.2
AVG. MINIMUM     59.0              55.7     3.3     58.5
MEAN             68.1              65.4     2.7     67.8
DAYS MAX >= 90      0               0.0     0.0        0
DAYS MAX <= 32      0               0.0     0.0        0
DAYS MIN <= 32      0               0.2    -0.2        0
DAYS MIN <= 0       0               0.0     0.0        0

PRECIPITATION (INCHES)
TOTALS           4.27              3.88    0.39     9.38
DAILY AVG.       0.14              0.13    0.01     0.30
DAYS >= .01         9                                  2
DAYS >= .10         7                                  2
DAYS >= .50         3                                  2
DAYS >= 1.00        1                                  2
GREATEST
 24 HR. TOTAL    1.70   10/23 TO 10/23

DEGREE_DAYS
HEATING TOTAL      62                86     -24       28
COOLING TOTAL     165                99      66      124
.........................................................

WIND (MPH)
AVERAGE WIND SPEED              7.2
RESULTANT WIND SPEED/DIRECTION   2/077
HIGHEST WIND SPEED/DIRECTION    25/220    DATE  10/23
HIGHEST GUST SPEED/DIRECTION    33/250    DATE  10/29

SKY COVER
POSSIBLE SUNSHINE (PERCENT)   MM
AVERAGE SKY COVER           0.30
NUMBER OF DAYS FAIR           18
NUMBER OF DAYS PC             10
NUMBER OF DAYS CLOUDY          3

AVERAGE RH (PERCENT)     77

WEATHER CONDITIONS. NUMBER OF DAYS WITH
THUNDERSTORM              3     MIXED PRECIP              MM
HEAVY RAIN                7     RAIN                       7
LIGHT RAIN               14     FREEZING RAIN              0
LT FREEZING RAIN          0     HAIL                      MM
HEAVY SNOW                0     SNOW                       0
LIGHT SNOW                0     SLEET                     MM
FOG                      16     FOG W/VIS <= 1/4 MILE      0
HAZE                      0

-  INDICATES NEGATIVE NUMBERS.
R  INDICATES RECORD WAS SET OR TIED.
MM INDICATES DATA IS MISSING.
T  INDICATES TRACE AMOUNT.

$$
