000
CXUS52 KILM 071250
CLMCRE


CLIMATE REPORT
NATIONAL WEATHER SERVICE WILMINGTON NC
845 AM EDT TUE JUL 7 2015

...................................

...THE NORTH MYRTLE BEACH SC CLIMATE SUMMARY FOR THE MONTH OF JUNE 2015...

CLIMATE NORMAL PERIOD 1981 TO 2010
CLIMATE RECORD PERIOD 1949 TO 2015

WEATHER         OBSERVED          NORMAL  DEPART  LAST YEAR`S
                 VALUE   DATE(S)  VALUE   FROM    VALUE  DATE(S)
                                          NORMAL
................................................................
TEMPERATURE (F)
RECORD
 HIGH             104   06/26/1952
 LOW               49   06/03/1953
HIGHEST            97   06/14                         91  06/26
                                                          06/20
LOWEST             66   06/08                         55  06/02
                        06/05
AVG. MAXIMUM     87.8              84.5     3.3     85.8
AVG. MINIMUM     73.4              69.3     4.1     70.7
MEAN             80.6              76.9     3.7     78.2
DAYS MAX >= 90     11               3.2     7.8        3
DAYS MAX <= 32      0               0.0     0.0        0
DAYS MIN <= 32      0               0.0     0.0        0
DAYS MIN <= 0       0               0.0     0.0        0

PRECIPITATION (INCHES)
TOTALS           3.16              4.64   -1.48     2.63
DAILY AVG.       0.11              0.15   -0.04     0.09
DAYS >= .01        10                                  9
DAYS >= .10         5                                  6
DAYS >= .50         2                                  1
DAYS >= 1.00        2                                  1
GREATEST
 24 HR. TOTAL    1.28   06/02 TO 06/03

DEGREE_DAYS
HEATING TOTAL       0                 0       0        0
COOLING TOTAL     475               357     118      405
.........................................................

WIND (MPH)
AVERAGE WIND SPEED              9.3
RESULTANT WIND SPEED/DIRECTION   7/209
HIGHEST WIND SPEED/DIRECTION    32/210    DATE  06/27
HIGHEST GUST SPEED/DIRECTION    38/210    DATE  06/27

SKY COVER
POSSIBLE SUNSHINE (PERCENT)   MM
AVERAGE SKY COVER           0.20
NUMBER OF DAYS FAIR           25
NUMBER OF DAYS PC              5
NUMBER OF DAYS CLOUDY          0

AVERAGE RH (PERCENT)     73

WEATHER CONDITIONS. NUMBER OF DAYS WITH
THUNDERSTORM             16     MIXED PRECIP               m
HEAVY RAIN                5     RAIN                       6
LIGHT RAIN               16     FREEZING RAIN              0
LT FREEZING RAIN          0     HAIL                       m
HEAVY SNOW                0     SNOW                       0
LIGHT SNOW                0     SLEET                      m
FOG                      12     FOG W/VIS <= 1/4 MILE      0
HAZE                      4

-  INDICATES NEGATIVE NUMBERS.
R  INDICATES RECORD WAS SET OR TIED.
MM INDICATES DATA IS MISSING.
T  INDICATES TRACE AMOUNT.

$$
