000
CXUS52 KILM 012004
CLMCRE


CLIMATE REPORT
NATIONAL WEATHER SERVICE WILMINGTON NC
357 PM EDT SAT AUG 1 2015

...................................

...THE NORTH MYRTLE BEACH SC CLIMATE SUMMARY FOR THE MONTH OF JULY 2015...

CLIMATE NORMAL PERIOD 1981 TO 2010
CLIMATE RECORD PERIOD 1949 TO 2015

WEATHER         OBSERVED          NORMAL  DEPART  LAST YEAR`S
                 VALUE   DATE(S)  VALUE   FROM    VALUE  DATE(S)
                                          NORMAL
................................................................
TEMPERATURE (F)
RECORD
 HIGH             101   07/27/2005
                        07/05/1990
                        07/01/1990
 LOW               54   07/07/1951
HIGHEST            97   07/11                         94  07/27
                                                          07/24
LOWEST             69   07/26                         67  07/19
                        07/25
AVG. MAXIMUM     89.1              87.6     1.5     86.6
AVG. MINIMUM     74.4              73.1     1.3     72.6
MEAN             81.7              80.3     1.4     79.6
DAYS MAX >= 90     11               7.3     3.7        4
DAYS MAX <= 32      0               0.0     0.0        0
DAYS MIN <= 32      0               0.0     0.0        0
DAYS MIN <= 0       0               0.0     0.0        0

PRECIPITATION (INCHES)
TOTALS           3.75              5.90   -2.15     6.44
DAILY AVG.       0.12              0.19   -0.07     0.21
DAYS >= .01         9                                 12
DAYS >= .10         4                                  7
DAYS >= .50         3                                  3
DAYS >= 1.00        2                                  3
GREATEST
 24 HR. TOTAL    1.42   07/13 TO 07/14

DEGREE_DAYS
HEATING TOTAL       0                 0       0        0
COOLING TOTAL     525               476      49      461
....................................................

WIND (MPH)
AVERAGE WIND SPEED              8.6
RESULTANT WIND SPEED/DIRECTION   4/202
HIGHEST WIND SPEED/DIRECTION    31/210    DATE  07/13
HIGHEST GUST SPEED/DIRECTION    42/210    DATE  07/13

SKY COVER
POSSIBLE SUNSHINE (PERCENT)   MM
AVERAGE SKY COVER           0.10
NUMBER OF DAYS FAIR           28
NUMBER OF DAYS PC              3
NUMBER OF DAYS CLOUDY          0

AVERAGE RH (PERCENT)     75

WEATHER CONDITIONS. NUMBER OF DAYS WITH
THUNDERSTORM              9     MIXED PRECIP              MM
HEAVY RAIN                4     RAIN                       2
LIGHT RAIN               13     FREEZING RAIN              0
LT FREEZING RAIN          0     HAIL                      MM
HEAVY SNOW                0     SNOW                       0
LIGHT SNOW                0     SLEET                     MM
FOG                      12     FOG W/VIS <= 1/4 MILE      0
HAZE                      4

-  INDICATES NEGATIVE NUMBERS.
R  INDICATES RECORD WAS SET OR TIED.
MM INDICATES DATA IS MISSING.
T  INDICATES TRACE AMOUNT.

$$
