828
CXUS54 KCRP 011642
CLMCRP

CLIMATE REPORT
NATIONAL WEATHER SERVICE CORPUS CHRISTI TX
1039 AM CST THU DEC 1 2016

...................................

...THE CORPUS CHRISTI CLIMATE SUMMARY FOR THE MONTH OF NOVEMBER
2016...

CLIMATE NORMAL PERIOD 1981 TO 2010
CLIMATE RECORD PERIOD 1887 TO 2016

WEATHER         OBSERVED          NORMAL  DEPART  LAST YEAR`S
                 VALUE   DATE(S)  VALUE   FROM    VALUE  DATE(S)
                                          NORMAL
................................................................
TEMPERATURE (F)
RECORD HIGH              98   11/04/1988

 LOW                6   11/18/2005
HIGHEST            91   11/28        75      16       86  11/05
                        11/01
LOWEST             43   11/20        55     -12       38  11/23
AVG. MAXIMUM     81.3              76.0     5.3     74.8
AVG. MINIMUM     62.4              56.2     6.2     58.3
MEAN             71.9              66.1     5.8     66.5
DAYS MAX >= 90      4               0.4     3.6        0
DAYS MAX <= 32      0               0.0     0.0        0
DAYS MIN <= 32      0               0.1    -0.1        0
DAYS MIN <= 0       0               0.0     0.0        0

PRECIPITATION (INCHES)
RECORD MAXIMUM         8.64   1888

 MINIMUM            T   1949
TOTALS           1.25              1.97   -0.72     2.42
DAILY AVG.       0.04              0.07   -0.03     0.08
DAYS >= .01         6               6.0     0.0       10
DAYS >= .10         1               2.9    -1.9        3
DAYS >= .50         1               1.1    -0.1        1
DAYS >= 1.00        1               0.5     0.5        1
GREATEST 24 HR. TOTAL    1.02   11/18 TO 11/18              1.57


SNOWFALL (INCHES)
RECORDS TOTAL            0.0   MM

 24 HR TOTAL      0.0   MM
TOTALS            0.0               0.0     0.0      0.0
SINCE 7/1         0.0               0.0     0.0      0.0
SNOWDEPTH AVG.      0                 0       0        0
DAYS >= 1.0         0               0.0     0.0        0
GREATEST
 SNOW DEPTH         0   MM                             0
 24 HR TOTAL      0.0   MM                           0.0

DEGREE_DAYS
HEATING TOTAL      18                91     -73       74
 SINCE 7/1         18               101     -83       74
COOLING TOTAL     232               124     108      129
 SINCE 1/1       4182              3475     707     3672
.................................................................

WIND (MPH)
AVERAGE WIND SPEED              10.4
HIGHEST WIND SPEED/DIRECTION    37/040    DATE  11/18
HIGHEST GUST SPEED/DIRECTION    49/030    DATE  11/18

SKY COVER
AVERAGE SKY COVER           0.60

AVERAGE RH (PERCENT)     72

WEATHER CONDITIONS. NUMBER OF DAYS WITH
THUNDERSTORM              2     MIXED PRECIP               0
HEAVY RAIN                1     RAIN                       3
LIGHT RAIN                7     FREEZING RAIN              0
LT FREEZING RAIN          0     HAIL                       0
HEAVY SNOW                0     SNOW                       0
LIGHT SNOW                0     SLEET                      0
FOG                      17     FOG W/VIS <= 1/4 MILE      5
HAZE                      3

-  INDICATES NEGATIVE NUMBERS.
R  INDICATES RECORD WAS SET OR TIED.
MM INDICATES DATA IS MISSING.
T  INDICATES TRACE AMOUNT.

$$

95/TJC
