000
CXUS54 KCRP 021936 CCB
CLMCRP

CLIMATE REPORT
NATIONAL WEATHER SERVICE CORPUS CHRISTI TX
235 PM CDT WED SEP 2 2015

...................................

...THE CORPUS CHRISTI CLIMATE SUMMARY FOR THE MONTH OF AUGUST 2015...

CLIMATE NORMAL PERIOD 1981 TO 2010
CLIMATE RECORD PERIOD 1887 TO 2015

WEATHER         OBSERVED          NORMAL  DEPART  LAST YEAR`S
                 VALUE   DATE(S)  VALUE   FROM    VALUE  DATE(S)
                                          NORMAL
................................................................
TEMPERATURE (F)
RECORD
 HIGH             107   08/30/2012
                        08/29/2012
                        08/28/2011
 LOW               64   08/13/2004

HIGHEST           101   08/12        94       7      101  08/12
LOWEST             67   08/29        75      -8       72  08/03
AVG. MAXIMUM     95.3              94.4     0.9     96.1
AVG. MINIMUM     75.7              75.0     0.7     76.7
MEAN             85.5              84.7     0.8     86.4
DAYS MAX >= 90     31              28.2     2.8       29
DAYS MAX <= 32      0               0.0     0.0        0
DAYS MIN <= 32      0               0.0     0.0        0
DAYS MIN <= 0       0               0.0     0.0        0

PRECIPITATION (INCHES)
RECORD
 MAXIMUM        14.79   1980
 MINIMUM         0.00   1911
                        1899
TOTALS           2.93              2.92    0.01     4.59
DAILY AVG.       0.09              0.09    0.00     0.15
DAYS >= .01         4               6.5    -2.5        7
DAYS >= .10         3               4.0    -1.0        5
DAYS >= .50         2               1.8     0.2        2
DAYS >= 1.00        1               0.8     0.2        1
GREATEST
 24 HR. TOTAL    2.09   08/03 TO 08/03              3.27 08/30 TO 08/30


SNOWFALL (INCHES)
RECORDS
 TOTAL            0.0   MM
 24 HR TOTAL      0.0   MM
TOTALS            0.0               0.0     0.0        0
SINCE 7/1         0.0               0.0     0.0        0
SNOWDEPTH AVG.      0                MM      MM        0
DAYS >= 1.0         0               0.0     0.0        0
GREATEST
 SNOW DEPTH         0   MM                             0
 24 HR TOTAL      0.0   08/31 TO 08/31                 0

DEGREE_DAYS
HEATING TOTAL       0                 0       0        0
 SINCE 7/1          0                 0       0        0
COOLING TOTAL     643               611      32      670
 SINCE 1/1       2657              2561      96     2703
.................................................................

WIND (MPH)
AVERAGE WIND SPEED              10.1
HIGHEST WIND SPEED/DIRECTION    30/080    DATE  08/20
HIGHEST GUST SPEED/DIRECTION    40/140    DATE  08/19

SKY COVER
AVERAGE SKY COVER           0.50

AVERAGE RH (PERCENT)     69

WEATHER CONDITIONS. NUMBER OF DAYS WITH
THUNDERSTORM              5     MIXED PRECIP               0
HEAVY RAIN                3     RAIN                       3
LIGHT RAIN                6     FREEZING RAIN              0
LT FREEZING RAIN          0     HAIL                       0
HEAVY SNOW                0     SNOW                       0
LIGHT SNOW                0     SLEET                      0
FOG                      11     FOG W/VIS <= 1/4 MILE      1
HAZE                      2

-  INDICATES NEGATIVE NUMBERS.
R  INDICATES RECORD WAS SET OR TIED.
MM INDICATES DATA IS MISSING.
T  INDICATES TRACE AMOUNT.

$$

88
