000
CXUS54 KCRP 011319
CLMCRP

CLIMATE REPORT
NATIONAL WEATHER SERVICE CORPUS CHRISTI TX
814 AM CDT WED OCT 1 2014

...................................

...THE CORPUS CHRISTI CLIMATE SUMMARY FOR THE MONTH OF SEPTEMBER 2014...

CLIMATE NORMAL PERIOD 1981 TO 2010
CLIMATE RECORD PERIOD 1887 TO 2014

WEATHER         OBSERVED          NORMAL  DEPART  LAST YEAR`S
                 VALUE   DATE(S)  VALUE   FROM    VALUE  DATE(S)
                                          NORMAL
................................................................
TEMPERATURE (F)
RECORD
 HIGH             109   09/05/2000
 LOW                    09/28/2010
HIGHEST            94   09/11        90       4       99  09/01
                        09/10
LOWEST             67   09/27        72      -5       66  09/23
AVG. MAXIMUM     88.8              90.1    -1.3     92.4
AVG. MINIMUM     74.3              72.0     2.3     75.9
MEAN             81.6              81.0     0.6     84.2
DAYS MAX >= 90     19              17.1     1.9       24
DAYS MAX <= 32      0               0.0     0.0        0
DAYS MIN <= 32      0               0.0     0.0        0
DAYS MIN <= 0       0               0.0     0.0        0

PRECIPITATION (INCHES)
RECORD
 MAXIMUM        20.33   1967
 MINIMUM            T   1920
TOTALS           6.01              4.98    1.03     6.31
DAILY AVG.       0.20              0.17    0.03     0.21
DAYS >= .01        17               8.8     8.2       16
DAYS >= .10        10               6.2     3.8       14
DAYS >= .50         5               2.8     2.2        6
DAYS >= 1.00        3               1.5     1.5        1
GREATEST
 24 HR. TOTAL    1.59   09/20 TO 09/21              1.28

SNOWFALL (INCHES)
RECORDS
 TOTAL            0.0   MM
 24 HR TOTAL      0.0   MM
TOTALS            0.0               0.0     0.0      0.0
SINCE 7/1         0.0               0.0     0.0      0.0
SNOWDEPTH AVG.      0                MM      MM        0
DAYS >= 1.0         0               0.0     0.0        0
GREATEST
 SNOW DEPTH         0   MM                             0
 24 HR TOTAL      0.0   09/30 TO 09/30               0.0

DEGREE_DAYS
HEATING TOTAL       0                 0       0        0
 SINCE 7/1          0                 0       0        0
COOLING TOTAL     504               482      22      582
 SINCE 1/1       3207              3043     164     3595
.................................................................

WIND (MPH)
AVERAGE WIND SPEED              9.9
HIGHEST WIND SPEED/DIRECTION    28/040    DATE  09/12
HIGHEST GUST SPEED/DIRECTION    38/170    DATE  09/03

SKY COVER
AVERAGE SKY COVER           0.60

AVERAGE RH (PERCENT)     78

WEATHER CONDITIONS. NUMBER OF DAYS WITH
THUNDERSTORM              9     MIXED PRECIP               0
HEAVY RAIN                5     RAIN                      10
LIGHT RAIN               16     FREEZING RAIN              0
LT FREEZING RAIN          0     HAIL                       0
HEAVY SNOW                0     SNOW                       0
LIGHT SNOW                0     SLEET                      0
FOG                      11     FOG W/VIS <= 1/4 MILE      0
HAZE                      1

-  INDICATES NEGATIVE NUMBERS.
R  INDICATES RECORD WAS SET OR TIED.
MM INDICATES DATA IS MISSING.
T  INDICATES TRACE AMOUNT.

$$
