000
CXUS51 KRLX 010922
CLMCRW


CLIMATE REPORT
NATIONAL WEATHER SERVICE CHARLESTON WV
422 AM EST FRI DEC 1 2017

...................................

...THE CHARLESTON WV CLIMATE SUMMARY FOR THE MONTH OF NOVEMBER 2017...

CLIMATE NORMAL PERIOD 1981 TO 2010
CLIMATE RECORD PERIOD 1901 TO 2017

WEATHER         OBSERVED          NORMAL  DEPART  LAST YEAR`S
                 VALUE   DATE(S)  VALUE   FROM    VALUE  DATE(S)
                                          NORMAL
................................................................
TEMPERATURE (F)
RECORD
 HIGH              87   11/23/1931
                        11/17/1931
 LOW                6   11/25/1950
                        11/30/1929
HIGHEST            79   11/05                         82
LOWEST             22   11/23                         21
AVG. MAXIMUM     58.2              57.0     1.2     60.4
AVG. MINIMUM     35.4              36.9    -1.5     37.0
MEAN             46.8              47.0    -0.2     48.7
DAYS MAX >= 90      0               0.0     0.0        0
DAYS MAX <= 32      0               0.4    -0.4        0
DAYS MIN <= 32     12              10.9     1.1        8
DAYS MIN <= 0       0               0.0     0.0        0

PRECIPITATION (INCHES)
RECORD
 MAXIMUM         9.12   2003
 MINIMUM         0.45   1904
TOTALS           1.62              3.73   -2.11     2.65
DAILY AVG.       0.05              0.12   -0.07     0.09
DAYS >= .01        10              11.7    -1.7        7
DAYS >= .10         3               6.8    -3.8        5
DAYS >= .50         1               2.7    -1.7        2
DAYS >= 1.00        0               0.8    -0.8        1
GREATEST
 24 HR. TOTAL    0.74   11/07 TO 11/07              1.12

SNOWFALL (INCHES)
RECORDS
 TOTAL           25.8   1950
 24 HR TOTAL        T   10/07/5881 TO 10/07/5881
                        10/07/5881 TO 01/02/5881
                        11/22/2015 TO 11/22/2015
 SNOW DEPTH        MM   MM
TOTALS            0.0               1.3    -1.3      0.1
SINCE 7/1         0.0               1.4    -1.4      0.1
SNOWDEPTH AVG.      0                                  0
DAYS >= TRACE       0               1.6    -1.6        2
DAYS >= 1.0         0               0.4    -0.4        0
GREATEST
 SNOW DEPTH         0   MM                             0  MM
 24 HR TOTAL      0.0   11/30 TO 11/30               0.1

DEGREE_DAYS
HEATING TOTAL     537               544      -7      487
 SINCE 7/1        786               884     -98      654
COOLING TOTAL       1                 2      -1        5
 SINCE 1/1       1138              1096      42     1473
.................................................................

WIND (MPH)
AVERAGE WIND SPEED              4.6
HIGHEST WIND SPEED/DIRECTION    31/290    DATE  11/18
HIGHEST GUST SPEED/DIRECTION    58/280    DATE  11/18

SKY COVER
POSSIBLE SUNSHINE (PERCENT)   MM
AVERAGE SKY COVER           0.60
NUMBER OF DAYS FAIR            9
NUMBER OF DAYS PC              9
NUMBER OF DAYS CLOUDY         12

AVERAGE RH (PERCENT)     68

WEATHER CONDITIONS. NUMBER OF DAYS WITH
THUNDERSTORM              0     MIXED PRECIP               0
HEAVY RAIN                1     RAIN                       5
LIGHT RAIN               15     FREEZING RAIN              0
LT FREEZING RAIN          0     HAIL                       0
HEAVY SNOW                0     SNOW                       0
LIGHT SNOW                0     SLEET                      0
FOG                      14     FOG W/VIS <= 1/4 MILE      2
HAZE                      4

-  INDICATES NEGATIVE NUMBERS.
R  INDICATES RECORD WAS SET OR TIED.
MM INDICATES DATA IS MISSING.
T  INDICATES TRACE AMOUNT.

$$
