000
CXUS42 KFFC 011634
CLMCSG


CLIMATE REPORT
NATIONAL WEATHER SERVICE PEACHTREE CITY GA
1134 AM EST SUN MAR 1 2015

...................................

...THE COLUMBUS CLIMATE SUMMARY FOR THE MONTH OF FEBRUARY 2015...

CLIMATE NORMAL PERIOD 1981 TO 2010
CLIMATE RECORD PERIOD 1948 TO 2015

WEATHER         OBSERVED          NORMAL  DEPART  LAST YEAR`S
                 VALUE   DATE(S)  VALUE   FROM    VALUE  DATE(S)
                                          NORMAL
................................................................
TEMPERATURE (F)
RECORD
 HIGH              83   02/23/1996
                        02/13/1962
 LOW               10   02/05/1996
HIGHEST            70   02/22        83     -13       76  02/20
                        02/08
LOWEST             21   02/20        10      11       28  02/27
                        02/19
AVG. MAXIMUM     55.9              62.0    -6.1     61.5
AVG. MINIMUM     33.5              40.1    -6.6     40.1
MEAN             44.7              51.1    -6.4     50.8
DAYS MAX >= 90      0               0.0     0.0        0
DAYS MAX <= 32      0               0.0     0.0        0
DAYS MIN <= 32     13               5.5     7.5        7
DAYS MIN <= 0       0               0.0     0.0        0

PRECIPITATION (INCHES)
RECORD
 MAXIMUM        12.47   2013
 MINIMUM         1.20   2000
TOTALS           4.22              4.44   -0.22     5.41
DAILY AVG.       0.15              0.16   -0.01     0.19
DAYS >= .01        11               8.6     2.4       10
DAYS >= .10         9               6.5     2.5        6
DAYS >= .50         2               3.0    -1.0        4
DAYS >= 1.00        1               1.3    -0.3        3
GREATEST
 24 HR. TOTAL    1.41   02/25 TO 02/25           02/11 TO 02/12
                        02/25 TO 02/26                    02/28 TO 02/28
                                                          02/28 TO 02/28

SNOWFALL (INCHES)
RECORDS
 TOTAL            2.0   2010
 24 HR TOTAL      2.0   02/12/2010 TO 02/12/2010
TOTALS            0.0               0.0     0.0      0.0
SINCE 7/1         0.0               0.3    -0.3      1.2
SNOWDEPTH AVG.      0                MM      MM        0
DAYS >= TRACE       0               0.0     0.0        0
DAYS >= 1.0         0               0.0     0.0        0
GREATEST
 24 HR TOTAL      0.0   02/27 TO 02/27           02/28 TO 02/28
                                                          02/28 TO 02/28
                                                          02/28 TO 02/28

DEGREE_DAYS
HEATING TOTAL     560               394     166      393
 SINCE 7/1       2010              1777     233     1943
COOLING TOTAL       0                 3      -3        3
 SINCE 1/1          0                 4      -4        3
.........................................................

WIND (MPH)
AVERAGE WIND SPEED              6.5
HIGHEST WIND SPEED/DIRECTION    28/310    DATE  02/18
HIGHEST GUST SPEED/DIRECTION    36/320    DATE  02/18

SKY COVER
POSSIBLE SUNSHINE (PERCENT)   MM
AVERAGE SKY COVER           0.40
NUMBER OF DAYS FAIR           13
NUMBER OF DAYS PC             11
NUMBER OF DAYS CLOUDY          4

AVERAGE RH (PERCENT)     59

WEATHER CONDITIONS. NUMBER OF DAYS WITH
THUNDERSTORM              0     MIXED PRECIP               0
HEAVY RAIN                5     RAIN                       7
LIGHT RAIN               13     FREEZING RAIN              0
LT FREEZING RAIN          0     HAIL                       0
HEAVY SNOW                0     SNOW                       0
LIGHT SNOW                0     SLEET                      0
FOG                      12     FOG W/VIS <= 1/4 MILE      1
HAZE                      3

-  INDICATES NEGATIVE NUMBERS.
R  INDICATES RECORD WAS SET OR TIED.
MM INDICATES DATA IS MISSING.
T  INDICATES TRACE AMOUNT.

$$
