000
CXUS42 KFFC 030829
CLMCSG


CLIMATE REPORT
NATIONAL WEATHER SERVICE PEACHTREE CITY GA
429 AM EDT SUN JUL 3 2016

...................................

...THE COLUMBUS CLIMATE SUMMARY FOR THE MONTH OF JUNE 2016...

CLIMATE NORMAL PERIOD 1981 TO 2010
CLIMATE RECORD PERIOD 1948 TO 2016

WEATHER         OBSERVED          NORMAL  DEPART  LAST YEAR`S
                 VALUE   DATE(S)  VALUE   FROM    VALUE  DATE(S)
                                          NORMAL
................................................................
TEMPERATURE (F)
RECORD
 HIGH             106   06/30/2012
 LOW               44   06/03/1956
HIGHEST            98   06/25       104      -6       97  06/23
                                                          06/22
                                                          06/17
LOWEST             61   06/09        48      13       66  06/29
                                                          06/04
AVG. MAXIMUM     92.0              90.0     2.0     90.5
AVG. MINIMUM     70.4              69.7     0.7     70.4
MEAN             81.2              79.8     1.4     80.4
DAYS MAX >= 90     23              16.3     6.7       18
DAYS MAX <= 32      0               0.0     0.0        0
DAYS MIN <= 32      0               0.0     0.0        0
DAYS MIN <= 0       0               0.0     0.0        0

PRECIPITATION (INCHES)
RECORD
 MAXIMUM        10.83   1967
 MINIMUM         0.51   2000
TOTALS           2.15              3.72   -1.57     4.07
DAILY AVG.       0.07              0.12   -0.05     0.14
DAYS >= .01         7              10.0    -3.0       11
DAYS >= .10         5               6.6    -1.6        8
DAYS >= .50         1               2.7    -1.7        2
DAYS >= 1.00        0               0.7    -0.7        2
GREATEST
 24 HR. TOTAL    1.33   06/16 TO 06/17           06/08 TO 06/09
                                                          06/30 TO 06/30
                                                          06/30 TO 06/30

DEGREE_DAYS
HEATING TOTAL       0                 0       0        0
 SINCE 7/1       1611              2120    -509     2212
COOLING TOTAL     496               446      50      472
 SINCE 1/1        882               804      78      918
.................................................

WIND (MPH)
AVERAGE WIND SPEED              5.5
HIGHEST WIND SPEED/DIRECTION    35/330    DATE  06/16
HIGHEST GUST SPEED/DIRECTION    42/330    DATE  06/16

SKY COVER
POSSIBLE SUNSHINE (PERCENT)   MM
AVERAGE SKY COVER           0.20
NUMBER OF DAYS FAIR           25
NUMBER OF DAYS PC              5
NUMBER OF DAYS CLOUDY          0

AVERAGE RH (PERCENT)     63

WEATHER CONDITIONS. NUMBER OF DAYS WITH
THUNDERSTORM              0     MIXED PRECIP               0
HEAVY RAIN                5     RAIN                       4
LIGHT RAIN                9     FREEZING RAIN              0
LT FREEZING RAIN          0     HAIL                       0
HEAVY SNOW                0     SNOW                       0
LIGHT SNOW                0     SLEET                      0
FOG                       6     FOG W/VIS <= 1/4 MILE      1
HAZE                      1

-  INDICATES NEGATIVE NUMBERS.
R  INDICATES RECORD WAS SET OR TIED.
MM INDICATES DATA IS MISSING.
T  INDICATES TRACE AMOUNT.

$$
