000
CXUS42 KFFC 011152
CLMCSG


CLIMATE REPORT
NATIONAL WEATHER SERVICE PEACHTREE CITY GA
752 AM EDT WED OCT 1 2014

...................................

...THE COLUMBUS CLIMATE SUMMARY FOR THE MONTH OF SEPTEMBER 2014...

CLIMATE NORMAL PERIOD 1981 TO 2010
CLIMATE RECORD PERIOD 1948 TO 2014

WEATHER         OBSERVED          NORMAL  DEPART  LAST YEAR`S
                 VALUE   DATE(S)  VALUE   FROM    VALUE  DATE(S)
                                          NORMAL
................................................................
TEMPERATURE (F)
RECORD
 HIGH             100   09/07/1990
 LOW               38   09/30/1967
HIGHEST            96   09/02        MM      MM       95  09/09
                        09/01
LOWEST             58   09/24        MM      MM       59  09/29
AVG. MAXIMUM     86.4              86.4     0.0     87.4
AVG. MINIMUM     68.8              66.7     2.1     68.4
MEAN             77.6              76.6     1.0     77.9
DAYS MAX >= 90     15               8.8     6.2       15
DAYS MAX <= 32      0               0.0     0.0        0
DAYS MIN <= 32      0               0.0     0.0        0
DAYS MIN <= 0       0               0.0     0.0        0

PRECIPITATION (INCHES)
RECORD
 MAXIMUM         9.47   2004
 MINIMUM         0.22   1984
TOTALS           4.11              3.06    1.05     1.17
DAILY AVG.       0.14              0.10    0.04     0.04
DAYS >= .01         8               7.1     0.9        3
DAYS >= .10         6               4.5     1.5        3
DAYS >= .50         2               2.2    -0.2        1
DAYS >= 1.00        1               1.0     0.0        0
GREATEST
 24 HR. TOTAL    2.48   09/03 TO 09/03           09/20 TO 09/21
                        09/02 TO 09/03                    09/21 TO 09/21
                        09/03 TO 09/03                    09/21 TO 09/22

DEGREE_DAYS
HEATING TOTAL       0                 3      -3        0
 SINCE 7/1          0                 3      -3        0
COOLING TOTAL     386               350      36      395
 SINCE 1/1       2181              2222     -41     2179
...................................................

WIND (MPH)
AVERAGE WIND SPEED              4.5
HIGHEST WIND SPEED/DIRECTION    24/150    DATE  09/03
HIGHEST GUST SPEED/DIRECTION    35/200    DATE  09/03

SKY COVER
POSSIBLE SUNSHINE (PERCENT)   MM
AVERAGE SKY COVER           0.40
NUMBER OF DAYS FAIR           17
NUMBER OF DAYS PC              9
NUMBER OF DAYS CLOUDY          4

AVERAGE RH (PERCENT)     72

WEATHER CONDITIONS. NUMBER OF DAYS WITH
THUNDERSTORM              0     MIXED PRECIP               0
HEAVY RAIN                4     RAIN                       7
LIGHT RAIN               12     FREEZING RAIN              0
LT FREEZING RAIN          0     HAIL                       0
HEAVY SNOW                0     SNOW                       0
LIGHT SNOW                0     SLEET                      0
FOG                      11     FOG W/VIS <= 1/4 MILE      0
HAZE                      4

-  INDICATES NEGATIVE NUMBERS.
R  INDICATES RECORD WAS SET OR TIED.
MM INDICATES DATA IS MISSING.
T  INDICATES TRACE AMOUNT.

$$
