000
CXUS52 KCAE 021602
CLMCUB


CLIMATE REPORT
NATIONAL WEATHER SERVICE COLUMBIA SC
1201 PM EDT SUN JUL 2 2017

...................................

...THE HAMILTON - OWENS AIRPORT SC CLIMATE SUMMARY FOR THE MONTH OF JUNE 2017...

CLIMATE NORMAL PERIOD 1981 TO 2010
CLIMATE RECORD PERIOD 9999 TO 9999

WEATHER         OBSERVED          NORMAL  DEPART
                 VALUE   DATE(S)  VALUE   FROM
                                          NORMAL
................................................
TEMPERATURE (F)
HIGHEST            96   06/15        MM      MM
                        06/14
LOWEST             61   06/08        MM      MM
AVG. MAXIMUM     88.7              89.9    -1.2
AVG. MINIMUM     70.4              69.0     1.4
MEAN             79.5              79.5     0.0
DAYS MAX >= 90     16              15.4     0.6
DAYS MAX <= 32      0               0.0     0.0
DAYS MIN <= 32      0               0.0     0.0
DAYS MIN <= 0       0               0.0     0.0

PRECIPITATION (INCHES)
TOTALS           5.49              4.91    0.58
DAYS >= .01         8                MM      MM
DAYS >= .10         7                MM      MM
DAYS >= .50         4                MM      MM
DAYS >= 1.00        1                MM      MM
GREATEST
 24 HR. TOTAL    2.86   06/15 TO 06/15

SNOWFALL (INCHES)
DAYS >= TRACE       0

DEGREE_DAYS
HEATING TOTAL       0                 0       0
 SINCE 7/1       1573              2315    -742
COOLING TOTAL     443               433      10
 SINCE 1/1        970               769     201
.................................................

WIND (MPH)
AVERAGE WIND SPEED              3.7
RESULTANT WIND SPEED/DIRECTION   2/178
HIGHEST WIND SPEED/DIRECTION    20/180    DATE  06/19
HIGHEST GUST SPEED/DIRECTION    26/180    DATE  06/19

SKY COVER
POSSIBLE SUNSHINE (PERCENT)   MM
AVERAGE SKY COVER           0.30
NUMBER OF DAYS FAIR           17
NUMBER OF DAYS PC             11
NUMBER OF DAYS CLOUDY          2

AVERAGE RH (PERCENT)     69

WEATHER CONDITIONS. NUMBER OF DAYS WITH
THUNDERSTORM              0     MIXED PRECIP               0
HEAVY RAIN                4     RAIN                       6
LIGHT RAIN                9     FREEZING RAIN              0
LT FREEZING RAIN          0     HAIL                       0
HEAVY SNOW                0     SNOW                       0
LIGHT SNOW                0     SLEET                      0
FOG                       8     FOG W/VIS <= 1/4 MILE      1
HAZE                      3

-  INDICATES NEGATIVE NUMBERS.
R  INDICATES RECORD WAS SET OR TIED.
MM INDICATES DATA IS MISSING.
T  INDICATES TRACE AMOUNT.

$$
