000
CXUS52 KCAE 012340
CLMCUB


CLIMATE REPORT
NATIONAL WEATHER SERVICE COLUMBIA SC
733 PM EDT WED OCT 1 2014

...................................

...THE HAMILTON - OWENS AIRPORT SC CLIMATE SUMMARY FOR THE MONTH OF SEPTEMBER 2014...

CLIMATE NORMAL PERIOD 1981 TO 2010
CLIMATE RECORD PERIOD 9999 TO 9999

WEATHER         OBSERVED          NORMAL  DEPART
                 VALUE   DATE(S)  VALUE   FROM
                                          NORMAL
................................................
TEMPERATURE (F)
RECORD
 HIGH              MM   MM
 LOW               54   09/25/2012
HIGHEST            98   09/01        MM      MM
LOWEST             57   09/24        MM      MM
AVG. MAXIMUM     83.9              85.7    -1.8
AVG. MINIMUM     68.6              66.0     2.6
MEAN             76.2              75.8     0.4
DAYS MAX >= 90     10               7.2     2.8
DAYS MAX <= 32      0               0.0     0.0
DAYS MIN <= 32      0               0.0     0.0
DAYS MIN <= 0       0               0.0     0.0

PRECIPITATION (INCHES)
RECORD
 MAXIMUM           MM   MM
 MINIMUM           MM   MM
TOTALS           5.54              4.04    1.50
DAYS >= .01        15                MM      MM
DAYS >= .10         5                MM      MM
DAYS >= .50         3                MM      MM
DAYS >= 1.00        2                MM      MM
GREATEST
 24 HR. TOTAL    2.07   09/19 TO 09/19
                        09/18 TO 09/19
                        09/19 TO 09/19

SNOWFALL (INCHES)
DAYS >= TRACE       0

DEGREE_DAYS
HEATING TOTAL       4                 3       1
 SINCE 7/1          4                 3       1
COOLING TOTAL     348               329      19
 SINCE 1/1       2275              2147     128
.................................................

WIND (MPH)
AVERAGE WIND SPEED              2.5
RESULTANT WIND SPEED/DIRECTION   1/096
HIGHEST WIND SPEED/DIRECTION    22/170    DATE  09/02
HIGHEST GUST SPEED/DIRECTION    30/070    DATE  09/19

SKY COVER
POSSIBLE SUNSHINE (PERCENT)   MM
AVERAGE SKY COVER           0.50
NUMBER OF DAYS FAIR           10
NUMBER OF DAYS PC             10
NUMBER OF DAYS CLOUDY         10

AVERAGE RH (PERCENT)     73

WEATHER CONDITIONS. NUMBER OF DAYS WITH
THUNDERSTORM              6     MIXED PRECIP               0
HEAVY RAIN                6     RAIN                       7
LIGHT RAIN               16     FREEZING RAIN              0
LT FREEZING RAIN          0     HAIL                       0
HEAVY SNOW                0     SNOW                       0
LIGHT SNOW                0     SLEET                      0
FOG                      16     FOG W/VIS <= 1/4 MILE      1
HAZE                      6

-  INDICATES NEGATIVE NUMBERS.
R  INDICATES RECORD WAS SET OR TIED.
MM INDICATES DATA IS MISSING.
T  INDICATES TRACE AMOUNT.

$$
