665
CXUS53 KUNR 011614
CLMCUT


CLIMATE REPORT
NATIONAL WEATHER SERVICE RAPID CITY SD
1014 AM MDT TUE AUG 1 2017

...................................

...THE CUSTER COUNTY AIRPORT SD CLIMATE SUMMARY FOR THE MONTH OF JULY 2017...

CLIMATE NORMAL PERIOD 1981 TO 2010
CLIMATE RECORD PERIOD 9999 TO 9999

WEATHER         OBSERVED          NORMAL  DEPART  LAST YEAR`S
                 VALUE   DATE(S)  VALUE   FROM    VALUE  DATE(S)
                                          NORMAL
................................................................
TEMPERATURE (F)
HIGHEST            96   07/19                         95  07/20
LOWEST             42   07/01                         42  07/12
AVG. MAXIMUM     84.4              79.3     5.1     80.8
AVG. MINIMUM     55.4              52.0     3.4     53.6
MEAN             69.9              65.6     4.3     67.2
DAYS MAX >= 90      4                                  3
DAYS MAX <= 32      0                                  0
DAYS MIN <= 32      0                                  0
DAYS MIN <= 0       0                                  0

PRECIPITATION (INCHES)
TOTALS           6.24              2.44    3.80     3.83
DAILY AVG.       0.20              0.08    0.12     0.12
DAYS >= .01        13                                 12
DAYS >= .10         9                                  6
DAYS >= .50         2                                  4
DAYS >= 1.00        1                                  1
GREATEST
 24 HR. TOTAL    3.78   07/27 TO 07/27              1.14

DEGREE_DAYS
HEATING TOTAL       8                61     -53       43
 SINCE 7/1          8                61     -53       43
COOLING TOTAL     168                81      87      118
 SINCE 1/1        188               107      81      195
.................................................................

WIND (MPH)
AVERAGE WIND SPEED              8.3
HIGHEST WIND SPEED/DIRECTION    32/280    DATE  07/06
HIGHEST GUST SPEED/DIRECTION    41/280    DATE  07/06

AVERAGE RH (PERCENT)     50

WEATHER CONDITIONS. NUMBER OF DAYS WITH
THUNDERSTORM              0     MIXED PRECIP               0
HEAVY RAIN                8     RAIN                       9
LIGHT RAIN               17     FREEZING RAIN              0
LT FREEZING RAIN          0     HAIL                       0
HEAVY SNOW                0     SNOW                       0
LIGHT SNOW                0     SLEET                      0
FOG                       8     FOG W/VIS <= 1/4 MILE      1
HAZE                      3

-  INDICATES NEGATIVE NUMBERS.
R  INDICATES RECORD WAS SET OR TIED.
MM INDICATES DATA IS MISSING.
T  INDICATES TRACE AMOUNT.

$$
