000
CXUS53 KUNR 011609
CLMCUT


CLIMATE REPORT
NATIONAL WEATHER SERVICE RAPID CITY SD
908 AM MST THU FEB 1 2018

...................................

...THE CUSTER COUNTY AIRPORT SD CLIMATE SUMMARY FOR THE MONTH OF JANUARY 2018...

CLIMATE NORMAL PERIOD 1981 TO 2010
CLIMATE RECORD PERIOD 9999 TO 9999

WEATHER         OBSERVED          NORMAL  DEPART  LAST YEAR`S
                 VALUE   DATE(S)  VALUE   FROM    VALUE  DATE(S)
                                          NORMAL
................................................................
TEMPERATURE (F)
HIGHEST            54   01/18                         61  01/18
LOWEST            -12   01/01                        -14  01/05
AVG. MAXIMUM     37.4              35.0     2.4     32.7
AVG. MINIMUM     16.0              13.4     2.6     11.2
MEAN             26.7              24.2     2.5     22.0
DAYS MAX >= 90      0                                  0
DAYS MAX <= 32      9                                 13
DAYS MIN <= 32     31                                 31
DAYS MIN <= 0       3                                  5

PRECIPITATION (INCHES)
TOTALS           0.48              0.33    0.15     0.99
DAILY AVG.       0.02              0.01    0.01     0.03
DAYS >= .01         3                                  7
DAYS >= .10         2                                  3
DAYS >= .50         0                                  0
DAYS >= 1.00        0                                  0
GREATEST
 24 HR. TOTAL    0.29   01/20 TO 01/20              0.44

DEGREE_DAYS
HEATING TOTAL    1181              1265     -84     1325
 SINCE 7/1       4426              4735    -309     4401
COOLING TOTAL       0                 0       0        0
 SINCE 1/1          0                 0       0        0
.................................................................

WIND (MPH)
AVERAGE WIND SPEED              7.2
HIGHEST WIND SPEED/DIRECTION    28/270    DATE  01/19
HIGHEST GUST SPEED/DIRECTION    40/280    DATE  01/26

AVERAGE RH (PERCENT)     57

WEATHER CONDITIONS. NUMBER OF DAYS WITH
THUNDERSTORM              0     MIXED PRECIP               0
HEAVY RAIN                0     RAIN                       0
LIGHT RAIN                0     FREEZING RAIN              0
LT FREEZING RAIN          0     HAIL                       0
HEAVY SNOW                0     SNOW                       2
LIGHT SNOW                8     SLEET                      0
FOG                       6     FOG W/VIS <= 1/4 MILE      1
HAZE                      3

-  INDICATES NEGATIVE NUMBERS.
R  INDICATES RECORD WAS SET OR TIED.
MM INDICATES DATA IS MISSING.
T  INDICATES TRACE AMOUNT.

$$
