000
CXUS53 KUNR 011616
CLMCUT


CLIMATE REPORT
NATIONAL WEATHER SERVICE RAPID CITY SD
1013 AM MDT FRI JUL 1 2016

...................................

...THE CUSTER COUNTY AIRPORT SD CLIMATE SUMMARY FOR THE MONTH OF JUNE 2016...

CLIMATE NORMAL PERIOD 1981 TO 2010
CLIMATE RECORD PERIOD 9999 TO 9999

WEATHER         OBSERVED          NORMAL  DEPART  LAST YEAR`S
                 VALUE   DATE(S)  VALUE   FROM    VALUE  DATE(S)
                                          NORMAL
................................................................
TEMPERATURE (F)
HIGHEST            94   06/21                         87  06/09
LOWEST             38   06/01                         45  06/03
AVG. MAXIMUM     80.0              70.7     9.3     73.1
AVG. MINIMUM     50.9              46.3     4.6     51.3
MEAN             65.4              58.5     6.9     62.2
DAYS MAX >= 90      3                                  0
DAYS MAX <= 32      0                                  0
DAYS MIN <= 32      0                                  0
DAYS MIN <= 0       0                                  0

PRECIPITATION (INCHES)
TOTALS           2.70              3.22   -0.52     6.50
DAILY AVG.       0.09              0.11   -0.02     0.22
DAYS >= .01         8                                 17
DAYS >= .10         6                                 12
DAYS >= .50         3                                  4
DAYS >= 1.00        0                                  2
GREATEST
 24 HR. TOTAL    1.20   06/12 TO 06/13              1.98

DEGREE_DAYS
HEATING TOTAL      56               220    -164      102
 SINCE 7/1       7171              8389   -1218     7686
COOLING TOTAL      77                25      52       27
 SINCE 1/1         77                26      51       27
.................................................................

WIND (MPH)
AVERAGE WIND SPEED              7.5
HIGHEST WIND SPEED/DIRECTION    33/270    DATE  06/13
HIGHEST GUST SPEED/DIRECTION    53/270    DATE  06/13

AVERAGE RH (PERCENT)     50

WEATHER CONDITIONS. NUMBER OF DAYS WITH
THUNDERSTORM              0     MIXED PRECIP               0
HEAVY RAIN                6     RAIN                       4
LIGHT RAIN                9     FREEZING RAIN              0
LT FREEZING RAIN          0     HAIL                       0
HEAVY SNOW                0     SNOW                       0
LIGHT SNOW                0     SLEET                      0
FOG                       5     FOG W/VIS <= 1/4 MILE      2
HAZE                      1

-  INDICATES NEGATIVE NUMBERS.
R  INDICATES RECORD WAS SET OR TIED.
MM INDICATES DATA IS MISSING.
T  INDICATES TRACE AMOUNT.

$$
