000
CXUS53 KUNR 011604
CLMCUT


CLIMATE REPORT
NATIONAL WEATHER SERVICE RAPID CITY SD
902 AM MST THU DEC 1 2016

...................................

...THE CUSTER COUNTY AIRPORT SD CLIMATE SUMMARY FOR THE MONTH OF NOVEMBER 2016...

CLIMATE NORMAL PERIOD 1981 TO 2010
CLIMATE RECORD PERIOD 9999 TO 9999

WEATHER         OBSERVED          NORMAL  DEPART  LAST YEAR`S
                 VALUE   DATE(S)  VALUE   FROM    VALUE  DATE(S)
                                          NORMAL
................................................................
TEMPERATURE (F)
HIGHEST            71   11/05                         65  11/03
LOWEST              7   11/19                         -2  11/27
AVG. MAXIMUM     52.5              42.1    10.4     43.5
AVG. MINIMUM     28.0              21.1     6.9     21.9
MEAN             40.3              31.6     8.7     32.7
DAYS MAX >= 90      0                                  0
DAYS MAX <= 32      3                                  8
DAYS MIN <= 32     18                                 21
DAYS MIN <= 0       0                                  2

PRECIPITATION (INCHES)
TOTALS           0.12              0.61   -0.49     0.75
DAILY AVG.       0.00              0.02   -0.02     0.03
DAYS >= .01         2                                  9
DAYS >= .10         1                                  3
DAYS >= .50         0                                  0
DAYS >= 1.00        0                                  0
GREATEST
 24 HR. TOTAL    0.11   11/17 TO 11/17              0.20

DEGREE_DAYS
HEATING TOTAL     734              1002    -268      961
 SINCE 7/1       1619              2181    -562     1788
COOLING TOTAL       0                 0       0        0
 SINCE 1/1        259               177      82      231
.................................................................

WIND (MPH)
AVERAGE WIND SPEED              7.0
HIGHEST WIND SPEED/DIRECTION    31/290    DATE  11/28
HIGHEST GUST SPEED/DIRECTION    48/270    DATE  11/28

AVERAGE RH (PERCENT)     47

WEATHER CONDITIONS. NUMBER OF DAYS WITH
THUNDERSTORM              0     MIXED PRECIP               0
HEAVY RAIN                0     RAIN                       0
LIGHT RAIN                0     FREEZING RAIN              0
LT FREEZING RAIN          0     HAIL                       0
HEAVY SNOW                1     SNOW                       1
LIGHT SNOW                3     SLEET                      0
FOG                       1     FOG W/VIS <= 1/4 MILE      1
HAZE                      3

-  INDICATES NEGATIVE NUMBERS.
R  INDICATES RECORD WAS SET OR TIED.
MM INDICATES DATA IS MISSING.
T  INDICATES TRACE AMOUNT.

$$
