000
CXUS51 KILN 011313
CLMCVG


CLIMATE REPORT
NATIONAL WEATHER SERVICE WILMINGTON OH
913 AM EDT FRI SEP 1 2017

...................................

...THE CINCINNATI CLIMATE SUMMARY FOR THE MONTH OF AUGUST 2017...

CLIMATE NORMAL PERIOD 1981 TO 2010
CLIMATE RECORD PERIOD 1869 TO 2017

WEATHER         OBSERVED          NORMAL  DEPART  LAST YEAR`S
                 VALUE   DATE(S)  VALUE   FROM    VALUE  DATE(S)
                                          NORMAL
................................................................
TEMPERATURE (F)
RECORD
 HIGH             103   08/22/1936
 LOW               43   08/29/1986
                        08/29/1965
                        08/31/1915
HIGHEST            91   08/16        85       6       93  08/28
LOWEST             51   08/05        64     -13       56  08/22
AVG. MAXIMUM     82.1              84.9    -2.8     87.1
AVG. MINIMUM     63.3              64.8    -1.5     69.4
MEAN             72.7              74.8    -2.1     78.3
DAYS MAX >= 90      4               6.4    -2.4       10
DAYS MAX <= 32      0               0.0     0.0        0
DAYS MIN <= 32      0               0.0     0.0        0
DAYS MIN <= 0       0               0.0     0.0        0

PRECIPITATION (INCHES)
TOTALS           2.33              3.41   -1.08     5.92
DAILY AVG.       0.08              0.11   -0.03     0.19
DAYS >= .01         6               9.1    -3.1       11
DAYS >= .10         5               5.9    -0.9        6
DAYS >= .50         2               2.3    -0.3        4
DAYS >= 1.00        0               0.8    -0.8        3
GREATEST
 24 HR. TOTAL    0.68   08/22 TO 08/22           08/15 TO 08/15
                                                          08/14 TO 08/15
                                                          08/15 TO 08/15
 STORM TOTAL       MM                                 MM
 (MM/DD(HH))            MM                    08/15(00) TO 08/15(00)
                                                 08/15(00) TO 08/15(00)5
                                                 08/15(00) TO 08/15(00)5

SNOWFALL (INCHES)
TOTALS            0.0               0.0     0.0      0.0
SINCE 7/1         0.0               0.0     0.0      0.0
DAYS >= TRACE       0               0.0     0.0        0
DAYS >= 1.0         0               0.0     0.0        0
GREATEST
 24 HR TOTAL      0.0   08/31 TO 08/31           08/31 TO 08/31
                                                          08/15 TO 08/15
                                                          08/15 TO 08/15
 STORM TOTAL       MM                                 MM
 (MM/DD(HH))            MM                    08/31(00) TO 08/31(00)
                                                 08/15(00) TO 08/15(00)5
                                                 08/15(00) TO 08/15(00)5

DEGREE_DAYS
HEATING TOTAL       1                 0       1        0
 SINCE 7/1          1                 0       1        0
COOLING TOTAL     252               309     -57      420
 SINCE 1/1        931               968     -37     1175
......................................................

WIND (MPH)
AVERAGE WIND SPEED              6.2
RESULTANT WIND SPEED/DIRECTION   1/190
HIGHEST WIND SPEED/DIRECTION    26/250    DATE  08/04
HIGHEST GUST SPEED/DIRECTION    34/260    DATE  08/04

SKY COVER
AVERAGE SKY COVER           0.60

AVERAGE RH (PERCENT)     75

WEATHER CONDITIONS. NUMBER OF DAYS WITH
THUNDERSTORM              0     MIXED PRECIP               0
HEAVY RAIN                3     RAIN                       3
LIGHT RAIN               10     FREEZING RAIN              0
LT FREEZING RAIN          0     HAIL                       0
HEAVY SNOW                0     SNOW                       0
LIGHT SNOW                0     SLEET                      0
FOG                      15     FOG W/VIS <= 1/4 MILE      1
HAZE                      4

-  INDICATES NEGATIVE NUMBERS.
R  INDICATES RECORD WAS SET OR TIED.
MM INDICATES DATA IS MISSING.
T  INDICATES TRACE AMOUNT.

$$
