000
CXUS51 KILN 011345
CLMCVG


CLIMATE REPORT
NATIONAL WEATHER SERVICE WILMINGTON OH
845 AM EST SUN JAN 1 2017

...................................

...THE CINCINNATI CLIMATE SUMMARY FOR THE MONTH OF DECEMBER 2016...

CLIMATE NORMAL PERIOD 1981 TO 2010
CLIMATE RECORD PERIOD 1869 TO 2016

WEATHER         OBSERVED          NORMAL  DEPART  LAST YEAR`S
                 VALUE   DATE(S)  VALUE   FROM    VALUE  DATE(S)
                                          NORMAL
................................................................
TEMPERATURE (F)
RECORD
 HIGH              75   12/03/1982
                        12/02/1982
 LOW              -20   12/22/1989
HIGHEST            71   12/26        42      29       70  12/12
LOWEST              6   12/15        26     -20       21  12/04
AVG. MAXIMUM     40.6              41.6    -1.0     53.9
AVG. MINIMUM     26.7              26.6     0.1     38.6
MEAN             33.7              34.1    -0.4     46.2
DAYS MAX >= 90      0               0.0     0.0        0
DAYS MAX <= 32      5               6.4    -1.4        0
DAYS MIN <= 32     23              21.2     1.8        9
DAYS MIN <= 0       0               0.6    -0.6        0

PRECIPITATION (INCHES)
TOTALS           4.43              3.37    1.06     6.09
DAILY AVG.       0.14              0.11    0.03     0.20
DAYS >= .01        15              12.5     2.5       11
DAYS >= .10         9               6.8     2.2        8
DAYS >= .50         3               2.3     0.7        3
DAYS >= 1.00        1               0.7     0.3        2
GREATEST
 24 HR. TOTAL    1.89   12/17 TO 12/18           12/26 TO 12/27
                                                          12/31 TO 12/31
                                                          12/31 TO 12/31
 STORM TOTAL       MM                                 MM
 (MM/DD(HH))            MM                    12/27(00) TO 12/27(00)
                                                 12/31(00) TO 12/31(00)1
                                                 12/31(00) TO 12/31(00)1

SNOWFALL (INCHES)
TOTALS            2.2               4.8    -2.6        T
SINCE 7/1         2.2               5.6    -3.4        T
DAYS >= TRACE       7               4.9     2.1        4
DAYS >= 1.0         1               1.5    -0.5        0
GREATEST
 24 HR TOTAL      1.0   12/13 TO 12/13           12/31 TO 12/31
                                                          12/31 TO 12/31
                                                          12/31 TO 12/31
 STORM TOTAL       MM                                 MM
 (MM/DD(HH))            MM                    12/31(00) TO 12/31(00)
                                                 12/31(00) TO 12/31(00)1
                                                 12/31(00) TO 12/31(00)1

DEGREE_DAYS
HEATING TOTAL     969               959      10      576
 SINCE 7/1       1651              1919    -268     1321
COOLING TOTAL       0                 0       0        0
 SINCE 1/1       1477              1121     356     1157
..................................................

WIND (MPH)
AVERAGE WIND SPEED              9.1
RESULTANT WIND SPEED/DIRECTION   4/257
HIGHEST WIND SPEED/DIRECTION    32/280    DATE  12/29
HIGHEST GUST SPEED/DIRECTION    42/210    DATE  12/31

SKY COVER
AVERAGE SKY COVER           0.80

AVERAGE RH (PERCENT)     74

WEATHER CONDITIONS. NUMBER OF DAYS WITH
THUNDERSTORM              0     MIXED PRECIP               0
HEAVY RAIN                2     RAIN                       4
LIGHT RAIN               13     FREEZING RAIN              0
LT FREEZING RAIN          4     HAIL                       0
HEAVY SNOW                0     SNOW                       2
LIGHT SNOW                7     SLEET                      2
FOG                      23     FOG W/VIS <= 1/4 MILE      5
HAZE                     11

-  INDICATES NEGATIVE NUMBERS.
R  INDICATES RECORD WAS SET OR TIED.
MM INDICATES DATA IS MISSING.
T  INDICATES TRACE AMOUNT.

$$
