000
CXUS51 KILN 011404
CLMCVG


CLIMATE REPORT
NATIONAL WEATHER SERVICE WILMINGTON OH
1004 AM EDT MON AUG 1 2016

...................................

...THE CINCINNATI CLIMATE SUMMARY FOR THE MONTH OF JULY 2016...

CLIMATE NORMAL PERIOD 1981 TO 2010
CLIMATE RECORD PERIOD 1869 TO 2016

WEATHER         OBSERVED          NORMAL  DEPART  LAST YEAR`S
                 VALUE   DATE(S)  VALUE   FROM    VALUE  DATE(S)
                                          NORMAL
................................................................
TEMPERATURE (F)
RECORD
 HIGH             108   07/22/1934
                        07/21/1934
 LOW               47   07/11/1963
HIGHEST            94   07/24        86       8       92  07/28
LOWEST             56   07/02        65      -9       59  07/01
AVG. MAXIMUM     86.1              85.6     0.5     84.0
AVG. MINIMUM     67.8              66.1     1.7     66.0
MEAN             77.0              75.9     1.1     75.0
DAYS MAX >= 90      7               6.2     0.8        4
DAYS MAX <= 32      0               0.0     0.0        0
DAYS MIN <= 32      0               0.0     0.0        0
DAYS MIN <= 0       0               0.0     0.0        0

PRECIPITATION (INCHES)
TOTALS           5.06              3.76    1.30     5.04
DAILY AVG.       0.16              0.12    0.04     0.16
DAYS >= .01        13              10.6     2.4       15
DAYS >= .10        10               6.9     3.1       11
DAYS >= .50         3               2.6     0.4        4
DAYS >= 1.00        1               0.9     0.1        1
GREATEST
 24 HR. TOTAL    1.47   07/27 TO 07/28           07/02 TO 07/03
                                                          07/31 TO 07/31
                                                          07/31 TO 07/31
 STORM TOTAL       MM                                 MM
 (MM/DD(HH))            MM                    07/03(00) TO 07/03(00)
                                                 07/31(00) TO 07/31(00)1
                                                 07/31(00) TO 07/31(00)1

SNOWFALL (INCHES)
TOTALS            0.0               0.0     0.0      0.0
SINCE 7/1         0.0               0.0     0.0      0.0
DAYS >= TRACE       0               0.0     0.0        0
DAYS >= 1.0         0               0.0     0.0        0
GREATEST
 24 HR TOTAL      0.0   07/31 TO 07/31           07/31 TO 07/31
                                                          07/31 TO 07/31
                                                          07/31 TO 07/31
 STORM TOTAL       MM                                 MM
 (MM/DD(HH))            MM                    07/31(00) TO 07/31(00)
                                                 07/31(00) TO 07/31(00)1
                                                 07/31(00) TO 07/31(00)1

DEGREE_DAYS
HEATING TOTAL       0                 0       0        0
 SINCE 7/1          0                 0       0        0
COOLING TOTAL     379               339      40      319
 SINCE 1/1        755               659      96      727
..................................................

WIND (MPH)
AVERAGE WIND SPEED              5.5
RESULTANT WIND SPEED/DIRECTION   3/232
HIGHEST WIND SPEED/DIRECTION    41/300    DATE  07/13
HIGHEST GUST SPEED/DIRECTION    54/300    DATE  07/13

SKY COVER
AVERAGE SKY COVER           0.60

AVERAGE RH (PERCENT)     77

WEATHER CONDITIONS. NUMBER OF DAYS WITH
THUNDERSTORM              0     MIXED PRECIP               0
HEAVY RAIN               10     RAIN                       8
LIGHT RAIN               13     FREEZING RAIN              0
LT FREEZING RAIN          0     HAIL                       0
HEAVY SNOW                0     SNOW                       0
LIGHT SNOW                0     SLEET                      0
FOG                      23     FOG W/VIS <= 1/4 MILE      3
HAZE                      6

-  INDICATES NEGATIVE NUMBERS.
R  INDICATES RECORD WAS SET OR TIED.
MM INDICATES DATA IS MISSING.
T  INDICATES TRACE AMOUNT.

$$
