000
CXUS51 KILN 011154
CLMCVG


CLIMATE REPORT
NATIONAL WEATHER SERVICE WILMINGTON OH
744 AM EDT FRI JUL 1 2016

...................................

...THE CINCINNATI CLIMATE SUMMARY FOR THE MONTH OF JUNE 2016...

CLIMATE NORMAL PERIOD 1981 TO 2010
CLIMATE RECORD PERIOD 1869 TO 2016

WEATHER         OBSERVED          NORMAL  DEPART  LAST YEAR`S
                 VALUE   DATE(S)  VALUE   FROM    VALUE  DATE(S)
                                          NORMAL
................................................................
TEMPERATURE (F)
RECORD
 HIGH             102   06/25/1988
                        06/28/1944
                        06/27/1944
 LOW               39   06/11/1972
HIGHEST            92   06/26        82      10       92  06/11
                        06/12
LOWEST             48   06/09        61     -13       52  06/03
AVG. MAXIMUM     85.2              82.1     3.1     82.3
AVG. MINIMUM     63.3              62.0     1.3     63.1
MEAN             74.2              72.1     2.1     72.7
DAYS MAX >= 90      7               2.6     4.4        5
DAYS MAX <= 32      0               0.0     0.0        0
DAYS MIN <= 32      0               0.0     0.0        0
DAYS MIN <= 0       0               0.0     0.0        0

PRECIPITATION (INCHES)
TOTALS           2.49              4.03   -1.54     7.33
DAILY AVG.       0.08              0.13   -0.05     0.24
DAYS >= .01         9              11.5    -2.5       16
DAYS >= .10         5               7.4    -2.4       12
DAYS >= .50         2               2.7    -0.7        5
DAYS >= 1.00        0               0.9    -0.9        2
GREATEST
 24 HR. TOTAL    1.13   06/22 TO 06/23                MM
 STORM TOTAL       MM                                 MM
 (MM/DD(HH))            MM                                  MM

SNOWFALL (INCHES)
TOTALS            0.0               0.0     0.0      0.0
SINCE 7/1        19.2              22.1    -2.9     29.9
DAYS >= TRACE       0               0.0     0.0        0
DAYS >= 1.0         0               0.0     0.0        0
GREATEST
 24 HR TOTAL      0.0   06/30 TO 06/30                MM
 STORM TOTAL       MM                                 MM
 (MM/DD(HH))            MM                                  MM

DEGREE_DAYS
HEATING TOTAL       2                15     -13       19
 SINCE 7/1       4136              4975    -839     5296
COOLING TOTAL     283               226      57      259
 SINCE 1/1        376               320      56      408
.................................................

WIND (MPH)
AVERAGE WIND SPEED              6.8
RESULTANT WIND SPEED/DIRECTION   2/258
HIGHEST WIND SPEED/DIRECTION    37/290    DATE  06/15
HIGHEST GUST SPEED/DIRECTION    46/300    DATE  06/15

SKY COVER
AVERAGE SKY COVER           0.50

AVERAGE RH (PERCENT)     67

WEATHER CONDITIONS. NUMBER OF DAYS WITH
THUNDERSTORM              0     MIXED PRECIP               0
HEAVY RAIN                3     RAIN                       6
LIGHT RAIN               13     FREEZING RAIN              0
LT FREEZING RAIN          0     HAIL                       0
HEAVY SNOW                0     SNOW                       0
LIGHT SNOW                0     SLEET                      0
FOG                      11     FOG W/VIS <= 1/4 MILE      1
HAZE                      5

-  INDICATES NEGATIVE NUMBERS.
R  INDICATES RECORD WAS SET OR TIED.
MM INDICATES DATA IS MISSING.
T  INDICATES TRACE AMOUNT.

$$
