000
CXUS51 KILN 011228
CLMCVG


CLIMATE REPORT
NATIONAL WEATHER SERVICE WILMINGTON OH
824 AM EDT SAT AUG 1 2015

...................................

...THE CINCINNATI CLIMATE SUMMARY FOR THE MONTH OF JULY 2015...

CLIMATE NORMAL PERIOD 1981 TO 2010
CLIMATE RECORD PERIOD 1869 TO 2015

WEATHER         OBSERVED          NORMAL  DEPART  LAST YEAR`S
                 VALUE   DATE(S)  VALUE   FROM    VALUE  DATE(S)
                                          NORMAL
................................................................
TEMPERATURE (F)
RECORD
 HIGH             108   07/22/1934
                        07/21/1934
 LOW               47   07/11/1963
HIGHEST            92   07/28        86       6       91  07/22
LOWEST             59   07/01        65      -6       50  07/29
AVG. MAXIMUM     84.0              85.6    -1.6     81.4
AVG. MINIMUM     66.0              66.1    -0.1     61.8
MEAN             75.0              75.9    -0.9     71.6
DAYS MAX >= 90      4               6.2    -2.2        1
DAYS MAX <= 32      0               0.0     0.0        0
DAYS MIN <= 32      0               0.0     0.0        0
DAYS MIN <= 0       0               0.0     0.0        0

PRECIPITATION (INCHES)
TOTALS           5.04              3.76    1.28     2.83
DAILY AVG.       0.16              0.12    0.04     0.09
DAYS >= .01        15              10.6     4.4       10
DAYS >= .10        11               6.9     4.1        7
DAYS >= .50         4               2.6     1.4        2
DAYS >= 1.00        1               0.9     0.1        0
GREATEST
 24 HR. TOTAL    1.69   07/02 TO 07/03

SNOWFALL (INCHES)
TOTALS            0.0               0.0     0.0      0.0
SINCE 7/1         0.0               0.0     0.0      0.0
DAYS >= TRACE       0               0.0     0.0        0
DAYS >= 1.0         0               0.0     0.0        0
GREATEST
 24 HR TOTAL      0.0   07/31 TO 07/31

DEGREE_DAYS
HEATING TOTAL       0                 0       0        5
 SINCE 7/1          0                 0       0        5
COOLING TOTAL     319               339     -20      217
 SINCE 1/1        727               659      68      625
..................................................

WIND (MPH)
AVERAGE WIND SPEED              5.5
RESULTANT WIND SPEED/DIRECTION   1/283
HIGHEST WIND SPEED/DIRECTION    38/290    DATE  07/14
HIGHEST GUST SPEED/DIRECTION    47/290    DATE  07/17

SKY COVER
AVERAGE SKY COVER           0.60

AVERAGE RH (PERCENT)     76

WEATHER CONDITIONS. NUMBER OF DAYS WITH
THUNDERSTORM              7     MIXED PRECIP               0
HEAVY RAIN                8     RAIN                       6
LIGHT RAIN               17     FREEZING RAIN              0
LT FREEZING RAIN          0     HAIL                       0
HEAVY SNOW                0     SNOW                       0
LIGHT SNOW                0     SLEET                      0
FOG                      21     FOG W/VIS <= 1/4 MILE      3
HAZE                     13

-  INDICATES NEGATIVE NUMBERS.
R  INDICATES RECORD WAS SET OR TIED.
MM INDICATES DATA IS MISSING.
T  INDICATES TRACE AMOUNT.

$$
