000
CXUS52 KCHS 012327
CLMCXM

CLIMATE REPORT
NATIONAL WEATHER SERVICE CHARLESTON SC
621 PM EST THU DEC 1 2016

...................................

...THE DOWNTOWN CHARLESTON SC CLIMATE SUMMARY FOR THE MONTH OF
NOVEMBER 2016...

CLIMATE NORMAL PERIOD 1981 TO 2010
CLIMATE RECORD PERIOD 1870 TO 2016

WEATHER         OBSERVED          NORMAL  DEPART  LAST YEAR`S
                 VALUE   DATE(S)  VALUE   FROM    VALUE  DATE(S)
                                          NORMAL
................................................................
TEMPERATURE (F)
RECORD
 HIGH              87   11/01/1961
 LOW               17   11/25/1950
HIGHEST            82   11/03                         82  11/07
LOWEST             41   11/21                         43  11/23
AVG. MAXIMUM     69.1              67.3     1.8     71.0
AVG. MINIMUM     54.1              53.6     0.5     58.7
MEAN             61.6              60.5     1.1     64.8
DAYS MAX >= 90      0               0.0     0.0        0
DAYS MAX <= 32      0               0.0     0.0        0
DAYS MIN <= 32      0               0.0     0.0        0
DAYS MIN <= 0       0               0.0     0.0        0

PRECIPITATION (INCHES)
RECORD
 MAXIMUM         7.17   2015
 MINIMUM         0.00   2007
TOTALS           0.24              2.19   -1.95     7.17
DAYS >= .01         3               6.2    -3.2        9
DAYS >= .10         1               3.8    -2.8        6
DAYS >= .50         0               1.3    -1.3        3
DAYS >= 1.00        0               0.5    -0.5        2
GREATEST
 24 HR. TOTAL    0.18   11/13

DEGREE_DAYS
HEATING TOTAL     133               172     -39       73
 SINCE 7/1        141               213     -72       89
.................................................................

WIND (MPH)
AVERAGE WIND SPEED              6.7
HIGHEST WIND SPEED/DIRECTION    20/200
HIGHEST GUST SPEED/DIRECTION    27/210



-  INDICATES NEGATIVE NUMBERS.
R  INDICATES RECORD WAS SET OR TIED.
MM INDICATES DATA IS MISSING.
T  INDICATES TRACE AMOUNT.

&&

NO RECORDS WERE ESTABLISHED IN DOWNTOWN CHARLESTON THIS MONTH.

$$
