000
CXUS52 KCHS 011901
CLMCXM

CLIMATE REPORT
NATIONAL WEATHER SERVICE CHARLESTON SC
240 PM EDT FRI JUL 1 2016

...................................

...THE DOWNTOWN CHARLESTON SC CLIMATE SUMMARY FOR THE MONTH OF JUNE 2016...

CLIMATE NORMAL PERIOD 1981 TO 2010
CLIMATE RECORD PERIOD 1870 TO 2016

WEATHER         OBSERVED          NORMAL  DEPART  LAST YEAR`S
                 VALUE   DATE(S)  VALUE   FROM    VALUE  DATE(S)
                                          NORMAL
................................................................
TEMPERATURE (F)
RECORD
 HIGH             104   06/02/1985
                        06/24/1944
 LOW               49   06/12/1913
HIGHEST            95   06/25                         95  06/17
                        06/17
LOWEST             72   06/21                         68  06/05
                        06/20                             06/03
                        06/19
AVG. MAXIMUM     86.7              84.5     2.2     87.3
AVG. MINIMUM     75.8              74.0     1.8     75.9
MEAN             81.2              79.3     1.9     81.6
DAYS MAX >= 90      8               5.3     2.7        9
DAYS MAX <= 32      0               0.0     0.0        0
DAYS MIN <= 32      0               0.0     0.0        0
DAYS MIN <= 0       0               0.0     0.0        0

PRECIPITATION (INCHES)
RECORD
 MAXIMUM        19.24   1973
 MINIMUM         0.27   1918
TOTALS           3.24              4.65   -1.41     5.42
DAYS >= .01        10              10.0     0.0        8
DAYS >= .10         6               6.3    -0.3        5
DAYS >= .50         1               2.8    -1.8        4
DAYS >= 1.00        1               1.4    -0.4        4
GREATEST
 24 HR. TOTAL    1.64   06/06

DEGREE_DAYS
COOLING TOTAL     492               428      64      504
 SINCE 1/1        927               786     141      937
.................................................................

WIND (MPH)
AVERAGE WIND SPEED              7.2
HIGHEST WIND SPEED/DIRECTION    32/360
HIGHEST GUST SPEED/DIRECTION    42/350



-  INDICATES NEGATIVE NUMBERS.
R  INDICATES RECORD WAS SET OR TIED.
MM INDICATES DATA IS MISSING.
T  INDICATES TRACE AMOUNT.

&&

NO RECORDS WERE ESTABLISHED AT THE DOWNTOWN CHARLESTON CLIMATE SITE DURING THE MONTH OF JUNE.

$$
