000
CXUS52 KCHS 011722
CLMCXM

CLIMATE REPORT
NATIONAL WEATHER SERVICE CHARLESTON SC
1218 PM EST FRI DEC 1 2017

...................................

...THE DOWNTOWN CHARLESTON SC CLIMATE SUMMARY FOR THE MONTH OF
NOVEMBER 2017...

CLIMATE NORMAL PERIOD 1981 TO 2010
CLIMATE RECORD PERIOD 1870 TO 2017

WEATHER         OBSERVED          NORMAL  DEPART  LAST YEAR`S
                 VALUE   DATE(S)  VALUE   FROM    VALUE  DATE(S)
                                          NORMAL
................................................................
TEMPERATURE (F)
RECORD
 HIGH              87   11/01/1961
 LOW               17   11/25/1950
HIGHEST            79   11/07                         82  11/03
LOWEST             46   11/25                         41  11/21
                        11/24
                        11/20
AVG. MAXIMUM     67.1              67.3    -0.2     69.1
AVG. MINIMUM     53.7              53.6     0.1     54.1
MEAN             60.4              60.5    -0.1     61.6
DAYS MAX >= 90      0               0.0     0.0        0
DAYS MAX <= 32      0               0.0     0.0        0
DAYS MIN <= 32      0               0.0     0.0        0
DAYS MIN <= 0       0               0.0     0.0        0

PRECIPITATION (INCHES)
RECORD
 MAXIMUM         7.17   2015
 MINIMUM         0.00   2007
TOTALS           0.79              2.19   -1.40     0.24
DAYS >= .01         3               6.2    -3.2        3
DAYS >= .10         3               3.8    -0.8        1
DAYS >= .50         0               1.3    -1.3        0
DAYS >= 1.00        0               0.5    -0.5        0
GREATEST
 24 HR. TOTAL    0.38   11/09

DEGREE_DAYS
HEATING TOTAL     165               172      -7      133
 SINCE 7/1        203               213     -10      141
.................................................................

WIND (MPH)
AVERAGE WIND SPEED              6.9
HIGHEST WIND SPEED/DIRECTION    22/020
HIGHEST GUST SPEED/DIRECTION    28/030



-  INDICATES NEGATIVE NUMBERS.
R  INDICATES RECORD WAS SET OR TIED.
MM INDICATES DATA IS MISSING.
T  INDICATES TRACE AMOUNT.

&&

NO RECORDS WERE ESTABLISHED IN DOWNTOWN CHARLESTON DURING THE MONTH.


$$
