000
CXUS55 KCYS 011623
CLMCYS
CLIMATE REPORT
NATIONAL WEATHER SERVICE CHEYENNE WY
923 AM MST FRI MAR 01 2024
...................................
...THE CHEYENNE WYOMING AIRPORT CLIMATE SUMMARY FOR THE MONTH OF FEBRUARY 2024...
CLIMATE NORMAL PERIOD 1991 TO 2020
CLIMATE RECORD PERIOD 1871 TO 2024
WEATHER OBSERVED NORMAL DEPART LAST YEAR`S
VALUE DATE(S) VALUE FROM VALUE DATE(S)
NORMAL
................................................................
TEMPERATURE (F)
RECORD
HIGH 71 02/11/1962
LOW -34 02/08/1936
HIGHEST 58 02/01 41 17 58
LOWEST 02/17 18 -19 -19
AVG. MAXIMUM 44.7 40.6 4.1 39.2
AVG. MINIMUM 22.8 18.4 4.4 17.2
MEAN 33.7 29.5 4.2 28.2
DAYS MAX >= 90 0 0.0 0.0 0
DAYS MAX <= 32 2 6.9 -4.9 5
DAYS MIN <= 32 27 26.0 1.0 27
DAYS MIN <= 0 1 1.8 -0.8 3
PRECIPITATION (INCHES)
RECORD
MAXIMUM 2.16 1953
TOTALS 1.08 0.52 0.56
DAYS >= .01 7 6.9 0.1 4
DAYS >= .10 2 1.7 0.3 1
DAYS >= .50 1 0.1 0.9 0
DAYS >= 1.00 0 0.0 0.0 0
GREATEST
24 HR. TOTAL 0.63 02/03 TO 02/03 0.23 02/22 TO 02/22
SNOWFALL (INCHES)
RECORDS
TOTAL 23.3 MM
24 HR TOTAL 13.9 MM
TOTALS 10.6 9.0 1.6 6.5
SINCE 7/1 35.3 38.5 -3.2 MM
DAYS >= 1.0 3 3.1 -0.1 2
GREATEST
SNOW DEPTH 4 02/04 5
24 HR TOTAL MM MM
DEGREE DAYS
HEATING TOTAL 897 994 -97
SINCE 7/1 4492 4977 -485
COOLING TOTAL 0 0 0
SINCE 1/1 0 0 0
................................................................
WIND (MPH)
AVERAGE WIND SPEED 12.2
HIGHEST WIND SPEED/DIRECTION 49/260 DATE 02/24
HIGHEST GUST SPEED/DIRECTION 65/260 DATE 02/24
SKY COVER
POSSIBLE SUNSHINE (PERCENT) MM
AVERAGE SKY COVER 0.27
NUMBER OF DAYS FAIR 21
NUMBER OF DAYS PC 5
NUMBER OF DAYS CLOUDY 3
AVERAGE RH (PERCENT) 56
WEATHER CONDITIONS. NUMBER OF DAYS WITH
THUNDERSTORM 0 MIXED PRECIP 0
HEAVY RAIN 0 RAIN 0
LIGHT RAIN 3 FREEZING RAIN 0
LT FREEZING RAIN 0 HAIL 0
HEAVY SNOW 2 SNOW 4
LIGHT SNOW 8 SLEET 0
FOG 10 FOG W/VIS <= 1/4 MILE 3
HAZE 2
- INDICATES NEGATIVE NUMBERS.
R INDICATES RECORD WAS SET OR TIED.
MM INDICATES DATA IS MISSING.
T INDICATES TRACE AMOUNT.
$$