000
CXUS56 KSGX 012051
CLMCZZ


CLIMATE REPORT
NATIONAL WEATHER SERVICE SAN DIEGO, CA
1250 PM PST WED MAR 1 2017

...................................

...THE CAMPO ASOS CA CLIMATE SUMMARY FOR THE MONTH OF FEBRUARY 2017...

CLIMATE NORMAL PERIOD 1981 TO 2010
CLIMATE RECORD PERIOD 1948 TO 2017

WEATHER         OBSERVED          NORMAL  DEPART  LAST YEAR`S
                 VALUE   DATE(S)  VALUE   FROM    VALUE  DATE(S)
                                          NORMAL
................................................................
TEMPERATURE (F)
RECORD
 HIGH              86   02/14/2014
                        02/23/1989
                        02/05/2000
 LOW               12   02/23/1953
HIGHEST            81   02/09        64      17       83  02/16
                                                          02/12
LOWEST             24   02/25        34     -10       21  02/02
                        02/24
AVG. MAXIMUM     60.8              64.0    -3.2     71.3
AVG. MINIMUM     34.9              34.9     0.0     37.0
MEAN             47.8              49.5    -1.7     54.2
DAYS MAX >= 90      0               0.0     0.0        0
DAYS MAX <= 32      0               0.0     0.0        0
DAYS MAX >= 100     0                                  0
DAYS MIN <= 32     10              10.5    -0.5        8
DAYS MIN <= 0       0               0.0     0.0        0

PRECIPITATION (INCHES)
RECORD
 MAXIMUM        10.37   1998
 MINIMUM         0.00   1984
TOTALS           3.69              3.23    0.46     0.20
DAILY AVG.       0.13              0.12    0.01     0.01
DAYS >= .01         8               7.7     0.3        1
DAYS >= .10         5               5.5    -0.5        1
DAYS >= .50         1               2.8    -1.8        0
DAYS >= 1.00        1               0.8     0.2        0
DAYS >= 1.50        1                                  0
DAYS >= 2.00        1                                  0
GREATEST
 24 HR. TOTAL    2.80   02/27 TO 02/28           01/31 TO 02/01
                                                          02/29 TO 02/29
                                                          02/29 TO 02/29
 STORM TOTAL       MM                                 MM
 (MM/DD(HH))            MM                    02/01(00) TO 02/01(00)
                                                 02/29(00) TO 02/29(00)9
                                                 02/29(00) TO 02/29(00)9

DEGREE_DAYS
HEATING TOTAL     474               435      39      308
 SINCE 7/1       1910              2051    -141     1884
COOLING TOTAL       0                 0       0        0
 SINCE 1/1          0                 0       0        0

FREEZE DATES
RECORD
 EARLIEST     08/25/1978
 LATEST       06/23/1991
EARLIEST                        10/16
LATEST                          05/19
..........................................................

WIND (MPH)
AVERAGE WIND SPEED              7.2
RESULTANT WIND SPEED/DIRECTION   2/232
HIGHEST WIND SPEED/DIRECTION    31/200    DATE  02/17
HIGHEST GUST SPEED/DIRECTION    42/170    DATE  02/17

AVERAGE RH (PERCENT)     74


-  INDICATES NEGATIVE NUMBERS.
R  INDICATES RECORD WAS SET OR TIED.
MM INDICATES DATA IS MISSING.
T  INDICATES TRACE AMOUNT.

$$
