441
CXUS56 KSGX 011554
CLMCZZ


CLIMATE REPORT
NATIONAL WEATHER SERVICE SAN DIEGO, CA
754 AM PST THU DEC 1 2016

...................................

...THE CAMPO ASOS CA CLIMATE SUMMARY FOR THE MONTH OF NOVEMBER 2016...

CLIMATE NORMAL PERIOD 1981 TO 2010
CLIMATE RECORD PERIOD 1948 TO 2016

WEATHER         OBSERVED          NORMAL  DEPART  LAST YEAR`S
                 VALUE   DATE(S)  VALUE   FROM    VALUE  DATE(S)
                                          NORMAL
................................................................
TEMPERATURE (F)
RECORD
 HIGH              94   11/08/2015
 LOW               16   11/21/1979
HIGHEST            85   11/15        69      16       94  11/08
LOWEST             27   11/30        35      -8       27  11/11
AVG. MAXIMUM     70.8              69.9     0.9     68.0
AVG. MINIMUM     40.1              36.2     3.9     37.0
MEAN             55.4              53.0     2.4     52.5
DAYS MAX >= 90      0               0.1    -0.1        1
DAYS MAX <= 32      0               0.0     0.0        0
DAYS MAX >= 100     0                                  0
DAYS MIN <= 32      6               8.4    -2.4        9
DAYS MIN <= 0       0               0.0     0.0        0

PRECIPITATION (INCHES)
RECORD
 MAXIMUM         9.03   1965
 MINIMUM         0.00   1999
TOTALS           0.88              1.13   -0.25     0.64
DAILY AVG.       0.03              0.04   -0.01     0.02
DAYS >= .01         5               4.7     0.3        8
DAYS >= .10         2               2.6    -0.6        3
DAYS >= .50         0               0.7    -0.7        0
DAYS >= 1.00        0               0.1    -0.1        0
DAYS >= 1.50        0                                  0
DAYS >= 2.00        0                                  0
GREATEST
 24 HR. TOTAL    0.47   11/21 TO 11/21           11/26 TO 11/27
                                                          11/30 TO 11/30
                                                          11/30 TO 11/30
 STORM TOTAL       MM                                 MM
 (MM/DD(HH))            MM                    11/27(00) TO 11/27(00)
                                                 11/30(00) TO 11/30(00)0
                                                 11/30(00) TO 11/30(00)0

DEGREE_DAYS
HEATING TOTAL     283               360     -77      332
 SINCE 7/1        418               570    -152      416
COOLING TOTAL       4                 2       2        2
 SINCE 1/1        955               841     114      983

FREEZE DATES
RECORD
 EARLIEST     08/25/1978
 LATEST       06/23/1991
EARLIEST      11/01             10/16
LATEST                          05/19
.................................................

WIND (MPH)
AVERAGE WIND SPEED              9.1
RESULTANT WIND SPEED/DIRECTION   4/059
HIGHEST WIND SPEED/DIRECTION    37/050    DATE  11/09
HIGHEST GUST SPEED/DIRECTION    44/230    DATE  11/26

AVERAGE RH (PERCENT)     46


-  INDICATES NEGATIVE NUMBERS.
R  INDICATES RECORD WAS SET OR TIED.
MM INDICATES DATA IS MISSING.
T  INDICATES TRACE AMOUNT.

$$
