000
CXUS56 KSGX 011645
CLMCZZ


CLIMATE REPORT
NATIONAL WEATHER SERVICE SAN DIEGO, CA
844 AM PST SUN JAN 1 2017

...................................

...THE CAMPO ASOS CA CLIMATE SUMMARY FOR THE MONTH OF DECEMBER 2016...

CLIMATE NORMAL PERIOD 1981 TO 2010
CLIMATE RECORD PERIOD 1948 TO 2016

WEATHER         OBSERVED          NORMAL  DEPART  LAST YEAR`S
                 VALUE   DATE(S)  VALUE   FROM    VALUE  DATE(S)
                                          NORMAL
................................................................
TEMPERATURE (F)
RECORD
 HIGH              86   12/05/1989
                        12/11/1950
 LOW               12   12/26/1974
HIGHEST            78   12/14        63      15       82  12/08
LOWEST             28   12/03        33      -5       19  12/28
                        12/01
AVG. MAXIMUM     61.5              62.8    -1.3     58.5
AVG. MINIMUM     38.1              32.6     5.5     31.1
MEAN             49.8              47.7     2.1     44.8
DAYS MAX >= 90      0               0.0     0.0        0
DAYS MAX <= 32      0               0.0     0.0        0
DAYS MAX >= 100     0                                  0
DAYS MIN <= 32      8              15.9    -7.9       18
DAYS MIN <= 0       0               0.0     0.0        0

PRECIPITATION (INCHES)
RECORD
 MAXIMUM         7.19   1951
 MINIMUM         0.03   1981
TOTALS           4.29              2.27    2.02     1.25
DAILY AVG.       0.14              0.07    0.07     0.04
DAYS >= .01         9               6.8     2.2        9
DAYS >= .10         7               4.3     2.7        3
DAYS >= .50         5               1.3     3.7        1
DAYS >= 1.00        2               0.7     1.3        0
DAYS >= 1.50        0                                  0
DAYS >= 2.00        0                                  0
GREATEST
 24 HR. TOTAL    1.15   12/24 TO 12/25           12/22 TO 12/23
                                                          12/31 TO 12/31
                                                          12/31 TO 12/31
 STORM TOTAL       MM                                 MM
 (MM/DD(HH))            MM                    12/23(00) TO 12/23(00)
                                                 12/31(00) TO 12/31(00)1
                                                 12/31(00) TO 12/31(00)1

DEGREE_DAYS
HEATING TOTAL     465               536     -71      600
 SINCE 7/1        883              1106    -223     1016
COOLING TOTAL       0                 0       0        0
 SINCE 1/1        955               841     114      983

FREEZE DATES
RECORD
 EARLIEST     08/25/1978
 LATEST       06/23/1991
EARLIEST                        10/16
LATEST                          05/19
..................................................

WIND (MPH)
AVERAGE WIND SPEED              9.2
RESULTANT WIND SPEED/DIRECTION   2/068
HIGHEST WIND SPEED/DIRECTION    37/060    DATE  12/26
HIGHEST GUST SPEED/DIRECTION    44/240    DATE  12/24

AVERAGE RH (PERCENT)     59


-  INDICATES NEGATIVE NUMBERS.
R  INDICATES RECORD WAS SET OR TIED.
MM INDICATES DATA IS MISSING.
T  INDICATES TRACE AMOUNT.

$$
