000
CXUS56 KSGX 011436
CLMCZZ


CLIMATE REPORT
NATIONAL WEATHER SERVICE SAN DIEGO, CA
635 AM PST MON DEC 1 2014

...................................

...THE CAMPO ASOS CA CLIMATE SUMMARY FOR THE MONTH OF NOVEMBER 2014...

CLIMATE NORMAL PERIOD 1981 TO 2010
CLIMATE RECORD PERIOD 1948 TO 2014

WEATHER         OBSERVED          NORMAL  DEPART  LAST YEAR`S
                 VALUE   DATE(S)  VALUE   FROM    VALUE  DATE(S)
                                          NORMAL
................................................................
TEMPERATURE (F)
RECORD
 HIGH              92   11/04/1988
                        11/07/1950
 LOW               16   11/21/1979
HIGHEST            84   11/09        69      15       84  11/14
                        11/08
LOWEST             30   11/30        35      -5       31  11/05
                        11/20                             11/03
AVG. MAXIMUM     69.7              69.9    -0.2     67.2
AVG. MINIMUM     40.1              36.2     3.9     39.2
MEAN             54.9              53.0     1.9     53.2
DAYS MAX >= 90      0               0.1    -0.1        0
DAYS MAX <= 32      0               0.0     0.0        0
DAYS MAX >= 100     0                                  0
DAYS MIN <= 32      4               8.4    -4.4        5
DAYS MIN <= 0       0               0.0     0.0        0

PRECIPITATION (INCHES)
RECORD
 MAXIMUM         9.03   1965
 MINIMUM         0.00   1999
TOTALS           0.26              1.13   -0.87     0.80
DAILY AVG.       0.01              0.04   -0.03     0.03
DAYS >= .01         3               4.7    -1.7        2
DAYS >= .10         2               2.6    -0.6        2
DAYS >= .50         0               0.7    -0.7        1
DAYS >= 1.00        0               0.1    -0.1        0
DAYS >= 1.50        0                                  0
DAYS >= 2.00        0                                  0
GREATEST
 24 HR. TOTAL    0.13   11/01 TO 11/01           11/21 TO 11/22
                        10/31 TO 11/01                    11/30 TO 11/30
                        11/01 TO 11/01                    11/30 TO 11/30
 STORM TOTAL       MM                                 MM
 (MM/DD(HH))            MM                    11/22(00) TO 11/22(00)
                                                 11/30(00) TO 11/30(00)0
                                                 11/30(00) TO 11/30(00)0

SNOWFALL (INCHES)
TOTALS            0.0
SINCE 7/1         0.0

DEGREE_DAYS
HEATING TOTAL     293               360     -67      346
 SINCE 7/1        381               570    -189      629
COOLING TOTAL       0                 2      -2        0
 SINCE 1/1        900               841      59      909

FREEZE DATES
RECORD
 EARLIEST     08/25/1978
 LATEST       06/23/1991
EARLIEST      11/03             10/16
LATEST                          05/19
.................................................

WIND (MPH)
AVERAGE WIND SPEED              9.7
RESULTANT WIND SPEED/DIRECTION   4/051
HIGHEST WIND SPEED/DIRECTION    40/050    DATE  11/16
HIGHEST GUST SPEED/DIRECTION    51/060    DATE  11/23

AVERAGE RH (PERCENT)     44


-  INDICATES NEGATIVE NUMBERS.
R  INDICATES RECORD WAS SET OR TIED.
MM INDICATES DATA IS MISSING.
T  INDICATES TRACE AMOUNT.

$$
