000
CXUS56 KSGX 030103
CLMCZZ


CLIMATE REPORT
NATIONAL WEATHER SERVICE SAN DIEGO, CA
603 PM PDT THU JUL 2 2015

...................................

...THE CAMPO ASOS CA CLIMATE SUMMARY FOR THE MONTH OF JUNE 2015...

CLIMATE NORMAL PERIOD 1981 TO 2010
CLIMATE RECORD PERIOD 1948 TO 2015

WEATHER         OBSERVED          NORMAL  DEPART  LAST YEAR`S
                 VALUE   DATE(S)  VALUE   FROM    VALUE  DATE(S)
                                          NORMAL
................................................................
TEMPERATURE (F)
RECORD
 HIGH             107   06/26/1994
 LOW               13   06/21/2010
HIGHEST            99   06/15        87      12      100  06/09
LOWEST             36   06/05        45      -9       36  06/14
AVG. MAXIMUM     88.2              87.3     0.9     87.3
AVG. MINIMUM     50.6              45.1     5.5     44.4
MEAN             69.4              66.2     3.2     65.8
DAYS MAX >= 90     18              13.0     5.0        9
DAYS MAX <= 32      0               0.0     0.0        0
DAYS MAX >= 100     0                                  1
DAYS MIN <= 32      0               0.1    -0.1        0
DAYS MIN <= 0       0               0.0     0.0        0

PRECIPITATION (INCHES)
RECORD
 MAXIMUM         0.55   1984
 MINIMUM         0.00   2014
                        2013
                        2012
TOTALS           0.67R             0.11    0.56     0.00
DAILY AVG.       0.02              0.00    0.02     0.00
DAYS >= .01         2               0.7     1.3        0
DAYS >= .10         2               0.3     1.7        0
DAYS >= .50         0               0.0     0.0        0
DAYS >= 1.00        0               0.0     0.0        0
DAYS >= 1.50        0                                  0
DAYS >= 2.00        0                                  0
GREATEST
 24 HR. TOTAL    0.41   06/30 TO 06/30           06/30 TO 06/30
                                                          06/30 TO 06/30
                                                          06/30 TO 06/30
 STORM TOTAL       MM                                 MM
 (MM/DD(HH))            MM                    06/30(00) TO 06/30(00)
                                                 06/30(00) TO 06/30(00)0
                                                 06/30(00) TO 06/30(00)0

SNOWFALL (INCHES)
TOTALS            0.0
SINCE 7/1         0.0

DEGREE_DAYS
HEATING TOTAL      50                56      -6       28
 SINCE 7/1       2524              2983    -459     2659
COOLING TOTAL     188                92      96       60
 SINCE 1/1        205               122      83      112

FREEZE DATES
RECORD
 EARLIEST     08/25/1978
 LATEST       06/23/1991
EARLIEST      05/13             10/16
LATEST        05/13             05/19
.................................................

WIND (MPH)
AVERAGE WIND SPEED              7.8
RESULTANT WIND SPEED/DIRECTION   3/219
HIGHEST WIND SPEED/DIRECTION    44/160    DATE  06/30
HIGHEST GUST SPEED/DIRECTION    53/130    DATE  06/30

AVERAGE RH (PERCENT)     51


-  INDICATES NEGATIVE NUMBERS.
R  INDICATES RECORD WAS SET OR TIED.
MM INDICATES DATA IS MISSING.
T  INDICATES TRACE AMOUNT.

$$
