000
CXUS56 KSGX 011734
CLMCZZ


CLIMATE REPORT
NATIONAL WEATHER SERVICE SAN DIEGO, CA
1033 AM PDT FRI SEP 1 2017

...................................

...THE CAMPO ASOS CA CLIMATE SUMMARY FOR THE MONTH OF AUGUST 2017...

CLIMATE NORMAL PERIOD 1981 TO 2010
CLIMATE RECORD PERIOD 1948 TO 2017

WEATHER         OBSERVED          NORMAL  DEPART  LAST YEAR`S
                 VALUE   DATE(S)  VALUE   FROM    VALUE  DATE(S)
                                          NORMAL
................................................................
TEMPERATURE (F)
RECORD
 HIGH             107   08/04/1998
                        08/08/1995
                        08/25/1985
 LOW               30   08/25/1978
HIGHEST           106   08/30        94      12      102  08/15
                                                          08/14
LOWEST             43   08/15        52      -9       42  08/09
AVG. MAXIMUM     93.3              94.4    -1.1     93.6
AVG. MINIMUM     56.3              53.1     3.2     54.9
MEAN             74.8              73.7     1.1     74.3
DAYS MAX >= 90     21              24.9    -3.9       26
DAYS MAX <= 32      0               0.0     0.0        0
DAYS MAX >= 100     6                                  5
DAYS MIN <= 32      0               0.1    -0.1        0
DAYS MIN <= 0       0               0.0     0.0        0

PRECIPITATION (INCHES)
RECORD
 MAXIMUM         4.05   1983
 MINIMUM         0.00   2016
                        2011
                        2010
TOTALS           0.00R             0.70   -0.70     0.00
DAILY AVG.       0.00              0.02   -0.02     0.00
DAYS >= .01         0               2.2    -2.2        0
DAYS >= .10         0               0.9    -0.9        0
DAYS >= .50         0               0.4    -0.4        0
DAYS >= 1.00        0               0.2    -0.2        0
DAYS >= 1.50        0                                  0
DAYS >= 2.00        0                                  0
GREATEST
 24 HR. TOTAL    0.00   08/31 TO 08/31           08/31 TO 08/31
                                                          08/30 TO 08/30
                                                          08/29 TO 08/29
 STORM TOTAL       MM                                 MM
 (MM/DD(HH))            MM                    08/31(00) TO 08/31(00)
                                                 08/30(00) TO 08/30(00)9
                                                 08/29(00) TO 08/29(00)9

DEGREE_DAYS
HEATING TOTAL       4                 7      -3        0
 SINCE 7/1          4                14     -10        0
COOLING TOTAL     315               278      37      296
 SINCE 1/1        877               650     227      820

FREEZE DATES
RECORD
 EARLIEST     08/25/1978
 LATEST       06/23/1991
EARLIEST                        10/16
LATEST                          05/19
..........................................................

WIND (MPH)
AVERAGE WIND SPEED              7.6
RESULTANT WIND SPEED/DIRECTION   2/224
HIGHEST WIND SPEED/DIRECTION    26/040    DATE  08/31
HIGHEST GUST SPEED/DIRECTION    33/050    DATE  08/31

AVERAGE RH (PERCENT)     51


-  INDICATES NEGATIVE NUMBERS.
R  INDICATES RECORD WAS SET OR TIED.
MM INDICATES DATA IS MISSING.
T  INDICATES TRACE AMOUNT.

$$
