000
CXUS53 KUNR 011602
CLMD07


CLIMATE REPORT
NATIONAL WEATHER SERVICE RAPID CITY SD
1001 AM MDT FRI AUG 1 2014

...................................

...THE FAITH SD CLIMATE SUMMARY FOR THE MONTH OF JULY 2014...

CLIMATE NORMAL PERIOD 1981 TO 2010
CLIMATE RECORD PERIOD 9999 TO 9999

WEATHER         OBSERVED          NORMAL  DEPART  LAST YEAR`S
                 VALUE   DATE(S)  VALUE   FROM    VALUE  DATE(S)
                                          NORMAL
................................................................
TEMPERATURE (F)
HIGHEST            96   07/21                        102  07/11
LOWEST             46R  07/15                         47  07/27
AVG. MAXIMUM     82.8              85.8    -3.0     86.2
AVG. MINIMUM     57.1              59.3    -2.2     59.5
MEAN             69.9              72.5    -2.6     72.8
DAYS MAX >= 90      3                                 11
DAYS MAX <= 32      0                                  0
DAYS MIN <= 32      0                                  0
DAYS MIN <= 0       0                                  0

PRECIPITATION (INCHES)
TOTALS           0.43              2.80   -2.37     1.57
DAILY AVG.       0.01              0.09   -0.08     0.05
DAYS >= .01         5                                  8
DAYS >= .10         2                                  2
DAYS >= .50         0                                  2
DAYS >= 1.00        0                                  0
GREATEST
 24 HR. TOTAL    0.24   07/11 TO 07/12              0.74

DEGREE_DAYS
HEATING TOTAL      17                12       5       13
 SINCE 7/1         17                12       5       13
COOLING TOTAL     176               245     -69      263
 SINCE 1/1        228               345    -117      358
.................................................................

WIND (MPH)
AVERAGE WIND SPEED              11.2
HIGHEST WIND SPEED/DIRECTION    41/010    DATE  07/22
HIGHEST GUST SPEED/DIRECTION    54/010    DATE  07/22

AVERAGE RH (PERCENT)     65


-  INDICATES NEGATIVE NUMBERS.
R  INDICATES RECORD WAS SET OR TIED.
MM INDICATES DATA IS MISSING.
T  INDICATES TRACE AMOUNT.

$$
