000
CXUS53 KUNR 011602
CLMD07


CLIMATE REPORT
NATIONAL WEATHER SERVICE RAPID CITY SD
1002 AM MDT WED JUL 1 2015

...................................

...THE FAITH SD CLIMATE SUMMARY FOR THE MONTH OF JUNE 2015...

CLIMATE NORMAL PERIOD 1981 TO 2010
CLIMATE RECORD PERIOD 9999 TO 9999

WEATHER         OBSERVED          NORMAL  DEPART  LAST YEAR`S
                 VALUE   DATE(S)  VALUE   FROM    VALUE  DATE(S)
                                          NORMAL
................................................................
TEMPERATURE (F)
HIGHEST            92   06/29                         84  06/21
LOWEST             48   06/01                         42  06/12
AVG. MAXIMUM     78.0              77.4     0.6     72.5
AVG. MINIMUM     55.7              52.5     3.2     51.5
MEAN             66.8              65.0     1.8     62.0
DAYS MAX >= 90      2                                  0
DAYS MAX <= 32      0                                  0
DAYS MIN <= 32      0                                  0
DAYS MIN <= 0       0                                  0

PRECIPITATION (INCHES)
TOTALS           2.64              3.09   -0.45     5.93
DAILY AVG.       0.09              0.10   -0.01     0.20
DAYS >= .01        12                                 17
DAYS >= .10         6                                 14
DAYS >= .50         2                                  5
DAYS >= 1.00        0                                  0
GREATEST
 24 HR. TOTAL    0.75   06/14 TO 06/14              1.09

DEGREE_DAYS
HEATING TOTAL      34                90     -56      105
 SINCE 7/1       7179              7709    -530     8258
COOLING TOTAL      95                88       7       22
 SINCE 1/1         97               100      -3       52
.................................................................

WIND (MPH)
AVERAGE WIND SPEED              10.0
HIGHEST WIND SPEED/DIRECTION    49/320    DATE  06/14
HIGHEST GUST SPEED/DIRECTION    63/320    DATE  06/14

AVERAGE RH (PERCENT)     69


-  INDICATES NEGATIVE NUMBERS.
R  INDICATES RECORD WAS SET OR TIED.
MM INDICATES DATA IS MISSING.
T  INDICATES TRACE AMOUNT.

$$
