000
CXUS53 KUNR 011614
CLMD07


CLIMATE REPORT
NATIONAL WEATHER SERVICE RAPID CITY SD
1014 AM MDT TUE AUG 1 2017

...................................

...THE FAITH SD CLIMATE SUMMARY FOR THE MONTH OF JULY 2017...

CLIMATE NORMAL PERIOD 1981 TO 2010
CLIMATE RECORD PERIOD 9999 TO 9999

WEATHER         OBSERVED          NORMAL  DEPART  LAST YEAR`S
                 VALUE   DATE(S)  VALUE   FROM    VALUE  DATE(S)
                                          NORMAL
................................................................
TEMPERATURE (F)
HIGHEST           104   07/09                        107  07/20
LOWEST             48   07/01                         52  07/15
                                                          07/01
AVG. MAXIMUM     93.5              85.8     7.7     88.3
AVG. MINIMUM     61.6              59.3     2.3     59.4
MEAN             77.6              72.5     5.1     73.8
DAYS MAX >= 90     24                                 13
DAYS MAX <= 32      0                                  0
DAYS MIN <= 32      0                                  0
DAYS MIN <= 0       0                                  0

PRECIPITATION (INCHES)
TOTALS           0.65              2.80   -2.15     1.85
DAILY AVG.       0.02              0.09   -0.07     0.06
DAYS >= .01         9                                 11
DAYS >= .10         2                                  4
DAYS >= .50         0                                  1
DAYS >= 1.00        0                                  1
GREATEST
 24 HR. TOTAL    0.20   07/04 TO 07/04              1.07

DEGREE_DAYS
HEATING TOTAL       0                12     -12        3
 SINCE 7/1          0                12     -12        3
COOLING TOTAL     398               245     153      282
 SINCE 1/1        536               345     191      459
.................................................................

WIND (MPH)
AVERAGE WIND SPEED              11.4
HIGHEST WIND SPEED/DIRECTION    40/130    DATE  07/21
HIGHEST GUST SPEED/DIRECTION    50/130    DATE  07/21

AVERAGE RH (PERCENT)     54


-  INDICATES NEGATIVE NUMBERS.
R  INDICATES RECORD WAS SET OR TIED.
MM INDICATES DATA IS MISSING.
T  INDICATES TRACE AMOUNT.

$$
