000
CXUS53 KUNR 011613
CLMD07


CLIMATE REPORT
NATIONAL WEATHER SERVICE RAPID CITY SD
1012 AM MDT MON MAY 1 2017

...................................

...THE FAITH SD CLIMATE SUMMARY FOR THE MONTH OF APRIL 2017...

CLIMATE NORMAL PERIOD 1981 TO 2010
CLIMATE RECORD PERIOD 9999 TO 9999

WEATHER         OBSERVED          NORMAL  DEPART  LAST YEAR`S
                 VALUE   DATE(S)  VALUE   FROM    VALUE  DATE(S)
                                          NORMAL
................................................................
TEMPERATURE (F)
HIGHEST            77   04/07                         79  04/09
LOWEST             22   04/17                         17  04/11
AVG. MAXIMUM     58.2              56.7     1.5     58.7
AVG. MINIMUM     32.4              32.8    -0.4     33.1
MEAN             45.3              44.8     0.5     45.9
DAYS MAX >= 90      0                                  0
DAYS MAX <= 32      0                                  0
DAYS MIN <= 32     16                                 19
DAYS MIN <= 0       0                                  0

PRECIPITATION (INCHES)
TOTALS           1.55              1.63   -0.08     4.02
DAILY AVG.       0.05              0.05    0.00     0.13
DAYS >= .01         4                                  9
DAYS >= .10         2                                  6
DAYS >= .50         2                                  3
DAYS >= 1.00        0                                  2
GREATEST
 24 HR. TOTAL    0.82   04/19 TO 04/19              1.22

DEGREE_DAYS
HEATING TOTAL     563               608     -45      567
 SINCE 7/1       6824              7299    -475     6283
COOLING TOTAL       0                 1      -1        0
 SINCE 1/1          0                 1      -1        0
.................................................................

WIND (MPH)
AVERAGE WIND SPEED              12.8
HIGHEST WIND SPEED/DIRECTION    36/130    DATE  04/13
HIGHEST GUST SPEED/DIRECTION    45/130    DATE  04/13

AVERAGE RH (PERCENT)     67


-  INDICATES NEGATIVE NUMBERS.
R  INDICATES RECORD WAS SET OR TIED.
MM INDICATES DATA IS MISSING.
T  INDICATES TRACE AMOUNT.

$$
