000
CXUS52 KMLB 011613 AAA
CLMDAB

CLIMATE REPORT
NATIONAL WEATHER SERVICE MELBOURNE FL
1000 AM EST THU JAN 1 2015

...................................

...THE DAYTONA BEACH CLIMATE SUMMARY FOR THE MONTH OF DECEMBER 2014...

CLIMATE NORMAL PERIOD 1981 TO 2010
CLIMATE RECORD PERIOD 1923 TO 2014

WEATHER         OBSERVED          NORMAL  DEPART  LAST YEAR`S
                 VALUE   DATE(S)  VALUE   FROM    VALUE
                                          NORMAL
.............................................................

TEMPERATURE (F)

MONTHLY RECORD
 WARMEST         70.9   1931
 COOLEST         50.1   2010
DAILY RECORD
 HIGH              88   12/31/1990
 LOW               19   12/26/1983
DECEMBER 2014
HIGHEST            83   12/24
LOWEST             39   12/11
AVG. MAXIMUM     73.0              70.4     2.6     75.5
AVG. MINIMUM     54.3              50.5     3.8     56.4
MEAN             63.7              60.5     3.2     66.0
DAYS MAX >= 90      0               0.0     0.0        0
DAYS MAX <= 32      0               0.0     0.0        0
DAYS MIN <= 32      0               1.2    -1.2        0
DAYS MIN <= 0       0               0.0     0.0        0

PRECIPITATION (INCHES)

MONTHLY RECORD
 MAXIMUM        11.98   1983
 MINIMUM            T   1932
                        1933
DAILY RECORD
 MAXIMUM         3.65   12/11/1983
DECEMBER 2014
TOTALS           2.83              2.63    0.20     1.69
DAYS >= .01         6               7.5    -1.5        7
DAYS >= .10         4               4.0     0.0        5
DAYS >= .50         2               1.8     0.2        1
DAYS >= 1.00        1               0.9     0.1        0
GREATEST
 24 HR. TOTAL    1.92   12/21 TO 12/22

SNOWFALL (INCHES)
TOTALS            0.0               0.0     0.0      0.0
SINCE 7/1         0.0               0.0     0.0      0.0
DAYS >= TRACE       0                                  0

DEGREE_DAYS
HEATING TOTAL     115               192     -77       73
 SINCE 7/1        244               266     -22      104
COOLING TOTAL      83                51      32      114
 SINCE 1/1       3065              2963     102     3256
..............................................................

WIND (MPH)
AVERAGE WIND SPEED              5.4
HIGHEST WIND SPEED/DIRECTION    23/350    DATE  12/08
HIGHEST GUST SPEED/DIRECTION    29/360    DATE  12/08

SKY COVER
POSSIBLE SUNSHINE (PERCENT)   MM
AVERAGE SKY COVER           0.50
NUMBER OF DAYS FAIR            7
NUMBER OF DAYS PC             16
NUMBER OF DAYS CLOUDY          8

AVERAGE RH (PERCENT)     76

WEATHER CONDITIONS. NUMBER OF DAYS WITH
THUNDERSTORM              0     MIXED PRECIP               0
HEAVY RAIN                2     RAIN                       6
LIGHT RAIN               12     LT FREEZING RAIN           0
HAIL                      0     LIGHT SNOW                 0
SLEET                     0     FOG                       24
FOG W/VIS <= 1/4 MILE     2     HAZE                       4

-  INDICATES NEGATIVE NUMBERS.
R  INDICATES RECORD WAS SET OR TIED.
MM INDICATES DATA IS MISSING.
T  INDICATES TRACE AMOUNT.

=====================================================================

...THE DAYTONA BEACH CLIMATE SUMMARY FOR THE YEAR OF 2014...

CLIMATE NORMAL PERIOD 1981 TO 2010
CLIMATE RECORD PERIOD 1923 TO 2014

WEATHER         OBSERVED          NORMAL  DEPART  LAST YEAR`S
                 VALUE   DATE(S)  VALUE   FROM    VALUE
                                          NORMAL
.............................................................

TEMPERATURE (F)

YEARLY RECORDS
 WARMEST         73.1   1990
 COOLEST         67.5   1940
DAILY RECORDS
 HIGH             102   07/15/1981
 LOW               15   01/21/1985
2014 DATA
HIGHEST            97   08/23                       94
LOWEST             31   01/07                       31
AVG. MAXIMUM     80.3              80.1     0.2     81.0
AVG. MINIMUM     61.9              61.7     0.2     63.4
MEAN             71.1              70.9     0.2     72.2
DAYS MAX >= 90     64              49.3    14.7       51
DAYS MAX <= 32      0               0.0     0.0        0
DAYS MIN <= 32      1               4.3    -3.3        4
DAYS MIN <= 0       0               0.0     0.0        0

PRECIPITATION (INCHES)

YEARLY RECORDS
 MAXIMUM        79.29   1953
 MINIMUM        31.36   2006
                        1956
2014 DATA
TOTALS          63.82             49.62   14.20    48.05
DAYS >= .01       128             115.0    13.0      114
DAYS >= .10        85              72.0    13.0       76
DAYS >= .50        35              31.3     3.7       30
DAYS >= 1.00       18              14.3     3.7       15
GREATEST
 24 HR. TOTAL    8.17   09/23 TO 09/24

SNOWFALL (INCHES)
TOTALS            0.0               0.0     0.0      0.0
SINCE 7/1         0.0               0.0     0.0      0.0
DAYS >= TRACE       0                                  0

DEGREE_DAYS
HEATING TOTAL     742               809     -67      472
 SINCE 7/1        244               266     -22       31
COOLING TOTAL    3065              2963     102     3142
 SINCE 1/1       3065              2963     102     3142
..............................................................

WIND (MPH)
AVERAGE WIND SPEED              6.0
HIGHEST WIND SPEED/DIRECTION    38/020    DATE  06/24
HIGHEST GUST SPEED/DIRECTION    66/360    DATE  06/24

SKY COVER
POSSIBLE SUNSHINE (PERCENT)   MM
AVERAGE SKY COVER           0.50
NUMBER OF DAYS FAIR           98
NUMBER OF DAYS PC            186
NUMBER OF DAYS CLOUDY         81

AVERAGE RH (PERCENT)     75

WEATHER CONDITIONS. NUMBER OF DAYS WITH
THUNDERSTORM             87     MIXED PRECIP               0
HEAVY RAIN               67     RAIN                      79
LIGHT RAIN              169     FREEZING RAIN              0
LT FREEZING RAIN          0     HAIL                       1
LIGHT SNOW                0     SLEET                      0
FOG                     225     FOG W/VIS <= 1/4 MILE     19
HAZE                     53

-  INDICATES NEGATIVE NUMBERS.
R  INDICATES RECORD WAS SET OR TIED.
MM INDICATES DATA IS MISSING.
T  INDICATES TRACE AMOUNT.

$$

ULRICH
