000
CXUS52 KMLB 011301
CLMDAB


CLIMATE REPORT
NATIONAL WEATHER SERVICE MELBOURNE FL
742 AM EST SUN FEB 1 2015

...................................

...THE DAYTONA BEACH CLIMATE SUMMARY FOR THE MONTH OF JANUARY 2015...

CLIMATE NORMAL PERIOD 1981 TO 2010
CLIMATE RECORD PERIOD 1923 TO 2015

WEATHER         OBSERVED          NORMAL  DEPART  LAST YEAR`S
                 VALUE   DATE(S)  VALUE   FROM    VALUE
                                          NORMAL
.............................................................
TEMPERATURE (F)

MONTHLY RECORD
 WARMEST         70.6   1937
 COOLEST         48.6   1940

DAILY RECORD
 HIGH              92   01/15/1937
 LOW               15   01/21/1985

JANUARY 2015
HIGHEST            83   01/04                         84
                        01/03
LOWEST             37   01/08                         31
AVG. MAXIMUM     69.3              68.4     0.9     66.1
AVG. MINIMUM     49.5              47.3     2.2     46.2
MEAN             59.4              57.9     1.5     56.1
DAYS MAX >= 90      0               0.0     0.0        0
DAYS MAX <= 32      0               0.0     0.0        0
DAYS MIN <= 32      0               2.3    -2.3        1
DAYS MIN <= 0       0               0.0     0.0        0

PRECIPITATION (INCHES)

MONTHLY RECORD
 MAXIMUM         7.16   1986
 MINIMUM         0.07   2012

DAILY RECORD
 MAXIMUM         5.67   01/22/1989

JANUARY 2015
TOTALS           2.55              2.74   -0.19     2.77
DAYS >= .01         8               7.5     0.5       13
DAYS >= .10         5               4.4     0.6       10
DAYS >= .50         1               1.4    -0.4        1
DAYS >= 1.00        1               0.7     0.3        0
GREATEST
 24 HR. TOTAL    1.58   01/12 TO 01/12

SNOWFALL (INCHES)
TOTALS            0.0               0.0     0.0      0.0
SINCE 7/1         0.0               0.0     0.0      0.0
DAYS >= TRACE       0                                  0

DEGREE_DAYS
HEATING TOTAL     198               251     -53      290
 SINCE 7/1        442               517     -75      394
COOLING TOTAL      31                29       2       25
 SINCE 1/1         31                31       0       25
..............................................................

WIND (MPH)
AVERAGE WIND SPEED              7.0
HIGHEST WIND SPEED/DIRECTION    29/250    DATE  01/26
HIGHEST GUST SPEED/DIRECTION    39/320    DATE  01/12

SKY COVER
POSSIBLE SUNSHINE (PERCENT)   MM
AVERAGE SKY COVER           0.60
NUMBER OF DAYS FAIR            7
NUMBER OF DAYS PC             15
NUMBER OF DAYS CLOUDY          9

AVERAGE RH (PERCENT)     75

WEATHER CONDITIONS. NUMBER OF DAYS WITH
THUNDERSTORM              1     MIXED PRECIP               0
HEAVY RAIN                2     RAIN                       4
LIGHT RAIN               10     LT FREEZING RAIN           0
HAIL                      0     LIGHT SNOW                 0
SLEET                     0     FOG                       20
FOG W/VIS <= 1/4 MILE     5     HAZE                       0

-  INDICATES NEGATIVE NUMBERS.
R  INDICATES RECORD WAS SET OR TIED.
MM INDICATES DATA IS MISSING.
T  INDICATES TRACE AMOUNT.

$$

ULRICH
