000
CXUS52 KMLB 011455
CLMDAB


CLIMATE REPORT
NATIONAL WEATHER SERVICE MELBOURNE
1055 AM EDT TUE APR 1 2014

...................................

...THE DAYTONA BEACH CLIMATE SUMMARY FOR THE MONTH OF MARCH 2014...

CLIMATE NORMAL PERIOD 1981 TO 2010
CLIMATE RECORD PERIOD 1923 TO 2014

WEATHER         OBSERVED          NORMAL  DEPART  LAST YEAR`S
                 VALUE   DATE(S)  VALUE   FROM    VALUE
                                          NORMAL
.............................................................
TEMPERATURE (F)
MONTHLY RECORD
 HOTTEST         70.1   1945
 COLDEST         57.9   1969
DAILY RECORD
 HIGH              92   03/28/1994
                        03/24/1935
                        03/23/1935
 LOW               26   03/03/1980
MARCH 2014
HIGHEST            85   03/22                         87
LOWEST             42   03/14                         31
AVG. MAXIMUM     73.7              74.5    -0.8     71.1
AVG. MINIMUM     54.5              54.2     0.3     46.1
MEAN             64.1              64.3    -0.2     58.6
DAYS MAX >= 90      0               0.0     0.0        0
DAYS MAX <= 32      0               0.0     0.0        0
DAYS MIN <= 32      0               0.1    -0.1        2
DAYS MIN <= 0       0               0.0     0.0        0

PRECIPITATION (INCHES)
MONTHLY RECORD
 MAXIMUM        12.15   1996
 MINIMUM         0.08   2006
DAILY RECORD
 MAXIMUM         4.98   3/22/1953
MARCH 2014
TOTALS           4.72              4.24    0.48     0.82
DAYS >= .01         8               8.2    -0.2        4
DAYS >= .10         4               5.3    -1.3        2
DAYS >= .50         3               2.8     0.2        1
DAYS >= 1.00        2               1.5     0.5        0
GREATEST
 24 HR. TOTAL    2.09   03/17 TO 03/17

SNOWFALL (INCHES)
TOTALS            0.0               0.0     0.0      0.0
SINCE 7/1         0.0               0.0     0.0      0.0
DAYS >= TRACE       0                                  0

DEGREE_DAYS
HEATING TOTAL      80                97     -17      226
 SINCE 7/1        593               779    -186      692
COOLING TOTAL      59                77     -18       37
 SINCE 1/1        143               142       1      170
..............................................................

WIND (MPH)
AVERAGE WIND SPEED              7.4
HIGHEST WIND SPEED/DIRECTION    30/240    DATE  03/12
HIGHEST GUST SPEED/DIRECTION    39/250    DATE  03/12

SKY COVER
POSSIBLE SUNSHINE (PERCENT)   MM
AVERAGE SKY COVER           0.50
NUMBER OF DAYS FAIR           10
NUMBER OF DAYS PC             11
NUMBER OF DAYS CLOUDY         10

AVERAGE RH (PERCENT)     71

WEATHER CONDITIONS. NUMBER OF DAYS WITH
THUNDERSTORM              3     MIXED PRECIP               0
HEAVY RAIN                3     RAIN                       5
LIGHT RAIN               11     LT FREEZING RAIN           0
HAIL                      0     LIGHT SNOW                 0
SLEET                     0     FOG                       22
FOG W/VIS <= 1/4 MILE     1     HAZE                       8

-  INDICATES NEGATIVE NUMBERS.
R  INDICATES RECORD WAS SET OR TIED.
MM INDICATES DATA IS MISSING.
T  INDICATES TRACE AMOUNT.

$$
