000
CXUS51 KRNK 011755
CLMDAN

CLIMATE REPORT
NATIONAL WEATHER SERVICE BLACKSBURG VA
1152 AM EDT WED JUL 1 2015

...................................

...THE DANVILLE VA CLIMATE SUMMARY FOR THE MONTH OF JUNE 2015...

CLIMATE NORMAL PERIOD 1981 TO 2010
CLIMATE RECORD PERIOD 1948 TO 2015

WEATHER         OBSERVED          NORMAL  DEPART  LAST YEAR`S
                 VALUE   DATE(S)  VALUE   FROM    VALUE
                                          NORMAL
.............................................................
TEMPERATURE (F)
RECORD
 HIGH             104   06/29/2012
 LOW               40   06/11/1977
HIGHEST            95   06/23                         95
                        06/16
LOWEST             57   06/29                         51
AVG. MAXIMUM     87.6              84.6     3.0     87.9
AVG. MINIMUM     66.8              65.0     1.8     64.7
MEAN             77.2              74.8     2.4     76.3
DAYS MAX >= 90     16               5.9    10.1       12
DAYS MAX <= 32      0               0.0     0.0        0
DAYS MIN <= 32      0               0.0     0.0        0
DAYS MIN <= 0       0               0.0     0.0        0

PRECIPITATION (INCHES)
RECORD
 MAXIMUM        14.60   1995
 MINIMUM         1.06   2008
TOTALS           8.12              3.85    4.27     1.23
DAILY AVG.       0.27              0.13    0.14     0.04
DAYS >= .01        15               9.5     5.5        7
DAYS >= .10         9               6.3     2.7        2
DAYS >= .50         8               2.6     5.4        1
DAYS >= 1.00        3               0.8     2.2        0
GREATEST
 24 HR. TOTAL    1.94                               0.78

SNOWFALL (INCHES)
TOTALS            0.0                                0.0
DAYS >= TRACE       0                                  0
DAYS >= 1.0         0                                  0
GREATEST
 24 HR TOTAL      0.0                                0.0

DEGREE_DAYS
HEATING TOTAL       5                 3       2        0
COOLING TOTAL     378               297      81      345
..............................................................

WIND (MPH)
AVERAGE WIND SPEED              5.1
HIGHEST WIND SPEED/DIRECTION    37/360    DATE  06/13
HIGHEST GUST SPEED/DIRECTION    44/350    DATE  06/13

SKY COVER
AVERAGE SKY COVER           0.30

AVERAGE RH (PERCENT)     71

WEATHER CONDITIONS. NUMBER OF DAYS WITH
THUNDERSTORM             17     MIXED PRECIP               0
HEAVY RAIN               11     RAIN                       8
LIGHT RAIN               19     FREEZING RAIN              0
LT FREEZING RAIN          0     HAIL                       0
HEAVY SNOW                0     SNOW                       0
LIGHT SNOW                0     SLEET                      0
FOG                      16     FOG W/VIS <= 1/4 MILE      1
HAZE                      3

-  INDICATES NEGATIVE NUMBERS.
R  INDICATES RECORD WAS SET OR TIED.
MM INDICATES DATA IS MISSING.
T  INDICATES TRACE AMOUNT.

REMARKS:
DUE TO EQUIPMENT FAILURE CAUSING MISSING TEMPERATURES ON FEBRUARY
15...THE SEASONAL HEATING DEGREE DAY TOTAL AND DEPARTURE FROM NORMAL
WILL BE CALCULATED WITHOUT DATA FROM THIS DATE.


$$

JDR
