000
CXUS51 KRNK 010949
CLMDAN


CLIMATE REPORT
NATIONAL WEATHER SERVICE BLACKSBURG VA
542 AM EDT FRI AUG 1 2014

...................................

...THE DANVILLE VA CLIMATE SUMMARY FOR THE MONTH OF JULY 2014...

CLIMATE NORMAL PERIOD 1981 TO 2010
CLIMATE RECORD PERIOD 1948 TO 2014

WEATHER         OBSERVED          NORMAL  DEPART  LAST YEAR`S
                 VALUE   DATE(S)  VALUE   FROM    VALUE
                                          NORMAL
.............................................................
TEMPERATURE (F)
RECORD
 HIGH             105   07/10/1990
                        07/14/1954
 LOW               50   07/22/1974
                        07/11/1963
                        07/27/1962
HIGHEST            97   07/02                 2
LOWEST             54   07/06                -9
                        07/05
AVG. MAXIMUM     87.5              88.0    -0.5     86.3
AVG. MINIMUM     66.7              68.6    -1.9     70.0
MEAN             77.1              78.3    -1.2     78.2
DAYS MAX >= 90     11              11.5    -0.5
DAYS MAX <= 32      0               0.0     0.0
DAYS MIN <= 32      0               0.0     0.0
DAYS MIN <= 0       0               0.0     0.0

PRECIPITATION (INCHES)
RECORD
 MAXIMUM        11.50   2013
 MINIMUM         0.70   1957
TOTALS           3.73              4.59   -0.86    11.50
DAILY AVG.       0.12              0.15   -0.03     0.37
DAYS >= .01        10              10.8    -0.8
DAYS >= .10         6               7.4    -1.4
DAYS >= .50         3               3.4    -0.4
DAYS >= 1.00        1               1.2    -0.2
GREATEST
 24 HR. TOTAL    1.28   07/10 TO 07/10

SNOWFALL (INCHES)
TOTALS            0.0                                0.0
SINCE 7/1         0.0
SNOWDEPTH AVG.      0
DAYS >= 1.0         0
GREATEST
 SNOW DEPTH         0

DEGREE_DAYS
HEATING TOTAL       0                 0       0
 SINCE 7/1          0                 0       0
COOLING TOTAL     383               412     -29
 SINCE 1/1        889               853      36
..............................................................

WIND (MPH)
AVERAGE WIND SPEED              4.6
HIGHEST WIND SPEED/DIRECTION    24/240    DATE  07/28
HIGHEST GUST SPEED/DIRECTION    34/230    DATE  07/28

SKY COVER
POSSIBLE SUNSHINE (PERCENT)   MM
AVERAGE SKY COVER           0.30
NUMBER OF DAYS FAIR           15
NUMBER OF DAYS PC             12
NUMBER OF DAYS CLOUDY          2

AVERAGE RH (PERCENT)     69

WEATHER CONDITIONS. NUMBER OF DAYS WITH
THUNDERSTORM              8     MIXED PRECIP               0
HEAVY RAIN                4     RAIN                       5
LIGHT RAIN               11     FREEZING RAIN              0
LT FREEZING RAIN          0     HAIL                       0
HEAVY SNOW                0     SNOW                       0
LIGHT SNOW                0     SLEET                      0
FOG                      13     FOG W/VIS <= 1/4 MILE      2
HAZE                      0

-  INDICATES NEGATIVE NUMBERS.
R  INDICATES RECORD WAS SET OR TIED.
MM INDICATES DATA IS MISSING.
T  INDICATES TRACE AMOUNT.

$$
