000
CXUS51 KRNK 011229
CLMDAN


CLIMATE REPORT
NATIONAL WEATHER SERVICE BLACKSBURG VA
725 AM EST THU DEC 1 2016

...................................

...THE DANVILLE VA CLIMATE SUMMARY FOR THE MONTH OF NOVEMBER 2016...

CLIMATE NORMAL PERIOD 1981 TO 2010
CLIMATE RECORD PERIOD 1948 TO 2016

WEATHER         OBSERVED          NORMAL  DEPART  LAST YEAR`S
                 VALUE   DATE(S)  VALUE   FROM    VALUE
                                          NORMAL
.............................................................
TEMPERATURE (F)
RECORD
 HIGH              87   11/01/1950
 LOW               15   11/19/2014
                        11/25/2013
                        11/25/1970
HIGHEST            82   11/03                         79
LOWEST             20   11/13                         24
AVG. MAXIMUM     65.0              60.2     4.8     64.4
AVG. MINIMUM     36.1              38.3    -2.2     42.9
MEAN             50.6              49.2     1.4     53.7
DAYS MAX >= 90      0               0.0     0.0        0
DAYS MAX <= 32      0               0.0     0.0        0
DAYS MIN <= 32     11               8.5     2.5        6
DAYS MIN <= 0       0               0.0     0.0        0

PRECIPITATION (INCHES)
RECORD
 MAXIMUM         8.52   1948
 MINIMUM         0.28   2001
TOTALS           1.03              3.36   -2.33     6.06
DAILY AVG.       0.03              0.11   -0.08     0.20
DAYS >= .01         6               8.9    -2.9       11
DAYS >= .10         2               5.3    -3.3        8
DAYS >= .50         1               2.3    -1.3        4
DAYS >= 1.00        0               1.0    -1.0        4
GREATEST
 24 HR. TOTAL    0.62                               1.93

SNOWFALL (INCHES)
TOTALS            0.0                                0.0
DAYS >= TRACE       0                                  0
DAYS >= 1.0         0                                  0
GREATEST
 24 HR TOTAL      0.0                                0.0

DEGREE_DAYS
HEATING TOTAL     434               476     -42      341
COOLING TOTAL       8                 3       5        7
..............................................................

WIND (MPH)
AVERAGE WIND SPEED              4.7
HIGHEST WIND SPEED/DIRECTION    26/230    DATE  11/30
HIGHEST GUST SPEED/DIRECTION    39/300    DATE  11/19

SKY COVER
AVERAGE SKY COVER           0.20

AVERAGE RH (PERCENT)     66

WEATHER CONDITIONS. NUMBER OF DAYS WITH
THUNDERSTORM              0     MIXED PRECIP               0
HEAVY RAIN                2     RAIN                       2
LIGHT RAIN                8     FREEZING RAIN              0
LT FREEZING RAIN          0     HAIL                       0
HEAVY SNOW                0     SNOW                       0
LIGHT SNOW                0     SLEET                      0
FOG                      14     FOG W/VIS <= 1/4 MILE      2
HAZE                      0

-  INDICATES NEGATIVE NUMBERS.
R  INDICATES RECORD WAS SET OR TIED.
MM INDICATES DATA IS MISSING.
T  INDICATES TRACE AMOUNT.

$$

RAB
