000
CXUS51 KILN 011154
CLMDAY


CLIMATE REPORT
NATIONAL WEATHER SERVICE WILMINGTON OH
744 AM EDT FRI JUL 1 2016

...................................

...THE DAYTON CLIMATE SUMMARY FOR THE MONTH OF JUNE 2016...

CLIMATE NORMAL PERIOD 1981 TO 2010
CLIMATE RECORD PERIOD 1869 TO 2016

WEATHER         OBSERVED          NORMAL  DEPART  LAST YEAR`S
                 VALUE   DATE(S)  VALUE   FROM    VALUE  DATE(S)
                                          NORMAL
................................................................
TEMPERATURE (F)
RECORD
 HIGH             102   06/28/2012
                        06/25/1988
                        06/28/1944
 LOW               40   06/05/1990
                        06/11/1972
                        06/03/1929
HIGHEST            92   06/26        81      11       91  06/14
                                                          06/13
                                                          06/12
LOWEST             51   06/09        60      -9       48  06/02
                        06/08
AVG. MAXIMUM     83.3              80.2     3.1     81.4
AVG. MINIMUM     62.0              60.9     1.1     63.7
MEAN             72.7              70.6     2.1     72.5
DAYS MAX >= 90      5               1.6     3.4        5
DAYS MAX <= 32      0               0.0     0.0        0
DAYS MIN <= 32      0               0.0     0.0        0
DAYS MIN <= 0       0               0.0     0.0        0

PRECIPITATION (INCHES)
TOTALS           3.60              4.17   -0.57     7.88
DAILY AVG.       0.12              0.14   -0.02     0.26
DAYS >= .01         9              11.8    -2.8       14
DAYS >= .10         4               7.3    -3.3       12
DAYS >= .50         3               2.8     0.2        6
DAYS >= 1.00        1               0.9     0.1        2
GREATEST
 24 HR. TOTAL    1.16   06/10 TO 06/10                MM
 STORM TOTAL       MM                                 MM
 (MM/DD(HH))            MM                                  MM

SNOWFALL (INCHES)
TOTALS            0.0               0.0     0.0      0.0
SINCE 7/1        12.7              23.3   -10.6     27.7
DAYS >= TRACE       0               0.0     0.0        0
DAYS >= 1.0         0               0.0     0.0        0
GREATEST
 24 HR TOTAL      0.0   06/30 TO 06/30                MM
 STORM TOTAL       MM                                 MM
 (MM/DD(HH))            MM                                 MM

DEGREE_DAYS
HEATING TOTAL       4                22     -18       20
 SINCE 7/1       4681              5642    -961     5784
COOLING TOTAL     241               190      51      254
 SINCE 1/1        320               260      60      429
.................................................

WIND (MPH)
AVERAGE WIND SPEED              8.9
RESULTANT WIND SPEED/DIRECTION   3/264
HIGHEST WIND SPEED/DIRECTION    46/260    DATE  06/23
HIGHEST GUST SPEED/DIRECTION    61/270    DATE  06/23

SKY COVER
AVERAGE SKY COVER           0.50

AVERAGE RH (PERCENT)     64

WEATHER CONDITIONS. NUMBER OF DAYS WITH
THUNDERSTORM              0     MIXED PRECIP               0
HEAVY RAIN                3     RAIN                       5
LIGHT RAIN               10     FREEZING RAIN              0
LT FREEZING RAIN          0     HAIL                       0
HEAVY SNOW                0     SNOW                       0
LIGHT SNOW                0     SLEET                      0
FOG                      12     FOG W/VIS <= 1/4 MILE      1
HAZE                      5

-  INDICATES NEGATIVE NUMBERS.
R  INDICATES RECORD WAS SET OR TIED.
MM INDICATES DATA IS MISSING.
T  INDICATES TRACE AMOUNT.

$$
