937
CXUS51 KILN 011146
CLMDAY


CLIMATE REPORT
NATIONAL WEATHER SERVICE WILMINGTON OH
745 AM EDT SUN MAY 1 2016

...................................

...THE DAYTON CLIMATE SUMMARY FOR THE MONTH OF APRIL 2016...

CLIMATE NORMAL PERIOD 1981 TO 2010
CLIMATE RECORD PERIOD 1869 TO 2016

WEATHER         OBSERVED          NORMAL  DEPART  LAST YEAR`S
                 VALUE   DATE(S)  VALUE   FROM    VALUE  DATE(S)
                                          NORMAL
................................................................
TEMPERATURE (F)
RECORD
 HIGH              90   04/30/1899
 LOW               15   04/08/1972
HIGHEST            83   04/18        62      21       MM  MM
LOWEST             23   04/03        41     -18       MM  MM
AVG. MAXIMUM     62.7              61.9     0.8       MM
AVG. MINIMUM     39.7              41.4    -1.7       MM
MEAN             51.2              51.6    -0.4       MM
DAYS MAX >= 90      0               0.0     0.0       MM
DAYS MAX <= 32      0               0.0     0.0       MM
DAYS MIN <= 32     10               5.0     5.0       MM
DAYS MIN <= 0       0               0.0     0.0       MM

PRECIPITATION (INCHES)
TOTALS           2.95              4.09   -1.14       MM
DAILY AVG.       0.10              0.14   -0.04       MM
DAYS >= .01        13              13.2    -0.2       MM
DAYS >= .10        10               8.5     1.5       MM
DAYS >= .50         2               2.5    -0.5       MM
DAYS >= 1.00        0               0.8    -0.8       MM
GREATEST
 24 HR. TOTAL    1.38   03/31 TO 04/01                MM
 STORM TOTAL       MM                                 MM
 (MM/DD(HH))            MM                                MM

SNOWFALL (INCHES)
TOTALS            0.7R              0.6     0.1       MM
SINCE 7/1        12.7              23.3   -10.6       MM
DAYS >= TRACE       7               1.0     6.0       MM
DAYS >= 1.0         0               0.2    -0.2       MM
GREATEST
 24 HR TOTAL      0.3R  04/02 TO 04/02                MM
                        04/09 TO 04/09
 STORM TOTAL       MM                                 MM
 (MM/DD(HH))            MM                                MM

DEGREE_DAYS
HEATING TOTAL     411               412      -1       MM
 SINCE 7/1       4489              5451    -962       MM
COOLING TOTAL       4                10      -6       MM
 SINCE 1/1          4                10      -6       MM
.................................................................

WIND (MPH)
AVERAGE WIND SPEED              10.6
RESULTANT WIND SPEED/DIRECTION   1/220
HIGHEST WIND SPEED/DIRECTION    47/290    DATE  04/02
HIGHEST GUST SPEED/DIRECTION    63/290    DATE  04/02

SKY COVER
AVERAGE SKY COVER           0.60

AVERAGE RH (PERCENT)     65

WEATHER CONDITIONS. NUMBER OF DAYS WITH
THUNDERSTORM              0     MIXED PRECIP               0
HEAVY RAIN                5     RAIN                       8
LIGHT RAIN               14     FREEZING RAIN              0
LT FREEZING RAIN          1     HAIL                       0
HEAVY SNOW                1     SNOW                       1
LIGHT SNOW                6     SLEET                      0
FOG                      16     FOG W/VIS <= 1/4 MILE      0
HAZE                      6

-  INDICATES NEGATIVE NUMBERS.
R  INDICATES RECORD WAS SET OR TIED.
MM INDICATES DATA IS MISSING.
T  INDICATES TRACE AMOUNT.

$$
