000
CXUS51 KILN 011140
CLMDAY


CLIMATE REPORT
NATIONAL WEATHER SERVICE WILMINGTON OH
739 AM EDT TUE JUL 1 2014

...................................

...THE DAYTON CLIMATE SUMMARY FOR THE MONTH OF JUNE 2014...

CLIMATE NORMAL PERIOD 1981 TO 2010
CLIMATE RECORD PERIOD 1869 TO 2014

WEATHER         OBSERVED          NORMAL  DEPART  LAST YEAR`S
                 VALUE   DATE(S)  VALUE   FROM    VALUE  DATE(S)
                                          NORMAL
................................................................
TEMPERATURE (F)
RECORD
 HIGH             102   06/28/2012
                        06/25/1988
                        06/28/1944
 LOW               40   06/05/1990
                        06/11/1972
                        06/03/1929
HIGHEST            91   06/18        81      10       90  06/25
                        06/17                             06/12
LOWEST             49   06/14        60     -11       48  06/04
AVG. MAXIMUM     82.5              80.2     2.3     80.7
AVG. MINIMUM     64.6              60.9     3.7     61.9
MEAN             73.6              70.6     3.0     71.3
DAYS MAX >= 90      3               1.6     1.4        2
DAYS MAX <= 32      0               0.0     0.0        0
DAYS MIN <= 32      0               0.0     0.0        0
DAYS MIN <= 0       0               0.0     0.0        0

PRECIPITATION (INCHES)
TOTALS           3.53              4.17   -0.64     3.12
DAILY AVG.       0.12              0.14   -0.02     0.10
DAYS >= .01        14              11.8     2.2       12
DAYS >= .10        10               7.3     2.7        7
DAYS >= .50         2               2.8    -0.8        1
DAYS >= 1.00        0               0.9    -0.9        1
GREATEST
 24 HR. TOTAL    0.92   06/18 TO 06/19           06/13 TO 06/13
                                                          06/12 TO 06/13
                                                          06/13 TO 06/13
 STORM TOTAL       MM                                 MM
 (MM/DD(HH))            MM                    06/13(00) TO 06/13(00)
                                                 06/13(00) TO 06/13(00)3
                                                 06/13(00) TO 06/13(00)3

SNOWFALL (INCHES)
TOTALS            0.0               0.0     0.0      0.0
SINCE 7/1        53.6              23.3    30.3     36.3
DAYS >= TRACE       0               0.0     0.0        0
DAYS >= 1.0         0               0.0     0.0        0
GREATEST
 24 HR TOTAL      0.0   06/30 TO 06/30           06/30 TO 06/30
                                                          06/13 TO 06/13
                                                          06/13 TO 06/13
 STORM TOTAL       MM                                 MM
 (MM/DD(HH))            MM                    06/30(00) TO 06/30(00)
                                                 06/13(00) TO 06/13(00)3
                                                 06/13(00) TO 06/13(00)3

DEGREE_DAYS
HEATING TOTAL       2                22     -20       11
 SINCE 7/1       5940              5642     298     5457
COOLING TOTAL     263               190      73      208
 SINCE 1/1        392               260     132      339
....................................................

WIND (MPH)
AVERAGE WIND SPEED              7.6
RESULTANT WIND SPEED/DIRECTION   3/205
HIGHEST WIND SPEED/DIRECTION    35/240    DATE  06/24
HIGHEST GUST SPEED/DIRECTION    46/240    DATE  06/24

SKY COVER
AVERAGE SKY COVER           0.70

AVERAGE RH (PERCENT)     71

WEATHER CONDITIONS. NUMBER OF DAYS WITH
THUNDERSTORM              0     MIXED PRECIP               0
HEAVY RAIN                9     RAIN                       8
LIGHT RAIN               15     FREEZING RAIN              0
LT FREEZING RAIN          0     HAIL                       0
HEAVY SNOW                0     SNOW                       0
LIGHT SNOW                0     SLEET                      0
FOG                      20     FOG W/VIS <= 1/4 MILE      1
HAZE                     10

-  INDICATES NEGATIVE NUMBERS.
R  INDICATES RECORD WAS SET OR TIED.
MM INDICATES DATA IS MISSING.
T  INDICATES TRACE AMOUNT.

$$
