000
CXUS51 KILN 011345
CLMDAY


CLIMATE REPORT
NATIONAL WEATHER SERVICE WILMINGTON OH
944 AM EDT SAT JUL 1 2017

...................................

...THE DAYTON CLIMATE SUMMARY FOR THE MONTH OF JUNE 2017...

CLIMATE NORMAL PERIOD 1981 TO 2010
CLIMATE RECORD PERIOD 1869 TO 2017

WEATHER         OBSERVED          NORMAL  DEPART  LAST YEAR`S
                 VALUE   DATE(S)  VALUE   FROM    VALUE  DATE(S)
                                          NORMAL
................................................................
TEMPERATURE (F)
RECORD
 HIGH             102   06/28/2012
                        06/25/1988
                        06/28/1944
 LOW               40   06/05/1990
                        06/11/1972
                        06/03/1929
HIGHEST            91   06/12        81      10       92  06/26
LOWEST             48   06/08        60     -12       51  06/09
                                                          06/08
AVG. MAXIMUM     81.1              80.2     0.9     83.3
AVG. MINIMUM     60.1              60.9    -0.8     62.0
MEAN             70.6              70.6     0.0     72.7
DAYS MAX >= 90      1               1.6    -0.6        5
DAYS MAX <= 32      0               0.0     0.0        0
DAYS MIN <= 32      0               0.0     0.0        0
DAYS MIN <= 0       0               0.0     0.0        0

PRECIPITATION (INCHES)
TOTALS           7.43              4.17    3.26     3.60
DAILY AVG.       0.25              0.14    0.11     0.12
DAYS >= .01        10              11.8    -1.8        9
DAYS >= .10         6               7.3    -1.3        4
DAYS >= .50         3               2.8     0.2        3
DAYS >= 1.00        3               0.9     2.1        1
GREATEST
 24 HR. TOTAL    2.86   06/23 TO 06/23           06/10 TO 06/10
                                                          06/30 TO 06/30
                                                          06/30 TO 06/30
 STORM TOTAL       MM                                 MM
 (MM/DD(HH))            MM                    06/10(00) TO 06/10(00)
                                                 06/30(00) TO 06/30(00)0
                                                 06/30(00) TO 06/30(00)0

SNOWFALL (INCHES)
TOTALS            0.0               0.0     0.0      0.0
SINCE 7/1         8.5              23.3   -14.8     12.7
DAYS >= TRACE       0               0.0     0.0        0
DAYS >= 1.0         0               0.0     0.0        0
GREATEST
 24 HR TOTAL      0.0   06/30 TO 06/30           06/30 TO 06/30
                                                          06/30 TO 06/30
                                                          06/30 TO 06/30
 STORM TOTAL       MM                                 MM
 (MM/DD(HH))            MM                    06/30(00) TO 06/30(00)
                                                 06/30(00) TO 06/30(00)0
                                                 06/30(00) TO 06/30(00)0

DEGREE_DAYS
HEATING TOTAL      14                22      -8        4
 SINCE 7/1       4569              5642   -1073     4681
COOLING TOTAL     188               190      -2      241
 SINCE 1/1        280               260      20      320
.................................................

WIND (MPH)
AVERAGE WIND SPEED              9.6
RESULTANT WIND SPEED/DIRECTION   6/237
HIGHEST WIND SPEED/DIRECTION    36/230    DATE  06/13
HIGHEST GUST SPEED/DIRECTION    46/240    DATE  06/13

SKY COVER
AVERAGE SKY COVER           0.50

AVERAGE RH (PERCENT)     65

WEATHER CONDITIONS. NUMBER OF DAYS WITH
THUNDERSTORM              0     MIXED PRECIP               0
HEAVY RAIN                4     RAIN                       5
LIGHT RAIN               12     FREEZING RAIN              0
LT FREEZING RAIN          0     HAIL                       0
HEAVY SNOW                0     SNOW                       0
LIGHT SNOW                0     SLEET                      0
FOG                       7     FOG W/VIS <= 1/4 MILE      0
HAZE                      4

-  INDICATES NEGATIVE NUMBERS.
R  INDICATES RECORD WAS SET OR TIED.
MM INDICATES DATA IS MISSING.
T  INDICATES TRACE AMOUNT.

$$
