414
CXUS51 KILN 011016
CLMDAY


CLIMATE REPORT
NATIONAL WEATHER SERVICE WILMINGTON OH
510 AM EST MON FEB 1 2016

...................................

...THE DAYTON CLIMATE SUMMARY FOR THE MONTH OF JANUARY 2016...

CLIMATE NORMAL PERIOD 1981 TO 2010
CLIMATE RECORD PERIOD 1869 TO 2016

WEATHER         OBSERVED          NORMAL  DEPART  LAST YEAR`S
                 VALUE   DATE(S)  VALUE   FROM    VALUE  DATE(S)
                                          NORMAL
................................................................
TEMPERATURE (F)
RECORD
 HIGH              75   01/21/1906
 LOW              -25   01/19/1994
                        01/18/1994
HIGHEST            61   01/30        35      26       59  01/03
LOWEST              0   01/13        19     -19       -7  01/08
AVG. MAXIMUM     36.5              34.7     1.8     34.8
AVG. MINIMUM     19.4              20.3    -0.9     17.8
MEAN             27.9              27.5     0.4     26.3
DAYS MAX >= 90      0               0.0     0.0        0
DAYS MAX <= 32     13              12.8     0.2       11
DAYS MIN <= 32     28              26.0     2.0       29
DAYS MIN <= 0       1               2.1    -1.1        3

PRECIPITATION (INCHES)
TOTALS           1.50              2.71   -1.21     2.97
DAILY AVG.       0.05              0.09   -0.04     0.10
DAYS >= .01        10              12.6    -2.6       13
DAYS >= .10         4               5.6    -1.6        6
DAYS >= .50         1               1.4    -0.4        1
DAYS >= 1.00        0               0.3    -0.3        1
GREATEST
 24 HR. TOTAL    0.68   01/09 TO 01/10

SNOWFALL (INCHES)
TOTALS            4.8               7.9    -3.1      7.7
SINCE 7/1         5.0              13.4    -8.4     11.9
DAYS >= TRACE      12               6.3     5.7       15
DAYS >= 1.0         3               1.9     1.1        2
GREATEST
 24 HR TOTAL      1.3   01/10 TO 01/10

DEGREE_DAYS
HEATING TOTAL    1142              1164     -22     1193
 SINCE 7/1       2631              3323    -692     3322
COOLING TOTAL       0                 0       0        0
 SINCE 1/1          0                 0       0        0
......................................................

WIND (MPH)
AVERAGE WIND SPEED              11.8
RESULTANT WIND SPEED/DIRECTION   6/233
HIGHEST WIND SPEED/DIRECTION    35/300    DATE  01/10
HIGHEST GUST SPEED/DIRECTION    47/300    DATE  01/10

SKY COVER
AVERAGE SKY COVER           0.70

AVERAGE RH (PERCENT)     74

WEATHER CONDITIONS. NUMBER OF DAYS WITH
THUNDERSTORM              0     MIXED PRECIP               0
HEAVY RAIN                0     RAIN                       2
LIGHT RAIN                8     FREEZING RAIN              0
LT FREEZING RAIN          0     HAIL                       0
HEAVY SNOW                0     SNOW                       3
LIGHT SNOW               12     SLEET                      0
FOG                      19     FOG W/VIS <= 1/4 MILE      1
HAZE                      7

-  INDICATES NEGATIVE NUMBERS.
R  INDICATES RECORD WAS SET OR TIED.
MM INDICATES DATA IS MISSING.
T  INDICATES TRACE AMOUNT.

$$
