000
CXUS51 KILN 011317
CLMDAY


CLIMATE REPORT
NATIONAL WEATHER SERVICE WILMINGTON OH
912 AM EDT TUE SEP 1 2015

...................................

...THE DAYTON CLIMATE SUMMARY FOR THE MONTH OF AUGUST 2015...

CLIMATE NORMAL PERIOD 1981 TO 2010
CLIMATE RECORD PERIOD 1869 TO 2015

WEATHER         OBSERVED          NORMAL  DEPART  LAST YEAR`S
                 VALUE   DATE(S)  VALUE   FROM    VALUE  DATE(S)
                                          NORMAL
................................................................
TEMPERATURE (F)
RECORD
 HIGH             103   08/05/1918
 LOW               40   08/03/1965
                        08/28/1910
                        08/28/1894
HIGHEST            87   08/16        83       4       91  08/26
LOWEST             51   08/25        63     -12       49  08/15
AVG. MAXIMUM     80.6              82.6    -2.0     83.6
AVG. MINIMUM     60.8              62.7    -1.9     64.1
MEAN             70.7              72.7    -2.0     73.9
DAYS MAX >= 90      0               3.2    -3.2        2
DAYS MAX <= 32      0               0.0     0.0        0
DAYS MIN <= 32      0               0.0     0.0        0
DAYS MIN <= 0       0               0.0     0.0        0

PRECIPITATION (INCHES)
TOTALS           1.94              2.99   -1.05     3.06
DAILY AVG.       0.06              0.10   -0.04     0.10
DAYS >= .01         9               8.4     0.6       11
DAYS >= .10         4               4.8    -0.8        5
DAYS >= .50         1               2.0    -1.0        2
DAYS >= 1.00        0               0.9    -0.9        1
GREATEST
 24 HR. TOTAL    0.66   08/03 TO 08/03

SNOWFALL (INCHES)
TOTALS            0.0               0.0     0.0      0.0
SINCE 7/1         0.0               0.0     0.0      0.0
DAYS >= TRACE       0               0.0     0.0        0
DAYS >= 1.0         0               0.0     0.0        0
GREATEST
 24 HR TOTAL      0.0   08/31 TO 08/31

DEGREE_DAYS
HEATING TOTAL       9                 2       7        3
 SINCE 7/1          9                 2       7        7
COOLING TOTAL     193               243     -50      286
 SINCE 1/1        901               782     119      870
..................................................

WIND (MPH)
AVERAGE WIND SPEED              6.9
RESULTANT WIND SPEED/DIRECTION   2/245
HIGHEST WIND SPEED/DIRECTION    43/360    DATE  08/03
HIGHEST GUST SPEED/DIRECTION    49/010    DATE  08/03

SKY COVER
AVERAGE SKY COVER           0.50

AVERAGE RH (PERCENT)     74

WEATHER CONDITIONS. NUMBER OF DAYS WITH
THUNDERSTORM              7     MIXED PRECIP               0
HEAVY RAIN                2     RAIN                       3
LIGHT RAIN               11     FREEZING RAIN              0
LT FREEZING RAIN          0     HAIL                       0
HEAVY SNOW                0     SNOW                       0
LIGHT SNOW                0     SLEET                      0
FOG                       8     FOG W/VIS <= 1/4 MILE      1
HAZE                      3

-  INDICATES NEGATIVE NUMBERS.
R  INDICATES RECORD WAS SET OR TIED.
MM INDICATES DATA IS MISSING.
T  INDICATES TRACE AMOUNT.

$$
