000
CXUS53 KDVN 020443
CLMDBQ


CLIMATE REPORT
NATIONAL WEATHER SERVICE QUAD CITIES IA IL
1034 PM CST SUN FEB 1 2015

...................................

...THE DUBUQUE CLIMATE SUMMARY FOR THE MONTH OF JANUARY 2015...

CLIMATE NORMAL PERIOD 1981 TO 2010
CLIMATE RECORD PERIOD 1873 TO 2015

WEATHER         OBSERVED          NORMAL  DEPART
                 VALUE   DATE(S)  VALUE   FROM
                                          NORMAL
................................................
TEMPERATURE (F)
RECORD
 HIGH              63   01/01/1897
 LOW              -32   01/07/1887
HIGHEST            43   01/24        28      15
LOWEST            -15   01/08        11     -26
AVG. MAXIMUM     27.6              26.7     0.9
AVG. MINIMUM     11.3              11.2     0.1
MEAN             19.5              19.0     0.5
DAYS MAX >= 90      0               0.0     0.0
DAYS MAX <= 32     18              20.2    -2.2
DAYS MIN <= 32     31              30.0     1.0
DAYS MIN <= 0       9               6.7     2.3

PRECIPITATION (INCHES)
RECORD
 MAXIMUM         6.04   1960
 MINIMUM         0.11   1925
TOTALS           0.93              1.17   -0.24
DAILY AVG.       0.03              0.04   -0.01
DAYS >= .01        10               8.7     1.3
DAYS >= .10         3
DAYS >= .50         0
DAYS >= 1.00        0               0.0     0.0
GREATEST
 24 HR. TOTAL    0.32   01/31 TO 01/31

SNOWFALL (INCHES)
RECORDS
 TOTAL           34.3   1929
TOTALS           10.7              10.0     0.7
SINCE 7/1        14.2              24.6   -10.4
SNOWDEPTH AVG.      2
DAYS >= TRACE      13               7.2     5.8
DAYS >= 1.0         4               3.3     0.7
GREATEST
 SNOW DEPTH         4   01/11
                        01/10
                        01/09
 24 HR TOTAL      2.8   01/31 TO 01/31

DEGREE_DAYS
HEATING TOTAL    1402              1427     -25
 SINCE 7/1       4328              4237      91
COOLING TOTAL       0                 0       0
 SINCE 1/1          0                 0       0
.................................................

WIND (MPH)
AVERAGE WIND SPEED              10.6
HIGHEST WIND SPEED/DIRECTION    36/310    DATE  01/08
HIGHEST GUST SPEED/DIRECTION    44/310    DATE  01/08

SKY COVER
POSSIBLE SUNSHINE (PERCENT)   MM
AVERAGE SKY COVER           0.50
NUMBER OF DAYS FAIR           12
NUMBER OF DAYS PC             11
NUMBER OF DAYS CLOUDY          8

AVERAGE RH (PERCENT)     78

WEATHER CONDITIONS. NUMBER OF DAYS WITH
THUNDERSTORM              0     HAIL                       0
SLEET                     0     FOG                       24
FOG W/VIS <= 1/4 MILE     6     HAZE                      14

-  INDICATES NEGATIVE NUMBERS.
R  INDICATES RECORD WAS SET OR TIED.
MM INDICATES DATA IS MISSING.
T  INDICATES TRACE AMOUNT.

$$

NOTE: SUPPLEMENTAL CLIMATE DATA WAS USED FROM A NEARBY
CLIMATOLOGICALLY REPRESENTATIVE STATION.
