000
CXUS53 KDVN 011521
CLMDBQ


CLIMATE REPORT
NATIONAL WEATHER SERVICE QUAD CITIES IA IL
1019 AM CDT SAT JUL 1 2017

...................................

...THE DUBUQUE CLIMATE SUMMARY FOR THE MONTH OF JUNE 2017...

CLIMATE NORMAL PERIOD 1981 TO 2010
CLIMATE RECORD PERIOD 1873 TO 2017

WEATHER         OBSERVED          NORMAL  DEPART
                 VALUE   DATE(S)  VALUE   FROM
                                          NORMAL
................................................
TEMPERATURE (F)
RECORD
 HIGH             104   06/28/1934
 LOW               36   06/11/1972
HIGHEST            92   06/13        82      10
LOWEST             45   06/01        54      -9
AVG. MAXIMUM     80.7              78.5     2.2
AVG. MINIMUM     58.5              58.1     0.4
MEAN             69.6              68.3     1.3
DAYS MAX >= 90      2               1.2     0.8
DAYS MAX <= 32      0               0.0     0.0
DAYS MIN <= 32      0               0.0     0.0
DAYS MIN <= 0       0               0.0     0.0

PRECIPITATION (INCHES)
RECORD
 MAXIMUM        14.16   1892
 MINIMUM         0.70   1988
TOTALS           3.06              4.40   -1.34
DAILY AVG.       0.10              0.15   -0.05
DAYS >= .01        11              11.3    -0.3
DAYS >= .10         3
DAYS >= .50         2
DAYS >= 1.00        1               1.2    -0.2
GREATEST
 24 HR. TOTAL    1.26   06/28 TO 06/28

SNOWFALL (INCHES)
RECORDS
 TOTAL             MM   MM
TOTALS            0.0               0.0     0.0
SINCE 7/1        27.2              41.9   -14.7
SNOWDEPTH AVG.      0
DAYS >= TRACE       0               0.0     0.0
DAYS >= 1.0         0               0.0     0.0
GREATEST
 SNOW DEPTH         0   MM
 24 HR TOTAL      0.0   06/30 TO 06/30

DEGREE_DAYS
HEATING TOTAL      26                40     -14
 SINCE 7/1       6078              7086   -1008
COOLING TOTAL     171               139      32
 SINCE 1/1        195               176      19
.................................................

WIND (MPH)
AVERAGE WIND SPEED              9.8
HIGHEST WIND SPEED/DIRECTION    48/200    DATE  06/28
HIGHEST GUST SPEED/DIRECTION    61/200    DATE  06/28

SKY COVER
POSSIBLE SUNSHINE (PERCENT)   MM
AVERAGE SKY COVER           0.20
NUMBER OF DAYS FAIR           24
NUMBER OF DAYS PC              4
NUMBER OF DAYS CLOUDY          0

AVERAGE RH (PERCENT)     65

WEATHER CONDITIONS. NUMBER OF DAYS WITH
THUNDERSTORM             11     HAIL                       0
SLEET                     0     FOG                        8
FOG W/VIS <= 1/4 MILE     0     HAZE                       2

-  INDICATES NEGATIVE NUMBERS.
R  INDICATES RECORD WAS SET OR TIED.
MM INDICATES DATA IS MISSING.
T  INDICATES TRACE AMOUNT.

$$
