000
CXUS53 KDVN 011436
CLMDBQ


CLIMATE REPORT
NATIONAL WEATHER SERVICE QUAD CITIES IA IL
921 AM CDT WED JUL 1 2015

...................................

...THE DUBUQUE CLIMATE SUMMARY FOR THE MONTH OF JUNE 2015...

CLIMATE NORMAL PERIOD 1981 TO 2010
CLIMATE RECORD PERIOD 1873 TO 2015

WEATHER         OBSERVED          NORMAL  DEPART
                 VALUE   DATE(S)  VALUE   FROM
                                          NORMAL
................................................
TEMPERATURE (F)
RECORD
 HIGH             104   06/28/1934
 LOW               36   06/11/1972
HIGHEST            90   06/09        82       8
LOWEST             42   06/01        54     -12
AVG. MAXIMUM     77.2              78.5    -1.3
AVG. MINIMUM     58.6              58.1     0.5
MEAN             67.9              68.3    -0.4
DAYS MAX >= 90      1               1.2    -0.2
DAYS MAX <= 32      0               0.0     0.0
DAYS MIN <= 32      0               0.0     0.0
DAYS MIN <= 0       0               0.0     0.0

PRECIPITATION (INCHES)
RECORD
 MAXIMUM        14.16   1892
 MINIMUM         0.70   1988
TOTALS           8.34              4.40    3.94
DAILY AVG.       0.28              0.15    0.13
DAYS >= .01        12              11.3     0.7
DAYS >= .10        10
DAYS >= .50         6
DAYS >= 1.00        2               1.2     0.8
GREATEST
 24 HR. TOTAL    2.74   06/11 TO 06/12

SNOWFALL (INCHES)
RECORDS
 TOTAL             MM   MM
TOTALS              T               0.0     0.0
SINCE 7/1        33.7              41.9    -8.2
SNOWDEPTH AVG.      0
DAYS >= TRACE       1               0.0     1.0
DAYS >= 1.0         0               0.0     0.0
GREATEST
 SNOW DEPTH         0   MM
 24 HR TOTAL        T   06/22 TO 06/22

DEGREE_DAYS
HEATING TOTAL      23                40     -17
 SINCE 7/1       7409              7086     323
COOLING TOTAL     119               139     -20
 SINCE 1/1        155               176     -21
.................................................

WIND (MPH)
AVERAGE WIND SPEED              7.7
HIGHEST WIND SPEED/DIRECTION    52/270    DATE  06/22
HIGHEST GUST SPEED/DIRECTION    72/260    DATE  06/22

SKY COVER
POSSIBLE SUNSHINE (PERCENT)   MM
AVERAGE SKY COVER           0.40
NUMBER OF DAYS FAIR           17
NUMBER OF DAYS PC              9
NUMBER OF DAYS CLOUDY          4

AVERAGE RH (PERCENT)     75

WEATHER CONDITIONS. NUMBER OF DAYS WITH
THUNDERSTORM              8     HAIL                       1
SLEET                     0     FOG                       21
FOG W/VIS <= 1/4 MILE     6     HAZE                       4

-  INDICATES NEGATIVE NUMBERS.
R  INDICATES RECORD WAS SET OR TIED.
MM INDICATES DATA IS MISSING.
T  INDICATES TRACE AMOUNT.

$$
