000
CXUS53 KDVN 152038 CCA
CLMDBQ

CLIMATE REPORT...CORRECTION
NATIONAL WEATHER SERVICE QUAD CITIES IA IL
338 PM CDT MON AUG 15 2016

...CORRECTED RECORD LOW...

...................................

...THE DUBUQUE CLIMATE SUMMARY FOR THE MONTH OF JULY 2016...

CLIMATE NORMAL PERIOD 1981 TO 2010
CLIMATE RECORD PERIOD 1873 TO 2016

WEATHER         OBSERVED          NORMAL  DEPART
                 VALUE   DATE(S)  VALUE   FROM
                                          NORMAL
................................................
TEMPERATURE (F)
RECORD
 HIGH             110   07/14/1936
 LOW               40   07/09/1895
HIGHEST            91   07/21        82       9
LOWEST             52   07/16        62     -10
AVG. MAXIMUM     80.5              81.9    -1.4
AVG. MINIMUM     63.7              62.1     1.6
MEAN             72.1              72.0     0.1
DAYS MAX >= 90      1               2.9    -1.9
DAYS MAX <= 32      0               0.0     0.0
DAYS MIN <= 32      0               0.0     0.0
DAYS MIN <= 0       0               0.0     0.0

PRECIPITATION (INCHES)
RECORD
 MAXIMUM        16.01   2011
 MINIMUM         0.02   1894
TOTALS           7.17              4.31    2.86
DAILY AVG.       0.23              0.14    0.09
DAYS >= .01        13               9.9     3.1
DAYS >= .10         9
DAYS >= .50         5
DAYS >= 1.00        3               1.1     1.9
GREATEST
 24 HR. TOTAL    1.88   07/05 TO 07/06

SNOWFALL (INCHES)
RECORDS
 TOTAL            0.0
TOTALS            0.0               0.0     0.0
SINCE 7/1         0.0               0.0     0.0
SNOWDEPTH AVG.      0
DAYS >= TRACE       0               0.0     0.0
DAYS >= 1.0         0               0.0     0.0
GREATEST
 SNOW DEPTH         0   MM
 24 HR TOTAL      0.0   07/31 TO 07/31

DEGREE_DAYS
HEATING TOTAL       5                 8      -3
 SINCE 7/1          5                 8      -3
COOLING TOTAL     225               224       1
 SINCE 1/1        450               400      50
.................................................

WIND (MPH)
AVERAGE WIND SPEED              7.6
HIGHEST WIND SPEED/DIRECTION    33/140    DATE  07/12
HIGHEST GUST SPEED/DIRECTION    46/270    DATE  07/06

SKY COVER
POSSIBLE SUNSHINE (PERCENT)   MM
AVERAGE SKY COVER           0.30
NUMBER OF DAYS FAIR           21
NUMBER OF DAYS PC              8
NUMBER OF DAYS CLOUDY          2

AVERAGE RH (PERCENT)     79

WEATHER CONDITIONS. NUMBER OF DAYS WITH
THUNDERSTORM             11     HAIL                       0
SLEET                     0     FOG                       20
FOG W/VIS <= 1/4 MILE     3     HAZE                       0

-  INDICATES NEGATIVE NUMBERS.
R  INDICATES RECORD WAS SET OR TIED.
MM INDICATES DATA IS MISSING.
T  INDICATES TRACE AMOUNT.

$$
