000
CXUS51 KALY 011308
CLMDDH


CLIMATE REPORT
NATIONAL WEATHER SERVICE ALBANY NY
905 AM EDT SAT APR 1 2017

...................................

...THE BENNINGTON VT CLIMATE SUMMARY FOR THE MONTH OF MARCH 2017...

CLIMATE NORMAL PERIOD 1981 TO 2010
CLIMATE RECORD PERIOD 9999 TO 9999

WEATHER         OBSERVED          NORMAL  DEPART  LAST YEAR`S
                 VALUE   DATE(S)  VALUE   FROM    VALUE  DATE(S)
                                          NORMAL
................................................................
TEMPERATURE (F)
HIGHEST            68   03/01                         77  03/09
LOWEST              1   03/12                         12  03/03
                        03/05
AVG. MAXIMUM     38.4              43.8    -5.4     52.0
AVG. MINIMUM     19.8              22.7    -2.9     28.4
MEAN             29.1              33.3    -4.2     40.2
DAYS MAX >= 90      0               0.0     0.0        0
DAYS MAX <= 32      9               4.0     5.0        1
DAYS MIN <= 32     25              25.8    -0.8       20
DAYS MIN <= 0       0               0.6    -0.6        0

PRECIPITATION (INCHES)
TOTALS           3.11              3.15   -0.04     2.46
DAILY AVG.       0.10              0.10    0.00     0.08
DAYS >= .01        11                                 11
DAYS >= .10         6                                  8
DAYS >= .50         2                                  1
DAYS >= 1.00        1                                  0
GREATEST
 24 HR. TOTAL    1.02   03/31 TO 03/31

DEGREE_DAYS
HEATING TOTAL    1106               984     122      764
 SINCE 7/1       5641              6235    -594     5097
COOLING TOTAL       0                 0       0        0
 SINCE 1/1          0                 0       0        0

FREEZE DATES
EARLIEST                        10/01
LATEST                          05/10
.................................................................

WIND (MPH)
AVERAGE WIND SPEED              7.1
HIGHEST WIND SPEED/DIRECTION    29/270    DATE  03/11
HIGHEST GUST SPEED/DIRECTION    43/290    DATE  03/02

SKY COVER
AVERAGE SKY COVER           0.50

AVERAGE RH (PERCENT)     58

WEATHER CONDITIONS. NUMBER OF DAYS WITH
THUNDERSTORM              0     MIXED PRECIP               0
HEAVY RAIN                2     RAIN                       3
LIGHT RAIN               10     FREEZING RAIN              1
LT FREEZING RAIN          1     HAIL                       0
HEAVY SNOW                1     SNOW                       2
LIGHT SNOW                9     SLEET                      0
FOG                      11     FOG W/VIS <= 1/4 MILE      4
HAZE                      5

-  INDICATES NEGATIVE NUMBERS.
R  INDICATES RECORD WAS SET OR TIED.
MM INDICATES DATA IS MISSING.
T  INDICATES TRACE AMOUNT.

$$
