000
CXUS53 KILX 011402
CLMDEC


CLIMATE REPORT
NATIONAL WEATHER SERVICE LINCOLN IL
843 AM CDT FRI AUG 1 2014

...................................

...THE DECATUR IL AIRPORT CLIMATE SUMMARY FOR THE MONTH OF JULY 2014...

CLIMATE NORMAL PERIOD 1981 TO 2010
CLIMATE RECORD PERIOD 9999 TO 9999

WEATHER         OBSERVED          NORMAL  DEPART  LAST YEAR`S
                 VALUE   DATE(S)  VALUE   FROM    VALUE
                                          NORMAL
.............................................................
TEMPERATURE (F)
RECORD
 HIGH              MM   MM
 LOW               MM   MM
HIGHEST            89   07/07        MM      MM       93
LOWEST             53   07/19        MM      MM       51
                        07/05
AVG. MAXIMUM     80.9              86.5    -5.6     82.5
AVG. MINIMUM     60.9              65.0    -4.1     63.7
MEAN             71.0              75.7    -4.7     73.1
DAYS MAX >= 90      0               8.5    -8.5        6
DAYS MAX <= 32      0               0.0     0.0        0
DAYS MIN <= 32      0               0.0     0.0        0
DAYS MIN <= 0       0               0.0     0.0        0

PRECIPITATION (INCHES)
RECORD
 MAXIMUM           MM   MM
 MINIMUM           MM   MM
TOTALS           2.44              3.86   -1.42     3.09
DAILY AVG.       0.08              0.12   -0.04     0.10
DAYS >= .01         9                MM      MM        9
DAYS >= .10         8                MM      MM        5
DAYS >= .50         2                MM      MM        2
DAYS >= 1.00        0                MM      MM        1
GREATEST
 24 HR. TOTAL    0.58   07/13 TO 07/13              1.78
                        07/12 TO 07/13
                        07/13 TO 07/13

DEGREE_DAYS
HEATING TOTAL       2                 1       1        4
 SINCE 7/1          2                 1       1        4
COOLING TOTAL     183               333    -150      263
 SINCE 1/1        604               649     -45      617
..............................................................

WIND (MPH)
AVERAGE WIND SPEED              7.3
HIGHEST WIND SPEED/DIRECTION    36/330    DATE  07/14
HIGHEST GUST SPEED/DIRECTION    47/330    DATE  07/14

SKY COVER
POSSIBLE SUNSHINE (PERCENT)   MM
AVERAGE SKY COVER           0.30
NUMBER OF DAYS FAIR           23
NUMBER OF DAYS PC              7
NUMBER OF DAYS CLOUDY          0

AVERAGE RH (PERCENT)     71

WEATHER CONDITIONS. NUMBER OF DAYS WITH
THUNDERSTORM              0     MIXED PRECIP               0
HEAVY RAIN                3     RAIN                       5
LIGHT RAIN               12     FREEZING RAIN              0
LT FREEZING RAIN          0     HAIL                       0
HEAVY SNOW                0     SNOW                       0
LIGHT SNOW                0     SLEET                      0
FOG                      15     FOG W/VIS <= 1/4 MILE      1
HAZE                      3

-  INDICATES NEGATIVE NUMBERS.
R  INDICATES RECORD WAS SET OR TIED.
MM INDICATES DATA IS MISSING.
T  INDICATES TRACE AMOUNT.

$$
