000
CXUS54 KFWD 010834
CLMDFW


CLIMATE REPORT
NATIONAL WEATHER SERVICE FORT WORTH TX
332 AM CDT WED JUL 1 2015

...................................

...THE DALLAS FORT WORTH CLIMATE SUMMARY FOR THE MONTH OF JUNE 2015...

CLIMATE NORMAL PERIOD 1981 TO 2010
CLIMATE RECORD PERIOD 1898 TO 2015

WEATHER         OBSERVED          NORMAL  DEPART  LAST YEAR`S
                 VALUE   DATE(S)  VALUE   FROM    VALUE  DATE(S)
                                          NORMAL
................................................................
TEMPERATURE (F)
RECORD
 HIGH             113   06/27/1980
                        06/26/1980
 LOW               48   06/01/1903
HIGHEST            97   06/10        99      -2       96  06/18
                                                          06/16
                                                          06/07
LOWEST             59   06/01        61      -2       65  06/11
                                                          06/09
AVG. MAXIMUM     91.5              91.3     0.2     91.2
AVG. MINIMUM     72.7              71.4     1.3     73.5
MEAN             82.1              81.3     0.8     82.4
DAYS MAX >= 90     23              19.4     3.6       21
DAYS MAX <= 32      0               0.0     0.0        0
DAYS MAX >= 100     0                                  0
DAYS MIN <= 32      0               0.0     0.0        0
DAYS MIN <= 0       0               0.0     0.0        0
DAYS MIN >= 80      0                                  0

PRECIPITATION (INCHES)
RECORD
 MAXIMUM        11.58   1928
 MINIMUM            T   1952
                        1934
TOTALS           3.95              3.79    0.16     3.26
DAILY AVG.       0.13              0.13    0.00     0.11
DAYS >= .01         7               8.0    -1.0        8
DAYS >= .10         4               5.8    -1.8        4
DAYS >= .50         2               2.8    -0.8        4
DAYS >= 1.00        2               1.1     0.9        1
GREATEST
 24 HR. TOTAL    2.21   06/17 TO 06/17              1.08
                        06/17 TO 06/18

DEGREE_DAYS
HEATING TOTAL       0                 0       0        0
 SINCE 7/1       2399              2284     115     2603
COOLING TOTAL     520               491      29      527
 SINCE 1/1        839               913     -74     1003
.................................................................

WIND (MPH)
AVERAGE WIND SPEED              9.6
HIGHEST WIND SPEED/DIRECTION    40/010    DATE  06/26
HIGHEST GUST SPEED/DIRECTION    48/200    DATE  06/17

SKY COVER
POSSIBLE SUNSHINE (PERCENT)   MM
AVERAGE SKY COVER           0.50
NUMBER OF DAYS FAIR            8
NUMBER OF DAYS PC             17
NUMBER OF DAYS CLOUDY          5

AVERAGE RH (PERCENT)     64

WEATHER CONDITIONS. NUMBER OF DAYS WITH
THUNDERSTORM              7     MIXED PRECIP               0
HEAVY RAIN                3     RAIN                       5
LIGHT RAIN               10     FREEZING RAIN              0
LT FREEZING RAIN          0     HAIL                       0
HEAVY SNOW                0     SNOW                       0
LIGHT SNOW                0     SLEET                      0
FOG                       5     FOG W/VIS <= 1/4 MILE      0
HAZE                      0

-  INDICATES NEGATIVE NUMBERS.
R  INDICATES RECORD WAS SET OR TIED.
MM INDICATES DATA IS MISSING.
T  INDICATES TRACE AMOUNT.

$$
