705
CXUS54 KFWD 010841
CLMDFW


CLIMATE REPORT
NATIONAL WEATHER SERVICE FORT WORTH TX
237 AM CST THU DEC 1 2016

...................................

...THE DALLAS FORT WORTH CLIMATE SUMMARY FOR THE MONTH OF NOVEMBER 2016...

CLIMATE NORMAL PERIOD 1981 TO 2010
CLIMATE RECORD PERIOD 1898 TO 2016

WEATHER         OBSERVED          NORMAL  DEPART  LAST YEAR`S
                 VALUE   DATE(S)  VALUE   FROM    VALUE  DATE(S)
                                          NORMAL
................................................................
TEMPERATURE (F)
RECORD
 HIGH              89   11/05/2005
                        11/14/1989
                        11/06/1989
 LOW               19   11/11/1950
HIGHEST            88   11/01        83       5       83  11/11
LOWEST             37   11/20        29       8       30  11/22
AVG. MAXIMUM     72.9              66.9     6.0     67.8
AVG. MINIMUM     54.1              46.2     7.9     49.6
MEAN             63.5              56.6     6.9     58.7
DAYS MAX >= 90      0               0.1    -0.1        0
DAYS MAX <= 32      0               0.0     0.0        0
DAYS MAX >= 100     0                                  0
DAYS MIN <= 32      0               1.8    -1.8        1
DAYS MIN <= 0       0               0.0     0.0        0
DAYS MIN >= 80      0                                  0

PRECIPITATION (INCHES)
RECORD
 MAXIMUM         9.86   2015
 MINIMUM         0.00   1903
TOTALS           3.22              2.71    0.51     9.86
DAILY AVG.       0.11              0.09    0.02     0.33
DAYS >= .01         7               6.4     0.6       11
DAYS >= .10         5               4.4     0.6        9
DAYS >= .50         3               1.8     1.2        5
DAYS >= 1.00        1               0.8     0.2        2
GREATEST
 24 HR. TOTAL    1.25   11/07 TO 11/08              4.78

SNOWFALL (INCHES)
RECORDS
 TOTAL            5.0   1976
                        1937
 24 HR TOTAL      5.0   11/13/1976 TO 11/14/1976
                        11/22/1937 TO 11/22/1937
TOTALS            0.0                 T     0.0      0.0
SINCE 7/1         0.0                 T     0.0      0.0
SNOWDEPTH AVG.      0                MM      MM        0
DAYS >= TRACE       0                                  0
DAYS >= 1.0         0               0.0     0.0        0
GREATEST
 SNOW DEPTH         0   MM                             0  MM
 24 HR TOTAL      0.0                                0.0

DEGREE_DAYS
HEATING TOTAL     101               282    -181      210
 SINCE 7/1        102               354    -252      215
COOLING TOTAL      64                29      35       25
 SINCE 1/1       3207              2752     455     3001
.................................................................

WIND (MPH)
AVERAGE WIND SPEED              9.6
HIGHEST WIND SPEED/DIRECTION    32/250    DATE  11/28
HIGHEST GUST SPEED/DIRECTION    40/240    DATE  11/28

SKY COVER
POSSIBLE SUNSHINE (PERCENT)   MM
AVERAGE SKY COVER           0.50
NUMBER OF DAYS FAIR            9
NUMBER OF DAYS PC              9
NUMBER OF DAYS CLOUDY         12

AVERAGE RH (PERCENT)     62

WEATHER CONDITIONS. NUMBER OF DAYS WITH
THUNDERSTORM              4     MIXED PRECIP               0
HEAVY RAIN                4     RAIN                       5
LIGHT RAIN               11     FREEZING RAIN              0
LT FREEZING RAIN          0     HAIL                       0
HEAVY SNOW                0     SNOW                       0
LIGHT SNOW                0     SLEET                      0
FOG                      10     FOG W/VIS <= 1/4 MILE      0
HAZE                     10

-  INDICATES NEGATIVE NUMBERS.
R  INDICATES RECORD WAS SET OR TIED.
MM INDICATES DATA IS MISSING.
T  INDICATES TRACE AMOUNT.

$$
