131
CXUS53 KDDC 011529
CLMDGC


CLIMATE REPORT
NATIONAL WEATHER SERVICE DODGE CITY KS
915 AM CST THU DEC 1 2016

...................................

...THE DODGE CITY KS CLIMATE SUMMARY FOR THE MONTH OF NOVEMBER 2016...

CLIMATE NORMAL PERIOD 1981 TO 2010
CLIMATE RECORD PERIOD 1875 TO 2016

WEATHER         OBSERVED          NORMAL  DEPART  LAST YEAR`S
                 VALUE   DATE(S)  VALUE   FROM    VALUE  DATE(S)
                                          NORMAL
................................................................
TEMPERATURE (F)
RECORD
 HIGH              91   11/08/1980
 LOW              -13   11/27/1887
HIGHEST            87   11/16        55      32       79  11/03
LOWEST             14   11/19        31     -17       20  11/27
AVG. MAXIMUM     64.3              55.9     8.4     56.5
AVG. MINIMUM     35.3              30.3     5.0     32.8
MEAN             49.8              43.1     6.7     44.7
DAYS MAX >= 90      0               0.0     0.0        0
DAYS MAX <= 32      0               1.2    -1.2        3
DAYS MIN <= 32     13              17.4    -4.4       15
DAYS MIN <= 0       0               0.0     0.0        0

PRECIPITATION (INCHES)
RECORD
 MAXIMUM         5.81   1909
 MINIMUM         0.00   1989
                        1966
                        1965
TOTALS           0.37              0.76   -0.39     1.97
DAYS >= .01         4               4.5    -0.5       10
DAYS >= .10         2               1.6     0.4        4
DAYS >= .50         0               0.4    -0.4        2
DAYS >= 1.00        0               0.2    -0.2        0
GREATEST
 24 HR. TOTAL    0.16   11/07 TO 11/07           11/16 TO 11/17

SNOWFALL (INCHES)
RECORDS
 TOTAL           16.8   1929
 24 HR TOTAL     12.1   11/24/1992
 SNOW DEPTH        14   11/25/1992
                        11/26/1992
TOTALS            0.0               1.8    -1.8      1.1
SINCE 7/1         0.0               2.2    -2.2      1.1
SNOWDEPTH AVG.      0                MM      MM        0
DAYS >= 1.0         0               0.5    -0.5        0
GREATEST
 SNOW DEPTH         0   MM                             1  11/30
                                                          11/29
                                                          11/28
 24 HR TOTAL      0.0   11/30 TO 11/30           11/27 TO 11/27

DEGREE_DAYS
HEATING TOTAL     448               658    -210      604
 SINCE 7/1        596              1014    -418      830
COOLING TOTAL       0                 1      -1        0
 SINCE 1/1       1580              1463     117     1512
........................................................

WIND (MPH)
AVERAGE WIND SPEED              12.1
RESULTANT WIND SPEED/DIRECTION   3/252
HIGHEST WIND SPEED/DIRECTION    39/220    DATE  11/27
HIGHEST GUST SPEED/DIRECTION    53/220    DATE  11/27

SKY COVER
POSSIBLE SUNSHINE (PERCENT)   MM
AVERAGE SKY COVER           0.10
NUMBER OF DAYS FAIR           25
NUMBER OF DAYS PC              3
NUMBER OF DAYS CLOUDY          2


WEATHER CONDITIONS. NUMBER OF DAYS WITH
THUNDERSTORM              1     MIXED PRECIP               0
HEAVY RAIN                1     RAIN                       2
LIGHT RAIN                4     FREEZING RAIN              0
LT FREEZING RAIN          0     HAIL                       0
HEAVY SNOW                0     SNOW                       0
LIGHT SNOW                0     SLEET                      0
FOG                       6     FOG W/VIS <= 1/4 MILE      0
HAZE                      5

-  INDICATES NEGATIVE NUMBERS.
R  INDICATES RECORD WAS SET OR TIED.
MM INDICATES DATA IS MISSING.
T  INDICATES TRACE AMOUNT.

$$
